000
CDUS41 KBGM 300632
CLIAVP


CLIMATE REPORT
NATIONAL WEATHER SERVICE BINGHAMTON NY
232 AM EDT SAT MAY 30 2015


...................................

...THE AVOCA PA CLIMATE SUMMARY FOR MAY 29 2015...

CLIMATE NORMAL PERIOD 1981 TO 2010
CLIMATE RECORD PERIOD 1901 TO 2015


WEATHER ITEM   OBSERVED TIME   RECORD YEAR NORMAL DEPARTURE LAST
                VALUE   (LST)  VALUE       VALUE  FROM      YEAR
                                                  NORMAL
..................................................................
TEMPERATURE (F)
 YESTERDAY
  MAXIMUM         85    432 PM  91    1969  73     12       60
                                      1931
  MINIMUM         54    511 AM  36    2008  51      3       52
  AVERAGE         70                        62      8       56

PRECIPITATION (IN)
  YESTERDAY        0.00          1.62 1990   0.12  -0.12     0.00
  MONTH TO DATE    1.25                      3.27  -2.02     2.75
  SINCE MAR 1      6.09                      9.15  -3.06     7.83
  SINCE JAN 1      9.09                     13.55  -4.46    12.71

SNOWFALL (IN)
  YESTERDAY        0.0           0.0    MM   0.0    0.0      0.0
  MONTH TO DATE    0.0                       0.3   -0.3      0.0
  SINCE MAR 1      9.0                      12.6   -3.6      3.1
  SINCE JUL 1     51.4                      46.5    4.9     58.9

DEGREE DAYS
 HEATING
  YESTERDAY        0                         4     -4        9
  MONTH TO DATE  100                       220   -120      143
  SINCE MAR 1   1547                      1587    -40     1684
  SINCE JUL 1   6244                      6193     51     6507

 COOLING
  YESTERDAY        5                         2      3        0
  MONTH TO DATE  130                        27    103       34
  SINCE MAR 1    130                        33     97       41
  SINCE JAN 1    130                        33     97       41
..................................................................


WIND (MPH)
  HIGHEST WIND SPEED    10   HIGHEST WIND DIRECTION     S (190)
  HIGHEST GUST SPEED    15   HIGHEST GUST DIRECTION     W (260)
  AVERAGE WIND SPEED     4.6


SKY COVER
  AVERAGE SKY COVER 0.1



RELATIVE HUMIDITY (PERCENT)
 HIGHEST    86           100 AM
 LOWEST     32           300 PM
 AVERAGE    59

..........................................................


THE AVOCA PA CLIMATE NORMALS FOR TODAY
                         NORMAL    RECORD    YEAR
 MAXIMUM TEMPERATURE (F)   73        93      2006
 MINIMUM TEMPERATURE (F)   52        37      1996


SUNRISE AND SUNSET
MAY 30 2015...........SUNRISE   533 AM EDT   SUNSET   828 PM EDT
MAY 31 2015...........SUNRISE   533 AM EDT   SUNSET   829 PM EDT


-  INDICATES NEGATIVE NUMBERS.
R  INDICATES RECORD WAS SET OR TIED.
MM INDICATES DATA IS MISSING.
T  INDICATES TRACE AMOUNT.




$$
