000
CDUS41 KBGM 262217
CLIAVP


CLIMATE REPORT
NATIONAL WEATHER SERVICE BINGHAMTON NY
516 PM EST FRI DEC 26 2014


...................................

...THE AVOCA PA CLIMATE SUMMARY FOR DECEMBER 26 2014...
VALID TODAY AS OF 0500 PM LOCAL TIME.

CLIMATE NORMAL PERIOD 1981 TO 2010
CLIMATE RECORD PERIOD 1901 TO 2014


WEATHER ITEM   OBSERVED TIME   RECORD YEAR NORMAL DEPARTURE LAST
                VALUE   (LST)  VALUE       VALUE  FROM      YEAR
                                                  NORMAL
..................................................................
TEMPERATURE (F)
 TODAY
  MAXIMUM         45    404 PM  60    1964  35     10       31
                                      1936
  MINIMUM         32    735 AM  -2    1983  21     11       22
  AVERAGE         39                        28     11       27

PRECIPITATION (IN)
  TODAY            0.00          1.22 1957   0.08  -0.08     0.06
  MONTH TO DATE    2.77                      2.32   0.45     2.42
  SINCE DEC 1      2.77                      2.32   0.45     2.42
  SINCE JAN 1     31.04                     37.90  -6.86    26.65

SNOWFALL (IN)
  TODAY            0.0          10.3  1969   0.4   -0.4      0.8
  MONTH TO DATE    4.4                       5.7   -1.3     10.0
  SINCE DEC 1      4.4                       5.7   -1.3     10.0
  SINCE JUL 1     13.3                       8.7    4.6     12.7

DEGREE DAYS
 HEATING
  TODAY           26                        37    -11       38
  MONTH TO DATE  747                       875   -128      866
  SINCE DEC 1    747                       875   -128      866
  SINCE JUL 1   1937                      2188   -251     2142

 COOLING
  TODAY            0                         0      0        0
  MONTH TO DATE    0                         0      0        0
  SINCE DEC 1      0                         0      0        0
  SINCE JAN 1    686                       580    106      795
..................................................................


WIND (MPH)
  HIGHEST WIND SPEED    13   HIGHEST WIND DIRECTION     S (200)
  HIGHEST GUST SPEED    19   HIGHEST GUST DIRECTION    SW (210)
  AVERAGE WIND SPEED     7.0


SKY COVER
  AVERAGE SKY COVER 0.1


WEATHER CONDITIONS
 THE FOLLOWING WEATHER WAS RECORDED TODAY.
  NO SIGNIFICANT WEATHER WAS OBSERVED.


RELATIVE HUMIDITY (PERCENT)
 HIGHEST    78           700 AM
 LOWEST     49           400 PM
 AVERAGE    64

..........................................................


THE AVOCA PA CLIMATE NORMALS FOR TOMORROW
                         NORMAL    RECORD    YEAR
 MAXIMUM TEMPERATURE (F)   34        57      1949
                                             1936
 MINIMUM TEMPERATURE (F)   21        -3      1914


SUNRISE AND SUNSET
DECEMBER 26 2014......SUNRISE   728 AM EST   SUNSET   440 PM EST
DECEMBER 27 2014......SUNRISE   728 AM EST   SUNSET   440 PM EST


-  INDICATES NEGATIVE NUMBERS.
R  INDICATES RECORD WAS SET OR TIED.
MM INDICATES DATA IS MISSING.
T  INDICATES TRACE AMOUNT.




$$
