000
CDUS41 KBGM 230548
CLIAVP


CLIMATE REPORT
NATIONAL WEATHER SERVICE BINGHAMTON NY
147 AM EDT TUE SEP 23 2014


...................................

...THE AVOCA PA CLIMATE SUMMARY FOR SEPTEMBER 22 2014...

CLIMATE NORMAL PERIOD 1981 TO 2010
CLIMATE RECORD PERIOD 1901 TO 2014


WEATHER ITEM   OBSERVED TIME   RECORD YEAR NORMAL DEPARTURE LAST
                VALUE   (LST)  VALUE       VALUE  FROM      YEAR
                                                  NORMAL
..................................................................
TEMPERATURE (F)
 YESTERDAY
  MAXIMUM         62   1233 AM  94    1931  70     -8       63
  MINIMUM         46   1159 PM  31    1904  50     -4       50
  AVERAGE         54                        60     -6       57

PRECIPITATION (IN)
  YESTERDAY        0.00          1.31 1992   0.14  -0.14     0.00
  MONTH TO DATE    0.68                      2.95  -2.27     1.57
  SINCE SEP 1      0.68                      2.95  -2.27     1.57
  SINCE JAN 1     22.24                     27.98  -5.74    19.92

SNOWFALL (IN)
  YESTERDAY        0.0           T    1992   0.0    0.0      0.0
  MONTH TO DATE    0.0                       0.0    0.0      0.0
  SINCE SEP 1      0.0                       0.0    0.0      0.0
  SINCE JUL 1      0.0                       0.0    0.0      0.0

DEGREE DAYS
 HEATING
  YESTERDAY       11                         6      5        8
  MONTH TO DATE   80                        75      5       98
  SINCE SEP 1     80                        75      5       98
  SINCE JUL 1     91                       101    -10      107

 COOLING
  YESTERDAY        0                         1     -1        0
  MONTH TO DATE   83                        46     37       69
  SINCE SEP 1     83                        46     37       69
  SINCE JAN 1    669                       570     99      771
..................................................................


WIND (MPH)
  HIGHEST WIND SPEED    21   HIGHEST WIND DIRECTION    NW (320)
  HIGHEST GUST SPEED    28   HIGHEST GUST DIRECTION    NW (330)
  AVERAGE WIND SPEED     8.9


SKY COVER
  AVERAGE SKY COVER 0.7



RELATIVE HUMIDITY (PERCENT)
 HIGHEST    90           100 AM
 LOWEST     46           400 PM
 AVERAGE    68

..........................................................


THE AVOCA PA CLIMATE NORMALS FOR TODAY
                         NORMAL    RECORD    YEAR
 MAXIMUM TEMPERATURE (F)   70        91      1914
                                             1908
 MINIMUM TEMPERATURE (F)   49        33      1904


SUNRISE AND SUNSET
SEPTEMBER 23 2014.....SUNRISE   651 AM EDT   SUNSET   658 PM EDT
SEPTEMBER 24 2014.....SUNRISE   652 AM EDT   SUNSET   657 PM EDT


-  INDICATES NEGATIVE NUMBERS.
R  INDICATES RECORD WAS SET OR TIED.
MM INDICATES DATA IS MISSING.
T  INDICATES TRACE AMOUNT.




$$
