000
CDUS41 KBGM 200601
CLIAVP


CLIMATE REPORT
NATIONAL WEATHER SERVICE BINGHAMTON NY
200 AM EDT WED AUG 20 2014


...................................

...THE AVOCA PA CLIMATE SUMMARY FOR AUGUST 19 2014...

CLIMATE NORMAL PERIOD 1981 TO 2010
CLIMATE RECORD PERIOD 1901 TO 2014


WEATHER ITEM   OBSERVED TIME   RECORD YEAR NORMAL DEPARTURE LAST
                VALUE   (LST)  VALUE       VALUE  FROM      YEAR
                                                  NORMAL
..................................................................
TEMPERATURE (F)
 YESTERDAY
  MAXIMUM         83    226 PM  91    1916  80      3       81
                                      1914
  MINIMUM         55    544 AM  44    1924  59     -4       57
  AVERAGE         69                        70     -1       69

PRECIPITATION (IN)
  YESTERDAY        0.00          0.91 1954   0.12  -0.12      T
  MONTH TO DATE    2.31                      2.16   0.15     0.80
  SINCE JUN 1      6.96                      9.98  -3.02     7.95
  SINCE JAN 1     19.67                     23.78  -4.11    17.72

SNOWFALL (IN)
  YESTERDAY        0.0           0.0  1995   0.0    0.0      0.0
  MONTH TO DATE    0.0                       0.0    0.0      0.0
  SINCE JUN 1      0.0                       0.0    0.0      0.0
  SINCE JUL 1      0.0                       0.0    0.0      0.0

DEGREE DAYS
 HEATING
  YESTERDAY        0                         1     -1        0
  MONTH TO DATE    7                         2      5        8
  SINCE JUN 1     20                        64    -44       30
  SINCE JUL 1      9                        10     -1        9

 COOLING
  YESTERDAY        4                         5     -1        4
  MONTH TO DATE   88                       110    -22       70
  SINCE JUN 1    482                       433     49      535
  SINCE JAN 1    523                       470     53      599
..................................................................


WIND (MPH)
  HIGHEST WIND SPEED     9   HIGHEST WIND DIRECTION    NW (310)
  HIGHEST GUST SPEED    13   HIGHEST GUST DIRECTION    SW (220)
  AVERAGE WIND SPEED     3.7


SKY COVER
  AVERAGE SKY COVER 0.4



RELATIVE HUMIDITY (PERCENT)
 HIGHEST    83           400 AM
 LOWEST     45          1200 PM
 AVERAGE    64

..........................................................


THE AVOCA PA CLIMATE NORMALS FOR TODAY
                         NORMAL    RECORD    YEAR
 MAXIMUM TEMPERATURE (F)   80        94      1983
                                             1937
 MINIMUM TEMPERATURE (F)   59        45      1998
                                             1944


SUNRISE AND SUNSET
AUGUST 20 2014........SUNRISE   617 AM EDT   SUNSET   755 PM EDT
AUGUST 21 2014........SUNRISE   618 AM EDT   SUNSET   753 PM EDT


-  INDICATES NEGATIVE NUMBERS.
R  INDICATES RECORD WAS SET OR TIED.
MM INDICATES DATA IS MISSING.
T  INDICATES TRACE AMOUNT.




$$
