000
CDUS41 KBGM 280547
CLIAVP


CLIMATE REPORT
NATIONAL WEATHER SERVICE BINGHAMTON NY
147 AM EDT SUN MAY 28 2017


...................................

...THE AVOCA PA CLIMATE SUMMARY FOR MAY 27 2017...

CLIMATE NORMAL PERIOD 1981 TO 2010
CLIMATE RECORD PERIOD 1901 TO 2017


WEATHER ITEM   OBSERVED TIME   RECORD YEAR NORMAL DEPARTURE LAST
                VALUE   (LST)  VALUE       VALUE  FROM      YEAR
                                                  NORMAL
..................................................................
TEMPERATURE (F)
 YESTERDAY
  MAXIMUM         72    511 PM  90    1914  73     -1       88
  MINIMUM         57    639 AM  35    1969  51      6       68
  AVERAGE         65                        62      3       78

PRECIPITATION (IN)
  YESTERDAY        0.00          2.00 1946   0.12  -0.12     0.00
  MONTH TO DATE    2.96                      3.03  -0.07     2.33
  SINCE MAR 1     11.40                      8.91   2.49     6.80
  SINCE JAN 1     17.63                     13.31   4.32    12.60

SNOWFALL (IN)
  YESTERDAY        0.0           0.0    MM   0.0    0.0      0.0
  MONTH TO DATE    0.0                       0.3   -0.3      0.0
  SINCE MAR 1     30.7                      12.6   18.1      3.5
  SINCE JUL 1     55.5                      46.5    9.0     15.5

DEGREE DAYS
 HEATING
  YESTERDAY        0                         5     -5        0
  MONTH TO DATE  203                       211     -8      231
  SINCE MAR 1   1427                      1578   -151     1372
  SINCE JUL 1   5182                      6184  -1002     4942

 COOLING
  YESTERDAY        0                         2     -2       13
  MONTH TO DATE   26                        23      3       26
  SINCE MAR 1     48                        29     19       27
  SINCE JAN 1     48                        29     19       27
..................................................................


WIND (MPH)
  HIGHEST WIND SPEED     9   HIGHEST WIND DIRECTION    SW (230)
  HIGHEST GUST SPEED    13   HIGHEST GUST DIRECTION    SW (220)
  AVERAGE WIND SPEED     4.1


SKY COVER
  AVERAGE SKY COVER 1.0



RELATIVE HUMIDITY (PERCENT)
 HIGHEST    93           300 AM
 LOWEST     57           400 PM
 AVERAGE    75

..........................................................


THE AVOCA PA CLIMATE NORMALS FOR TODAY
                         NORMAL    RECORD    YEAR
 MAXIMUM TEMPERATURE (F)   73        92      2016
 MINIMUM TEMPERATURE (F)   51        36      1994


SUNRISE AND SUNSET
MAY 28 2017...........SUNRISE   534 AM EDT   SUNSET   827 PM EDT
MAY 29 2017...........SUNRISE   533 AM EDT   SUNSET   828 PM EDT


-  INDICATES NEGATIVE NUMBERS.
R  INDICATES RECORD WAS SET OR TIED.
MM INDICATES DATA IS MISSING.
T  INDICATES TRACE AMOUNT.




$$
