000
CDUS41 KBGM 310529
CLIAVP


CLIMATE REPORT
NATIONAL WEATHER SERVICE BINGHAMTON NY
128 AM EDT MON AUG 31 2015


...................................

...THE AVOCA PA CLIMATE SUMMARY FOR AUGUST 30 2015...

CLIMATE NORMAL PERIOD 1981 TO 2010
CLIMATE RECORD PERIOD 1901 TO 2015


WEATHER ITEM   OBSERVED TIME   RECORD YEAR NORMAL DEPARTURE LAST
                VALUE   (LST)  VALUE       VALUE  FROM      YEAR
                                                  NORMAL
..................................................................
TEMPERATURE (F)
 YESTERDAY
  MAXIMUM         88    303 PM  96    1953  78     10       75
  MINIMUM         62    457 AM  41    1986  58      4       60
                                      1934
  AVERAGE         75                        68      7       68

PRECIPITATION (IN)
  YESTERDAY        0.00          0.98 1955   0.11  -0.11     0.00
  MONTH TO DATE    2.36                      3.31  -0.95     3.80
  SINCE JUN 1     11.21                     11.13   0.08     8.45
  SINCE JAN 1     20.77                     24.93  -4.16    21.16

SNOWFALL (IN)
  YESTERDAY        0.0           0.0  1995   0.0    0.0      0.0
  MONTH TO DATE    0.0                       0.0    0.0      0.0
  SINCE JUN 1      0.0                       0.0    0.0      0.0
  SINCE JUL 1      0.0                       0.0    0.0      0.0

DEGREE DAYS
 HEATING
  YESTERDAY        0                         1     -1        0
  MONTH TO DATE    0                        13    -13        9
  SINCE JUN 1     24                        75    -51       22
  SINCE JUL 1      0                        21    -21       11

 COOLING
  YESTERDAY       10                         4      6        3
  MONTH TO DATE  209                       159     50      146
  SINCE JUN 1    617                       482    135      540
  SINCE JAN 1    765                       519    246      581
..................................................................


WIND (MPH)
  HIGHEST WIND SPEED    16   HIGHEST WIND DIRECTION    SW (240)
  HIGHEST GUST SPEED    23   HIGHEST GUST DIRECTION    SW (240)
  AVERAGE WIND SPEED     5.5


SKY COVER
  AVERAGE SKY COVER 0.4



RELATIVE HUMIDITY (PERCENT)
 HIGHEST    90           400 AM
 LOWEST     40           300 PM
 AVERAGE    65

..........................................................


THE AVOCA PA CLIMATE NORMALS FOR TODAY
                         NORMAL    RECORD    YEAR
 MAXIMUM TEMPERATURE (F)   78        95      1953
                                             1932
 MINIMUM TEMPERATURE (F)   57        41      1934


SUNRISE AND SUNSET
AUGUST 31 2015........SUNRISE   628 AM EDT   SUNSET   738 PM EDT
SEPTEMBER  1 2015.....SUNRISE   629 AM EDT   SUNSET   736 PM EDT


-  INDICATES NEGATIVE NUMBERS.
R  INDICATES RECORD WAS SET OR TIED.
MM INDICATES DATA IS MISSING.
T  INDICATES TRACE AMOUNT.

$$
