000
CDUS41 KBGM 040614
CLIAVP


CLIMATE REPORT
NATIONAL WEATHER SERVICE BINGHAMTON NY
113 AM EST SUN DEC 4 2016


...................................

...THE AVOCA PA CLIMATE SUMMARY FOR DECEMBER 3 2016...

CLIMATE NORMAL PERIOD 1981 TO 2010
CLIMATE RECORD PERIOD 1901 TO 2016


WEATHER ITEM   OBSERVED TIME   RECORD YEAR NORMAL DEPARTURE LAST
                VALUE   (LST)  VALUE       VALUE  FROM      YEAR
                                                  NORMAL
..................................................................
TEMPERATURE (F)
 YESTERDAY
  MAXIMUM         42    219 PM  65    1998  42      0       46
  MINIMUM         37    643 AM   3    1976  28      9       38
  AVERAGE         40                        35      5       42

PRECIPITATION (IN)
  YESTERDAY        T             1.47 1905   0.10  -0.10      T
  MONTH TO DATE    0.22                      0.30  -0.08     0.57
  SINCE DEC 1      0.22                      0.30  -0.08     0.57
  SINCE JAN 1     29.46                     35.88  -6.42    29.20

SNOWFALL (IN)
  YESTERDAY        0.0           2.0  1957   0.1   -0.1       T
  MONTH TO DATE    0.0                       0.4   -0.4       T
  SINCE DEC 1      0.0                       0.4   -0.4       T
  SINCE JUL 1      5.7                       3.4    2.3       T

DEGREE DAYS
 HEATING
  YESTERDAY       25                        30     -5       23
  MONTH TO DATE   67                        89    -22       59
  SINCE DEC 1     67                        89    -22       59
  SINCE JUL 1   1085                      1402   -317      967

 COOLING
  YESTERDAY        0                         0      0        0
  MONTH TO DATE    0                         0      0        0
  SINCE DEC 1      0                         0      0        0
  SINCE JAN 1    998                       580    418      929
..................................................................


WIND (MPH)
  HIGHEST WIND SPEED    20   HIGHEST WIND DIRECTION     N (350)
  HIGHEST GUST SPEED    26   HIGHEST GUST DIRECTION     W (290)
  AVERAGE WIND SPEED    11.0


SKY COVER
  AVERAGE SKY COVER 0.9



RELATIVE HUMIDITY (PERCENT)
 HIGHEST    70           300 AM
 LOWEST     55           700 PM
 AVERAGE    63

..........................................................


THE AVOCA PA CLIMATE NORMALS FOR TODAY
                         NORMAL    RECORD    YEAR
 MAXIMUM TEMPERATURE (F)   41        69      1998
 MINIMUM TEMPERATURE (F)   28         4      1926


SUNRISE AND SUNSET
DECEMBER  4 2016......SUNRISE   713 AM EST   SUNSET   434 PM EST
DECEMBER  5 2016......SUNRISE   714 AM EST   SUNSET   434 PM EST


-  INDICATES NEGATIVE NUMBERS.
R  INDICATES RECORD WAS SET OR TIED.
MM INDICATES DATA IS MISSING.
T  INDICATES TRACE AMOUNT.




$$
