000
CDUS43 KGRR 270516
CLIAZO


CLIMATE REPORT
NATIONAL WEATHER SERVICE GRAND RAPIDS, MI
114 AM EDT WED AUG 27 2014


...................................

...THE KALAMAZOO MI CLIMATE SUMMARY FOR AUGUST 26 2014...

CLIMATE NORMAL PERIOD 1981 TO 2010
CLIMATE RECORD PERIOD 1998 TO 2014


WEATHER ITEM   OBSERVED TIME   NORMAL DEPARTURE LAST
                VALUE   (LST)  VALUE  FROM      YEAR
                                      NORMAL
......................................................
TEMPERATURE (F)
 YESTERDAY
  MAXIMUM         82   1249 PM  80      2       86
  MINIMUM         65   1154 PM  59      6       66
  AVERAGE         74            69      5       76

PRECIPITATION (IN)
  YESTERDAY        0.59          0.13   0.46     0.00
  MONTH TO DATE    1.32          3.15  -1.83     4.19
  SINCE JUN 1      8.14         10.43  -2.29    14.02
  SINCE JAN 1     16.56         22.87  -6.31    29.08

DEGREE DAYS
 HEATING
  YESTERDAY        0             1     -1        0
  MONTH TO DATE    9             2      7       20
  SINCE JUN 1     51            55     -4       76
  SINCE JUL 1     32             7     25       37

 COOLING
  YESTERDAY        9             5      4       11
  MONTH TO DATE  171           163      8      106
  SINCE JUN 1    462           548    -86      486
  SINCE JAN 1    516           589    -73      566
......................................................


WIND (MPH)
  RESULTANT WIND SPEED   2   RESULTANT WIND DIRECTION  SW (240)
  HIGHEST WIND SPEED    30   HIGHEST WIND DIRECTION    NW (300)
  HIGHEST GUST SPEED    40   HIGHEST GUST DIRECTION    NW (310)
  AVERAGE WIND SPEED     5.7


SKY COVER
  AVERAGE SKY COVER 0.4


WEATHER CONDITIONS
 THE FOLLOWING WEATHER WAS RECORDED YESTERDAY.
  THUNDERSTORM
  RAIN
  LIGHT RAIN
  FOG


RELATIVE HUMIDITY (PERCENT)
 HIGHEST    93          1100 PM
 LOWEST     69           100 PM
 AVERAGE    81

..........................................................


THE KALAMAZOO MI CLIMATE NORMALS FOR TODAY
                         NORMAL
 MAXIMUM TEMPERATURE (F)   79
 MINIMUM TEMPERATURE (F)   59


SUNRISE AND SUNSET
AUGUST 27 2014........SUNRISE   702 AM EDT   SUNSET   824 PM EDT
AUGUST 28 2014........SUNRISE   703 AM EDT   SUNSET   823 PM EDT


-  INDICATES NEGATIVE NUMBERS.
R  INDICATES RECORD WAS SET OR TIED.
MM INDICATES DATA IS MISSING.
T  INDICATES TRACE AMOUNT.




$$
