000
CDUS43 KGRR 182227
CLIAZO


CLIMATE REPORT
NATIONAL WEATHER SERVICE GRAND RAPIDS, MI
526 PM EST THU DEC 18 2014


...................................

...THE KALAMAZOO MI CLIMATE SUMMARY FOR DECEMBER 18 2014...
VALID TODAY AS OF 0500 PM LOCAL TIME.

CLIMATE NORMAL PERIOD 1981 TO 2010
CLIMATE RECORD PERIOD 1998 TO 2014


WEATHER ITEM   OBSERVED TIME   RECORD YEAR NORMAL DEPARTURE LAST
                VALUE   (LST)  VALUE       VALUE  FROM      YEAR
                                                  NORMAL
..................................................................
TEMPERATURE (F)
 TODAY
  MAXIMUM         31    103 PM  MM      MM  34     -3       30
  MINIMUM         29    459 PM  MM      MM  22      7       24
  AVERAGE         30                        28      2       27

PRECIPITATION (IN)
  TODAY            T            MM      MM   0.06  -0.06      T
  MONTH TO DATE    0.17                      1.26  -1.09     0.40
  SINCE DEC 1      0.17                      1.26  -1.09     0.40
  SINCE JAN 1     27.24                     35.02  -7.78    38.37

DEGREE DAYS
 HEATING
  TODAY           35                        37     -2       38
  MONTH TO DATE  559                       619    -60      712
  SINCE DEC 1    559                       619    -60      712
  SINCE JUL 1   2089                      1946    143     2069

 COOLING
  TODAY            0                         0      0        0
  MONTH TO DATE    0                         0      0        0
  SINCE DEC 1      0                         0      0        0
  SINCE JAN 1    609                       675    -66      725
..................................................................


WIND (MPH)
  RESULTANT WIND SPEED   8   RESULTANT WIND DIRECTION   W (270)
  HIGHEST WIND SPEED    14   HIGHEST WIND DIRECTION     W (260)
  HIGHEST GUST SPEED    17   HIGHEST GUST DIRECTION     W (260)
  AVERAGE WIND SPEED     8.1



WEATHER CONDITIONS
 THE FOLLOWING WEATHER WAS RECORDED TODAY.
  LIGHT SNOW


RELATIVE HUMIDITY (PERCENT)
 HIGHEST    78           800 AM
 LOWEST     69          1200 AM
 AVERAGE    74

..........................................................




SUNRISE AND SUNSET
DECEMBER 18 2014......SUNRISE   806 AM EST   SUNSET   512 PM EST
DECEMBER 19 2014......SUNRISE   807 AM EST   SUNSET   512 PM EST


-  INDICATES NEGATIVE NUMBERS.
R  INDICATES RECORD WAS SET OR TIED.
MM INDICATES DATA IS MISSING.
T  INDICATES TRACE AMOUNT.




$$

JAM
