000
CDUS43 KGRR 282126
CLIAZO


CLIMATE REPORT
NATIONAL WEATHER SERVICE GRAND RAPIDS, MI
526 PM EDT WED SEP 28 2016


...................................

...THE KALAMAZOO MI CLIMATE SUMMARY FOR SEPTEMBER 28 2016...
VALID TODAY AS OF 0500 PM LOCAL TIME.

CLIMATE NORMAL PERIOD 1981 TO 2010
CLIMATE RECORD PERIOD 1998 TO 2016


WEATHER ITEM   OBSERVED TIME   NORMAL DEPARTURE LAST
                VALUE   (LST)  VALUE  FROM      YEAR
                                      NORMAL
......................................................
TEMPERATURE (F)
 TODAY
  MAXIMUM         66    203 PM  68     -2       76
  MINIMUM         52    441 AM  47      5       64
  AVERAGE         59            57      2       70

PRECIPITATION (IN)
  TODAY            T             0.11  -0.11     0.05
  MONTH TO DATE    2.07          3.63  -1.56     4.38
  SINCE SEP 1      2.07          3.63  -1.56     4.38
  SINCE JAN 1     29.78         27.22   2.56    24.89

DEGREE DAYS
 HEATING
  TODAY            6             9     -3        0
  MONTH TO DATE   21           112    -91       43
  SINCE SEP 1     21           112    -91       43
  SINCE JUL 1     22           128   -106       71

 COOLING
  TODAY            0             1     -1        5
  MONTH TO DATE  101            56     45      141
  SINCE SEP 1    101            56     45      141
  SINCE JAN 1    895           667    228      656
......................................................


WIND (MPH)
  RESULTANT WIND SPEED   4   RESULTANT WIND DIRECTION   E (70)
  HIGHEST WIND SPEED    14   HIGHEST WIND DIRECTION    NE (60)
  HIGHEST GUST SPEED    24   HIGHEST GUST DIRECTION     E (100)
  AVERAGE WIND SPEED     5.1


SKY COVER
  AVERAGE SKY COVER 0.8


WEATHER CONDITIONS
 THE FOLLOWING WEATHER WAS RECORDED TODAY.
  LIGHT RAIN


RELATIVE HUMIDITY (PERCENT)
 HIGHEST    83           300 AM
 LOWEST     52           200 PM
 AVERAGE    68

..........................................................


THE KALAMAZOO MI CLIMATE NORMALS FOR TOMORROW
                         NORMAL
 MAXIMUM TEMPERATURE (F)   67
 MINIMUM TEMPERATURE (F)   47


SUNRISE AND SUNSET
SEPTEMBER 28 2016.....SUNRISE   736 AM EDT   SUNSET   728 PM EDT
SEPTEMBER 29 2016.....SUNRISE   738 AM EDT   SUNSET   726 PM EDT


-  INDICATES NEGATIVE NUMBERS.
R  INDICATES RECORD WAS SET OR TIED.
MM INDICATES DATA IS MISSING.
T  INDICATES TRACE AMOUNT.




$$
