000
CDUS43 KGRR 210516
CLIAZO


CLIMATE REPORT
NATIONAL WEATHER SERVICE GRAND RAPIDS, MI
115 AM EDT SAT OCT 21 2017


...................................

...THE KALAMAZOO MI CLIMATE SUMMARY FOR OCTOBER 20 2017...

CLIMATE NORMAL PERIOD 1981 TO 2010
CLIMATE RECORD PERIOD 1998 TO 2017


WEATHER ITEM   OBSERVED TIME   NORMAL DEPARTURE LAST
                VALUE   (LST)  VALUE  FROM      YEAR
                                      NORMAL
......................................................
TEMPERATURE (F)
 YESTERDAY
  MAXIMUM         76    256 PM  59     17       57
  MINIMUM         40    120 AM  40      0       50
  AVERAGE         58            50      8       54

PRECIPITATION (IN)
  YESTERDAY        0.00          0.11  -0.11     0.03
  MONTH TO DATE    9.60          2.15   7.45     2.18
  SINCE SEP 1     11.41          5.97   5.44     5.51
  SINCE JAN 1     32.44         29.56   2.88    33.22

DEGREE DAYS
 HEATING
  YESTERDAY        7            15     -8       11
  MONTH TO DATE  101           254   -153      116
  SINCE SEP 1    183           387   -204      143
  SINCE JUL 1    201           403   -202      144

 COOLING
  YESTERDAY        0             0      0        0
  MONTH TO DATE   17             7     10       17
  SINCE SEP 1    149            63     86      118
  SINCE JAN 1    765           674     91      912
......................................................


WIND (MPH)
  RESULTANT WIND SPEED   6   RESULTANT WIND DIRECTION   S (180)
  HIGHEST WIND SPEED    17   HIGHEST WIND DIRECTION     S (180)
  HIGHEST GUST SPEED    22   HIGHEST GUST DIRECTION     S (180)
  AVERAGE WIND SPEED     6.9


SKY COVER
  AVERAGE SKY COVER 0.0


WEATHER CONDITIONS
 THE FOLLOWING WEATHER WAS RECORDED YESTERDAY.
  NO SIGNIFICANT WEATHER WAS OBSERVED.


RELATIVE HUMIDITY (PERCENT)
 HIGHEST    86           200 AM
 LOWEST     38           300 PM
 AVERAGE    62

..........................................................


THE KALAMAZOO MI CLIMATE NORMALS FOR TODAY
                         NORMAL
 MAXIMUM TEMPERATURE (F)   59
 MINIMUM TEMPERATURE (F)   40


SUNRISE AND SUNSET
OCTOBER 21 2017.......SUNRISE   802 AM EDT   SUNSET   651 PM EDT
OCTOBER 22 2017.......SUNRISE   803 AM EDT   SUNSET   649 PM EDT


-  INDICATES NEGATIVE NUMBERS.
R  INDICATES RECORD WAS SET OR TIED.
MM INDICATES DATA IS MISSING.
T  INDICATES TRACE AMOUNT.




$$
