046
CDUS43 KGRR 300521
CLIAZO


CLIMATE REPORT
NATIONAL WEATHER SERVICE GRAND RAPIDS, MI
121 AM EDT SUN APR 30 2017


...................................

...THE KALAMAZOO MI CLIMATE SUMMARY FOR APRIL 29 2017...

CLIMATE NORMAL PERIOD 1981 TO 2010
CLIMATE RECORD PERIOD 1998 TO 2017


WEATHER ITEM   OBSERVED TIME   NORMAL DEPARTURE LAST
                VALUE   (LST)  VALUE  FROM      YEAR
                                      NORMAL
......................................................
TEMPERATURE (F)
 YESTERDAY
  MAXIMUM         55    201 AM  65    -10       54
  MINIMUM         43   1159 PM  43      0       44
  AVERAGE         49            54     -5       49

PRECIPITATION (IN)
  YESTERDAY        0.29          0.14   0.15     0.05
  MONTH TO DATE    2.03          2.93  -0.90     2.71
  SINCE MAR 1      6.20          5.18   1.02     5.67
  SINCE JAN 1     10.92          8.42   2.50     7.23

DEGREE DAYS
 HEATING
  YESTERDAY       16            11      5       16
  MONTH TO DATE  344           474   -130      493
  SINCE MAR 1   1228          1358   -130     1195
  SINCE JUL 1   5124          6131  -1007     5243

 COOLING
  YESTERDAY        0             0      0        0
  MONTH TO DATE   11             0     11        2
  SINCE MAR 1     11             0     11        2
  SINCE JAN 1     11             0     11        2
......................................................


WIND (MPH)
  RESULTANT WIND SPEED   7   RESULTANT WIND DIRECTION  NE (30)
  HIGHEST WIND SPEED    18   HIGHEST WIND DIRECTION     S (190)
  HIGHEST GUST SPEED    26   HIGHEST GUST DIRECTION    NE (60)
  AVERAGE WIND SPEED     8.1


SKY COVER
  AVERAGE SKY COVER 0.7


WEATHER CONDITIONS
 THE FOLLOWING WEATHER WAS RECORDED YESTERDAY.
  THUNDERSTORM
  HEAVY RAIN
  RAIN
  LIGHT RAIN


RELATIVE HUMIDITY (PERCENT)
 HIGHEST    83           100 AM
 LOWEST     50          1200 PM
 AVERAGE    67

..........................................................


THE KALAMAZOO MI CLIMATE NORMALS FOR TODAY
                         NORMAL
 MAXIMUM TEMPERATURE (F)   65
 MINIMUM TEMPERATURE (F)   43


SUNRISE AND SUNSET
APRIL 30 2017.........SUNRISE   639 AM EDT   SUNSET   841 PM EDT
MAY  1 2017...........SUNRISE   637 AM EDT   SUNSET   842 PM EDT


-  INDICATES NEGATIVE NUMBERS.
R  INDICATES RECORD WAS SET OR TIED.
MM INDICATES DATA IS MISSING.
T  INDICATES TRACE AMOUNT.




$$
