000
CDUS43 KGRR 251333
CLIAZO


CLIMATE REPORT
NATIONAL WEATHER SERVICE GRAND RAPIDS, MI
932 AM EDT FRI JUL 25 2014


...................................

...THE KALAMAZOO MI CLIMATE SUMMARY FOR JULY 25 2014...
VALID AS OF 0900 AM LOCAL TIME.

CLIMATE NORMAL PERIOD 1981 TO 2010
CLIMATE RECORD PERIOD 9999 TO 9999


WEATHER ITEM   OBSERVED TIME   RECORD YEAR NORMAL DEPARTURE LAST
                VALUE   (LST)  VALUE       VALUE  FROM      YEAR
                                                  NORMAL
..................................................................
TEMPERATURE (F)
 TODAY
  MAXIMUM         62    759 AM  MM      MM  83    -21       76
  MINIMUM         51    437 AM  MM      MM  62    -11       53
  AVERAGE         57                        73    -16       65

PRECIPITATION (IN)
  TODAY            0.00         MM      MM   0.12  -0.12     0.00
  MONTH TO DATE    2.83                      2.97  -0.14     3.08
  SINCE JUN 1      6.70                      6.55   0.15     9.37
  SINCE JAN 1     15.12                     18.99  -3.87    24.43

DEGREE DAYS
 HEATING
  TODAY            8                         0      8        0
  MONTH TO DATE   22                         0     22        5
  SINCE JUN 1     41                        48     -7       44

 COOLING
  TODAY            0                         8     -8        0
  MONTH TO DATE   94                       197   -103      227
  SINCE JUN 1    274                       342    -68      373
..................................................................


WIND (MPH)
  HIGHEST WIND SPEED     8   HIGHEST WIND DIRECTION     S (180)
  HIGHEST GUST SPEED     9   HIGHEST GUST DIRECTION     S (180)



WEATHER CONDITIONS
 THE FOLLOWING WEATHER WAS RECORDED TODAY.
  NO SIGNIFICANT WEATHER WAS OBSERVED.


..........................................................




SUNRISE AND SUNSET
JULY 25 2014..........SUNRISE   628 AM EDT   SUNSET   909 PM EDT
JULY 26 2014..........SUNRISE   629 AM EDT   SUNSET   908 PM EDT


-  INDICATES NEGATIVE NUMBERS.
R  INDICATES RECORD WAS SET OR TIED.
MM INDICATES DATA IS MISSING.
T  INDICATES TRACE AMOUNT.




$$

JAM
