000
CDUS43 KGRR 280516
CLIAZO


CLIMATE REPORT
NATIONAL WEATHER SERVICE GRAND RAPIDS, MI
116 AM EDT SAT MAR 28 2015


...................................

...THE KALAMAZOO MI CLIMATE SUMMARY FOR MARCH 27 2015...

CLIMATE NORMAL PERIOD 1981 TO 2010
CLIMATE RECORD PERIOD 1998 TO 2015


WEATHER ITEM   OBSERVED TIME   NORMAL DEPARTURE LAST
                VALUE   (LST)  VALUE  FROM      YEAR
                                      NORMAL
......................................................
TEMPERATURE (F)
 YESTERDAY
  MAXIMUM         32    419 PM  51    -19       47
  MINIMUM         17   1120 PM  31    -14       33
  AVERAGE         25            41    -16       40

PRECIPITATION (IN)
  YESTERDAY        0.00          0.08  -0.08     0.09
  MONTH TO DATE    0.27          1.95  -1.68     1.20
  SINCE MAR 1      0.27          1.95  -1.68     1.20
  SINCE JAN 1      1.80          5.19  -3.39     3.73

DEGREE DAYS
 HEATING
  YESTERDAY       40            24     16       25
  MONTH TO DATE  849           792     57     1060
  SINCE MAR 1    849           792     57     1060
  SINCE JUL 1   6135          5565    570     6228

 COOLING
  YESTERDAY        0             0      0        0
  MONTH TO DATE    0             0      0        0
  SINCE MAR 1      0             0      0        0
  SINCE JAN 1      0             0      0        0
......................................................


WIND (MPH)
  RESULTANT WIND SPEED  13   RESULTANT WIND DIRECTION   N (340)
  HIGHEST WIND SPEED    29   HIGHEST WIND DIRECTION     N (350)
  HIGHEST GUST SPEED    37   HIGHEST GUST DIRECTION     N (350)
  AVERAGE WIND SPEED    13.5


SKY COVER
  AVERAGE SKY COVER 0.3


WEATHER CONDITIONS
 THE FOLLOWING WEATHER WAS RECORDED YESTERDAY.
  NO SIGNIFICANT WEATHER WAS OBSERVED.


RELATIVE HUMIDITY (PERCENT)
 HIGHEST    73           500 AM
 LOWEST     27           100 PM
 AVERAGE    50

..........................................................


THE KALAMAZOO MI CLIMATE NORMALS FOR TODAY
                         NORMAL
 MAXIMUM TEMPERATURE (F)   51
 MINIMUM TEMPERATURE (F)   32


SUNRISE AND SUNSET
MARCH 28 2015.........SUNRISE   732 AM EDT   SUNSET   803 PM EDT
MARCH 29 2015.........SUNRISE   730 AM EDT   SUNSET   804 PM EDT


-  INDICATES NEGATIVE NUMBERS.
R  INDICATES RECORD WAS SET OR TIED.
MM INDICATES DATA IS MISSING.
T  INDICATES TRACE AMOUNT.




$$
