000
CDUS41 KBOX 170602
CLIBDL


CLIMATE REPORT
NATIONAL WEATHER SERVICE TAUNTON MA
159 AM EDT THU AUG 17 2017


...................................

...THE HARTFORD CT CLIMATE SUMMARY FOR AUGUST 16 2017...

CLIMATE NORMAL PERIOD 1981 TO 2010
CLIMATE RECORD PERIOD 1904 TO 2017


WEATHER ITEM   OBSERVED TIME   RECORD YEAR NORMAL DEPARTURE LAST
                VALUE   (LST)  VALUE       VALUE  FROM      YEAR
                                                  NORMAL
..................................................................
TEMPERATURE (F)
 YESTERDAY
  MAXIMUM         86    245 PM  97    2002  83      3       86
                                      1970
  MINIMUM         62    432 AM  47    1972  61      1       69
                                      1968
  AVERAGE         74                        72      2       78

PRECIPITATION (IN)
  YESTERDAY        0.00          1.68 1920   0.12  -0.12     0.58
  MONTH TO DATE    2.10                      2.24  -0.14     3.06
  SINCE JUN 1     12.28                     10.77   1.51     7.27
  SINCE JAN 1     30.55                     28.58   1.97    21.21

SNOWFALL (IN)
  YESTERDAY        0.0           0.0  2002   0.0    0.0      0.0
                                      2001
                                      2000
  MONTH TO DATE    0.0                       0.0    0.0      0.0
  SINCE JUN 1      0.0                       0.0    0.0      0.0
  SINCE JUL 1      0.0                       0.0    0.0      0.0
  SNOW DEPTH       0

DEGREE DAYS
 HEATING
  YESTERDAY        0                         0      0        0
  MONTH TO DATE    0                         0      0        0
  SINCE JUN 1     52                        43      9       16
  SINCE JUL 1      8                         3      5        0

 COOLING
  YESTERDAY        9                         7      2       13
  MONTH TO DATE  128                       130     -2      204
  SINCE JUN 1    552                       543      9      714
  SINCE JAN 1    612                       582     30      788
..................................................................


WIND (MPH)
  RESULTANT WIND SPEED   5   RESULTANT WIND DIRECTION   N (340)
  HIGHEST WIND SPEED    16   HIGHEST WIND DIRECTION    NW (330)
  HIGHEST GUST SPEED    20   HIGHEST GUST DIRECTION    NW (330)
  AVERAGE WIND SPEED     6.0


SKY COVER
  POSSIBLE SUNSHINE  MM
  AVERAGE SKY COVER 0.3


WEATHER CONDITIONS
 THE FOLLOWING WEATHER WAS RECORDED YESTERDAY.
  FOG
  FOG W/VISIBILITY <= 1/4 MILE


RELATIVE HUMIDITY (PERCENT)
 HIGHEST   100           100 AM
 LOWEST     40           300 PM
 AVERAGE    70

..........................................................


THE HARTFORD CT CLIMATE NORMALS FOR TODAY
                         NORMAL    RECORD    YEAR
 MAXIMUM TEMPERATURE (F)   83        96      1913
 MINIMUM TEMPERATURE (F)   61        45      1979


SUNRISE AND SUNSET
AUGUST 17 2017........SUNRISE   601 AM EDT   SUNSET   748 PM EDT
AUGUST 18 2017........SUNRISE   602 AM EDT   SUNSET   746 PM EDT


-  INDICATES NEGATIVE NUMBERS.
R  INDICATES RECORD WAS SET OR TIED.
MM INDICATES DATA IS MISSING.
T  INDICATES TRACE AMOUNT.




$$
