000
CDUS41 KOKX 270625
CLIBDR


CLIMATE REPORT
NATIONAL WEATHER SERVICE NEW YORK NY
125 AM EST SAT DEC 27 2014


...................................

...THE BRIDGEPORT CT CLIMATE SUMMARY FOR DECEMBER 26 2014...

CLIMATE NORMAL PERIOD 1981 TO 2010
CLIMATE RECORD PERIOD 1948 TO 2014


WEATHER ITEM   OBSERVED TIME   RECORD YEAR NORMAL DEPARTURE LAST
                VALUE   (LST)  VALUE       VALUE  FROM      YEAR
                                                  NORMAL
..................................................................
TEMPERATURE (F)
 YESTERDAY
  MAXIMUM         51    110 PM  62    1982  39     12       37
  MINIMUM         37    725 AM  -4    1980  25     12       26
  AVERAGE         44                        32     12       32

PRECIPITATION (IN)
  YESTERDAY        0.00          1.74 1969   0.10  -0.10      T
  MONTH TO DATE    5.57                      2.84   2.73     3.02
  SINCE DEC 1      5.57                      2.84   2.73     3.02
  SINCE JAN 1     46.13                     42.25   3.88    35.35

SNOWFALL (IN)
  YESTERDAY        0.0           8.0  2010   0.2   -0.2       T
  MONTH TO DATE    0.7                       3.9   -3.2     10.9
  SINCE OCT 1      0.9                       4.6   -3.7     11.0
  SINCE JUL 1      0.9                       4.6   -3.7     11.0
  SNOW DEPTH       0

DEGREE DAYS
 HEATING
  YESTERDAY       21                        33    -12       33
  MONTH TO DATE  656                       754    -98      767
  SINCE DEC 1    656                       754    -98      767
  SINCE JUL 1   1562                      1728   -166     1720

 COOLING
  YESTERDAY        0                         0      0        0
  MONTH TO DATE    0                         0      0        0
  SINCE DEC 1      0                         0      0        0
  SINCE JAN 1    884                       825     59     1003
..................................................................


WIND (MPH)
  HIGHEST WIND SPEED    13   HIGHEST WIND DIRECTION    SW (220)
  HIGHEST GUST SPEED    16   HIGHEST GUST DIRECTION    SW (220)
  AVERAGE WIND SPEED     6.1


SKY COVER
  AVERAGE SKY COVER 0.0


WEATHER CONDITIONS
 THE FOLLOWING WEATHER WAS RECORDED YESTERDAY.
  NO SIGNIFICANT WEATHER WAS OBSERVED.


RELATIVE HUMIDITY (PERCENT)
 HIGHEST    86          1000 PM
 LOWEST     44           100 PM
 AVERAGE    65

..........................................................


THE BRIDGEPORT CT CLIMATE NORMALS FOR TODAY
                         NORMAL    RECORD    YEAR
 MAXIMUM TEMPERATURE (F)   39        63      1973
 MINIMUM TEMPERATURE (F)   25         2      1950


SUNRISE AND SUNSET
DECEMBER 27 2014......SUNRISE   717 AM EST   SUNSET   430 PM EST
DECEMBER 28 2014......SUNRISE   717 AM EST   SUNSET   431 PM EST


-  INDICATES NEGATIVE NUMBERS.
R  INDICATES RECORD WAS SET OR TIED.
MM INDICATES DATA IS MISSING.
T  INDICATES TRACE AMOUNT.




$$
