000
CDUS41 KOKX 020625
CLIBDR


CLIMATE REPORT
NATIONAL WEATHER SERVICE NEW YORK NY
225 AM EDT SAT AUG 2 2014


...................................

...THE BRIDGEPORT CT CLIMATE SUMMARY FOR AUGUST 1 2014...

CLIMATE NORMAL PERIOD 1981 TO 2010
CLIMATE RECORD PERIOD 1948 TO 2014


WEATHER ITEM   OBSERVED TIME   RECORD YEAR NORMAL DEPARTURE LAST
                VALUE   (LST)  VALUE       VALUE  FROM      YEAR
                                                  NORMAL
..................................................................
TEMPERATURE (F)
 YESTERDAY
  MAXIMUM         82   1141 AM  95    2006  82      0       79
  MINIMUM         72   1159 PM  55    1964  67      5       68
  AVERAGE         77                        75      2       74

PRECIPITATION (IN)
  YESTERDAY        T             0.68 1984   0.14  -0.14     0.39
  MONTH TO DATE    T                         0.14  -0.14     0.39
  SINCE JUN 1      7.47                      7.21   0.26    11.46
  SINCE JAN 1     29.13                     25.08   4.05    25.06

SNOWFALL (IN)
  YESTERDAY        0.0           0.0  2002   0.0    0.0      0.0
                                      2001
  MONTH TO DATE    0.0                       0.0    0.0      0.0
  SINCE OCT 1     57.4                      27.6   29.8     64.3
  SINCE JUL 1      0.0                       0.0    0.0      0.0
  SNOW DEPTH       0

DEGREE DAYS
 HEATING
  YESTERDAY        0                         0      0        0
  MONTH TO DATE    0                         0      0        0
  SINCE JUN 1      4                        33    -29       18
  SINCE JUL 1      0                         1     -1        0

 COOLING
  YESTERDAY       12                        10      2        9
  MONTH TO DATE   12                        10      2        9
  SINCE JUN 1    481                       442     39      609
  SINCE JAN 1    504                       466     38      647
..................................................................


WIND (MPH)
  HIGHEST WIND SPEED    13   HIGHEST WIND DIRECTION    SW (210)
  HIGHEST GUST SPEED    20   HIGHEST GUST DIRECTION     S (160)
  AVERAGE WIND SPEED     6.6


SKY COVER
  AVERAGE SKY COVER 0.1


WEATHER CONDITIONS
 THE FOLLOWING WEATHER WAS RECORDED YESTERDAY.
  HAZE


RELATIVE HUMIDITY (PERCENT)
 HIGHEST    93           100 AM
 LOWEST     69          1200 PM
 AVERAGE    81

..........................................................


THE BRIDGEPORT CT CLIMATE NORMALS FOR TODAY
                         NORMAL    RECORD    YEAR
 MAXIMUM TEMPERATURE (F)   82        96      2006
                                             1995
                                             1975
 MINIMUM TEMPERATURE (F)   67        57      1953
                                             1951


SUNRISE AND SUNSET
AUGUST  2 2014........SUNRISE   549 AM EDT   SUNSET   808 PM EDT
AUGUST  3 2014........SUNRISE   550 AM EDT   SUNSET   807 PM EDT


-  INDICATES NEGATIVE NUMBERS.
R  INDICATES RECORD WAS SET OR TIED.
MM INDICATES DATA IS MISSING.
T  INDICATES TRACE AMOUNT.




$$
