000
CDUS41 KOKX 040649
CLIBDR


CLIMATE REPORT
NATIONAL WEATHER SERVICE NEW YORK NY
149 AM EST WED MAR 4 2015


...................................

...THE BRIDGEPORT CT CLIMATE SUMMARY FOR MARCH 3 2015...

CLIMATE NORMAL PERIOD 1981 TO 2010
CLIMATE RECORD PERIOD 1948 TO 2015


WEATHER ITEM   OBSERVED TIME   RECORD YEAR NORMAL DEPARTURE LAST
                VALUE   (LST)  VALUE       VALUE  FROM      YEAR
                                                  NORMAL
..................................................................
TEMPERATURE (F)
 YESTERDAY
  MAXIMUM         33   1159 PM  58    2004  43    -10       30
                                      1967
  MINIMUM         10    624 AM   8    1962  28    -18       15
                                      1950
  AVERAGE         22                        36    -14       23

PRECIPITATION (IN)
  YESTERDAY        0.75          1.38 1972   0.12   0.63      T
  MONTH TO DATE    1.58                      0.36   1.22      T
  SINCE MAR 1      1.58                      0.36   1.22      T
  SINCE JAN 1      7.92                      6.25   1.67     6.98

SNOWFALL (IN)
  YESTERDAY        1.2           7.5  1960   0.3    0.9       T
  MONTH TO DATE    6.2                       0.8    5.4       T
  SINCE OCT 1     47.3                      22.4   24.9     56.5
  SINCE JUL 1     47.3                      22.4   24.9     56.5
  SNOW DEPTH      16

DEGREE DAYS
 HEATING
  YESTERDAY       43                        29     14       42
  MONTH TO DATE  122                        89     33      114
  SINCE MAR 1    122                        89     33      114
  SINCE JUL 1   4228                      3976    252     4162

 COOLING
  YESTERDAY        0                         0      0        0
  MONTH TO DATE    0                         0      0        0
  SINCE MAR 1      0                         0      0        0
  SINCE JAN 1      0                         0      0        0
..................................................................


WIND (MPH)
  HIGHEST WIND SPEED    12   HIGHEST WIND DIRECTION    SE (150)
  HIGHEST GUST SPEED    16   HIGHEST GUST DIRECTION    SE (150)
  AVERAGE WIND SPEED     5.1


SKY COVER
  AVERAGE SKY COVER 0.4


WEATHER CONDITIONS
 THE FOLLOWING WEATHER WAS RECORDED YESTERDAY.
  LIGHT RAIN
  FREEZING RAIN
  LT FREEZING RAIN
  LIGHT SNOW
  FOG
  HAZE


RELATIVE HUMIDITY (PERCENT)
 HIGHEST   100           700 PM
 LOWEST     46          1100 AM
 AVERAGE    73

..........................................................


THE BRIDGEPORT CT CLIMATE NORMALS FOR TODAY
                         NORMAL    RECORD    YEAR
 MAXIMUM TEMPERATURE (F)   44        58      1974
 MINIMUM TEMPERATURE (F)   28         5      1950


SUNRISE AND SUNSET
MARCH  4 2015.........SUNRISE   623 AM EST   SUNSET   547 PM EST
MARCH  5 2015.........SUNRISE   621 AM EST   SUNSET   548 PM EST


-  INDICATES NEGATIVE NUMBERS.
R  INDICATES RECORD WAS SET OR TIED.
MM INDICATES DATA IS MISSING.
T  INDICATES TRACE AMOUNT.




$$
