000
CDAK48 PABE 011003
CLIBET

CLIMATE REPORT
NATIONAL WEATHER SERVICE BETHEL, AK
203 AM AKDT MON SEP 1 2014

...................................
...THE BETHEL AP CLIMATE SUMMARY FOR AUGUST 31 2014...

CLIMATE NORMAL PERIOD  1981 TO  2010
CLIMATE RECORD PERIOD  1923 TO  2014

WEATHER ITEM   OBSERVED TIME    RECORD YEAR NORMAL DEPARTURE LAST
               VALUE    (LST)   VALUE       VALUE  FROM      YEAR
                                                   NORMAL
...................................................................
TEMPERATURE
YESTERDAY
 MAXIMUM            58  0240 PM    70  1926     58       0     56
 MINIMUM            39  0603 AM    35  1959     45      -6     46
 AVERAGE            49                          51      -2     51

PRECIPITATION
(INCHES)
 YESTERDAY           T           1.49  1938   0.10   -0.10   0.12
 MONTH TO DATE    2.02                        3.25   -1.23   3.28
 SINCE JUN 1      6.27                        7.33   -1.06   7.18
 SINCE JAN 1      9.31                       11.42   -2.11  10.48

SNOWFALL
(INCHES)
 YESTERDAY         0.0            0.0  2014    0.0     0.0    0.0
 MONTH TO DATE     0.0                         0.0     0.0    0.0
 SINCE JUN 1       0.0                         0.0     0.0    0.0
 SINCE JUL 1       0.0                         0.0     0.0    0.0
 SNOW DEPTH (IN)     0                                          0

DEGREE DAYS
 HEATING
  YESTERDAY         16                          14       2     14
  MONTH TO DATE    248                         358    -110    319
  SINCE JUN 1      941                        1019     -78    872
  SINCE JUL 1      521                         642    -121    584

 COOLING
  YESTERDAY          0                           0       0      0
  MONTH TO DATE      0                           0       0      0
  SINCE JUN 1        0                           0       0     18
  SINCE JAN 1        0                           0       0     18
...................................................................

WIND (MPH)
 HIGHEST WIND SPEED    21     HIGHEST WIND DIRECTION    250
 HIGHEST GUST SPEED    26     HIGHEST GUST DIRECTION    270
 AVERAGE WIND SPEED  10.3

SKY COVER
  POSSIBLE SUNSHINE    MM          AVERAGE SKY COVER     MM

WEATHER CONDITIONS
 THE FOLLOWING WEATHER WAS RECORDED YESTERDAY.
  RAIN


RELATIVE HUMIDITY
 HIGHEST RH     MM PERCENT       MM
 LOWEST  RH     MM PERCENT       MM
 AVERAGE RH     MM PERCENT       MM
...................................................................

THE BETHEL CLIMATE NORMALS FOR TODAY
                           NORMAL    RECORD   YEAR
 MAXIMUM TEMPERATURE (F)     58        67     2008
 MINIMUM TEMPERATURE (F)     44        32     1926

SUNRISE AND SUNSET
 SEP 1 2014..........SUNRISE  7:41 AM      SUNSET  9:52 PM
 SEP 2 2014..........SUNRISE  7:44 AM      SUNSET  9:49 PM

-  INDICATES NEGATIVE NUMBERS.
R  INDICATES RECORD HAS BEEN SET OR TIED.
MM INDICATES DATA IS MISSING.
T  INDICATES TRACE OF PRECIPITATION.

&&
-------------------------------------------------------------------

AMOUNT OF DAYLIGHT TODAY  (HOUR:MIN)........14 HOURS 11 MINUTES
GAIN/LOSS SINCE YESTERDAY (HOUR:MIN:SEC)....-0:05:32

$$
DPA SEP 14
