000
CDAK48 PABE 221149
CLIBET

CLIMATE REPORT
NATIONAL WEATHER SERVICE BETHEL, AK
349 AM AKDT WED OCT 22 2014

...................................
...THE BETHEL AP CLIMATE SUMMARY FOR OCTOBER 21 2014...

CLIMATE NORMAL PERIOD  1981 TO  2010
CLIMATE RECORD PERIOD  1923 TO  2014

WEATHER ITEM   OBSERVED TIME    RECORD YEAR NORMAL DEPARTURE LAST
               VALUE    (LST)   VALUE       VALUE  FROM      YEAR
                                                   NORMAL
...................................................................
TEMPERATURE
YESTERDAY
 MAXIMUM            28  1123 PM    54  1926     33      -5     42
 MINIMUM            17  0913 PM     3  1928     22      -5     30
 AVERAGE            23                          28      -5     36

PRECIPITATION
(INCHES)
 YESTERDAY        0.01           0.34  1957   0.04   -0.03   0.07
 MONTH TO DATE    0.27                        1.20   -0.93   3.58
 SINCE SEP 1      1.53                        3.95   -2.42   6.10
 SINCE JAN 1     10.84                       15.37   -4.53  16.58

SNOWFALL
(INCHES)
 YESTERDAY         0.4            1.5  1985    0.2     0.2    0.0
 MONTH TO DATE     4.3                         2.2     2.1    0.0
 SINCE SEP 1       4.3                         2.8     1.5    0.0
 SINCE JUL 1       4.3                         2.8     1.5      T
 SNOW DEPTH (IN)     3                                          0

DEGREE DAYS
 HEATING
  YESTERDAY         42                          38       4     29
  MONTH TO DATE    745                         675      70    533
  SINCE SEP 1     1248                        1259     -11   1144
  SINCE JUL 1     1769                        1901    -132   1728

 COOLING
  YESTERDAY          0                           0       0      0
  MONTH TO DATE      0                           0       0      0
  SINCE SEP 1        0                           0       0      0
  SINCE JAN 1        0                           0       0     18
...................................................................

WIND (MPH)
 HIGHEST WIND SPEED    14     HIGHEST WIND DIRECTION    330
 HIGHEST GUST SPEED    17     HIGHEST GUST DIRECTION     10
 AVERAGE WIND SPEED   7.7

SKY COVER
  POSSIBLE SUNSHINE    MM          AVERAGE SKY COVER     MM

WEATHER CONDITIONS
 THE FOLLOWING WEATHER WAS RECORDED YESTERDAY.
  SNOW


RELATIVE HUMIDITY
 HIGHEST RH     MM PERCENT       MM
 LOWEST  RH     MM PERCENT       MM
 AVERAGE RH     MM PERCENT       MM
...................................................................

THE BETHEL CLIMATE NORMALS FOR TODAY
                           NORMAL    RECORD   YEAR
 MAXIMUM TEMPERATURE (F)     32        51     1926
 MINIMUM TEMPERATURE (F)     22         3     1970

SUNRISE AND SUNSET
 OCT 22 2014..........SUNRISE  9:48 AM      SUNSET  7:16 PM
 OCT 23 2014..........SUNRISE  9:50 AM      SUNSET  7:13 PM

-  INDICATES NEGATIVE NUMBERS.
R  INDICATES RECORD HAS BEEN SET OR TIED.
MM INDICATES DATA IS MISSING.
T  INDICATES TRACE OF PRECIPITATION.

&&
-------------------------------------------------------------------

AMOUNT OF DAYLIGHT TODAY  (HOUR:MIN)........9 HOURS 28 MINUTES
GAIN/LOSS SINCE YESTERDAY (HOUR:MIN:SEC)....-0:05:30

$$
FONTENOT
