000
CDAK48 PABE 281205
CLIBET

CLIMATE REPORT
NATIONAL WEATHER SERVICE BETHEL, AK
405 AM AKDT TUE JUL 28 2015

...................................
...THE BETHEL AP CLIMATE SUMMARY FOR JULY 27 2015...

CLIMATE NORMAL PERIOD  1981 TO  2015
CLIMATE RECORD PERIOD  1923 TO  2015

WEATHER ITEM   OBSERVED TIME    RECORD YEAR NORMAL DEPARTURE LAST
               VALUE    (LST)   VALUE       VALUE  FROM      YEAR
                                                   NORMAL
...................................................................
TEMPERATURE
YESTERDAY
 MAXIMUM            65  0719 PM    82  1953     62       3     60
 MINIMUM            50  0923 AM    40  1936     49       1     54
 AVERAGE            58                          56       2     57

PRECIPITATION
(INCHES)
 YESTERDAY        0.03           1.43  1952   0.09   -0.06      T
 MONTH TO DATE    1.97                        1.96    0.01   2.44
 SINCE JUN 1      2.25                        3.68   -1.43   3.96
 SINCE JAN 1      6.65                        7.77   -1.12   7.00

SNOWFALL
(INCHES)
 YESTERDAY         0.0            0.0  2015    0.0     0.0    0.0
 MONTH TO DATE     0.0                         0.0     0.0    0.0
 SINCE JUN 1       0.0                         0.0     0.0    0.0
 SINCE JUL 1       0.0                         0.0     0.0    0.0
 SNOW DEPTH (IN)     0                                          0

DEGREE DAYS
 HEATING
  YESTERDAY          7                          10      -3      8
  MONTH TO DATE    211                         244     -33    252
  SINCE JUN 1      449                         621    -172    672
  SINCE JUL 1      211                         244     -33    252

 COOLING
  YESTERDAY          0                           0       0      0
  MONTH TO DATE      1                           0       1      0
  SINCE JUN 1       11                           0      11      0
  SINCE JAN 1       11                           0      11      0
...................................................................

WIND (MPH)
 HIGHEST WIND SPEED    13     HIGHEST WIND DIRECTION    250
 HIGHEST GUST SPEED    16     HIGHEST GUST DIRECTION    310
 AVERAGE WIND SPEED   8.7

SKY COVER
  POSSIBLE SUNSHINE    MM          AVERAGE SKY COVER     MM

WEATHER CONDITIONS
 THE FOLLOWING WEATHER WAS RECORDED YESTERDAY.
  FOG
RAIN


RELATIVE HUMIDITY
 HIGHEST RH     MM PERCENT       MM
 LOWEST  RH     MM PERCENT       MM
 AVERAGE RH     MM PERCENT       MM
...................................................................

THE BETHEL CLIMATE NORMALS FOR TODAY
                           NORMAL    RECORD   YEAR
 MAXIMUM TEMPERATURE (F)     62        78     1987
 MINIMUM TEMPERATURE (F)     49        35     2000

SUNRISE AND SUNSET
 JUL 28 2015..........SUNRISE  6:13 AM      SUNSET 11:33 PM
 JUL 29 2015..........SUNRISE  6:16 AM      SUNSET 11:31 PM

-  INDICATES NEGATIVE NUMBERS.
R  INDICATES RECORD HAS BEEN SET OR TIED.
MM INDICATES DATA IS MISSING.
T  INDICATES TRACE OF PRECIPITATION.

&&
-------------------------------------------------------------------

AMOUNT OF DAYLIGHT TODAY  (HOUR:MIN)........17 HOURS 20 MINUTES
GAIN/LOSS SINCE YESTERDAY (HOUR:MIN:SEC)....-0:04:52

$$
RD JUL 15
