000
CDAK48 PABE 261230
CLIBET

CLIMATE REPORT
NATIONAL WEATHER SERVICE BETHEL, AK
430 AM AKDT THU MAY 26 2016

...................................
...THE BETHEL AP CLIMATE SUMMARY FOR MAY 25 2016...

CLIMATE NORMAL PERIOD  1981 TO  2010
CLIMATE RECORD PERIOD  1923 TO  2016

WEATHER ITEM   OBSERVED TIME    RECORD YEAR NORMAL DEPARTURE LAST
               VALUE    (LST)   VALUE       VALUE  FROM      YEAR
                                                   NORMAL
...................................................................
TEMPERATURE
YESTERDAY
 MAXIMUM            49  0240 PM    79  1969     54      -5     57
 MINIMUM            41  0512 AM    21  1926     37       4     42
 AVERAGE            45                          45       0     50

PRECIPITATION
(INCHES)
 YESTERDAY        0.01           0.57  1951   0.03   -0.02   0.13
 MONTH TO DATE    1.44                        0.89    0.55   1.74
 SINCE MAR 1      2.86                        2.34    0.52   3.30
 SINCE JAN 1      3.25                        3.84   -0.59   4.34

SNOWFALL
(INCHES)
 YESTERDAY         0.0            0.6  2001    0.1    -0.1    0.0
 MONTH TO DATE     0.0                         2.0    -2.0      T
 SINCE MAR 1       2.9                        15.9   -13.0   16.6
 SINCE JUL 1      29.4                        61.7   -32.3   42.1
 SNOW DEPTH (IN)     0                                          0

DEGREE DAYS
 HEATING
  YESTERDAY         20                          20       0     15
  MONTH TO DATE    443                         606    -163    488
  SINCE MAR 1     2494                        3292    -798   2892
  SINCE JUL 1     9943                       12038   -2095  10678

 COOLING
  YESTERDAY          0                           0       0      0
  MONTH TO DATE      0                           0       0      0
  SINCE MAR 1        0                           0       0      0
  SINCE JAN 1        0                           0       0      0
...................................................................

WIND (MPH)
 HIGHEST WIND SPEED    24     HIGHEST WIND DIRECTION    180
 HIGHEST GUST SPEED    28     HIGHEST GUST DIRECTION    180
 AVERAGE WIND SPEED  13.2

WEATHER CONDITIONS
 THE FOLLOWING WEATHER WAS RECORDED YESTERDAY.
 FOG
 RAIN

...................................................................

THE BETHEL CLIMATE NORMALS FOR TODAY
                           NORMAL    RECORD   YEAR
 MAXIMUM TEMPERATURE (F)     55        78     1969
 MINIMUM TEMPERATURE (F)     37        26     2001

SUNRISE AND SUNSET
 MAY 26 2016..........SUNRISE  5:38 AM      SUNSET 11:53 PM
 MAY 27 2016..........SUNRISE  5:36 AM      SUNSET 11:55 PM

-  INDICATES NEGATIVE NUMBERS.
R  INDICATES RECORD HAS BEEN SET OR TIED.
MM INDICATES DATA IS MISSING.
T  INDICATES TRACE OF PRECIPITATION.

&&
-------------------------------------------------------------------

AMOUNT OF DAYLIGHT TODAY  (HOUR:MIN)........18 HOURS 15 MINUTES
GAIN SINCE YESTERDAY (HOUR:MIN:SEC)....+0:04:05

$$
CR MAY 16
