000
CDAK48 PABE 201128
CLIBET

CLIMATE REPORT
NATIONAL WEATHER SERVICE BETHEL, AK
228 AM AKST SAT DEC 20 2014

...................................
...THE BETHEL AP CLIMATE SUMMARY FOR DECEMBER 19 2014...

CLIMATE NORMAL PERIOD  1981 TO  2010
CLIMATE RECORD PERIOD  1923 TO  2014

WEATHER ITEM   OBSERVED TIME    RECORD YEAR NORMAL DEPARTURE LAST
               VALUE    (LST)   VALUE       VALUE  FROM      YEAR
                                                   NORMAL
...................................................................
TEMPERATURE
YESTERDAY
 MAXIMUM            12  0121 AM    41  2000     16      -4     24
 MINIMUM             7  1159 PM   -33  2001      3       4     17
 AVERAGE            10                          10       0     21

PRECIPITATION
(INCHES)
 YESTERDAY        0.00           0.47  1951   0.04   -0.04   0.31
 MONTH TO DATE    0.64                        0.72   -0.08   0.92
 SINCE DEC 1      0.64                        0.72   -0.08   0.92
 SINCE JAN 1     14.87                       18.14   -3.27  20.63

SNOWFALL
(INCHES)
 YESTERDAY         0.0            3.1  2013    0.4    -0.4    3.1
 MONTH TO DATE     3.3                         7.3    -4.0    5.3
 SINCE DEC 1       3.3                         7.3    -4.0    5.3
 SINCE JUL 1      15.5                        25.2    -9.7   12.2
 SNOW DEPTH (IN)     2                                          5

DEGREE DAYS
 HEATING
  YESTERDAY         55                          55       0     44
  MONTH TO DATE    894                        1015    -121    873
  SINCE DEC 1      894                        1015    -121    872
  SINCE JUL 1     4169                        4745    -576   4224

 COOLING
  YESTERDAY          0                           0       0      0
  MONTH TO DATE      0                           0       0      0
  SINCE DEC 1        0                           0       0      0
  SINCE JAN 1        0                           0       0     18
...................................................................

WIND (MPH)
 HIGHEST WIND SPEED    23     HIGHEST WIND DIRECTION     30
 HIGHEST GUST SPEED    27     HIGHEST GUST DIRECTION     30
 AVERAGE WIND SPEED  16.3

SKY COVER
  POSSIBLE SUNSHINE    MM          AVERAGE SKY COVER     MM

WEATHER CONDITIONS
 THE FOLLOWING WEATHER WAS RECORDED YESTERDAY.
  NO SIGNIFICANT WEATHER WAS OBSERVED.

RELATIVE HUMIDITY
 HIGHEST RH     MM PERCENT       MM
 LOWEST  RH     MM PERCENT       MM
 AVERAGE RH     MM PERCENT       MM
...................................................................

THE BETHEL CLIMATE NORMALS FOR TODAY
                           NORMAL    RECORD   YEAR
 MAXIMUM TEMPERATURE (F)     16        43     1963
 MINIMUM TEMPERATURE (F)      3       -37     1957

SUNRISE AND SUNSET
 DEC 20 2014..........SUNRISE 10:57 AM      SUNSET  4:34 PM
 DEC 21 2014..........SUNRISE 10:58 AM      SUNSET  4:34 PM

-  INDICATES NEGATIVE NUMBERS.
R  INDICATES RECORD HAS BEEN SET OR TIED.
MM INDICATES DATA IS MISSING.
T  INDICATES TRACE OF PRECIPITATION.

&&
-------------------------------------------------------------------

AMOUNT OF DAYLIGHT TODAY  (HOUR:MIN)........5 HOURS 37 MINUTES
GAIN/LOSS SINCE YESTERDAY (HOUR:MIN:SEC)....-0:00:17

$$
ANDERSON DEC 14
