888
CDAK48 PAFC 291318
CLIBET

CLIMATE REPORT
NATIONAL WEATHER SERVICE ANCHORAGE, AK
517 AM AKDT WED MAR 29 2017


...................................

...THE BETHEL CLIMATE SUMMARY FOR MARCH 28 2017...

CLIMATE NORMAL PERIOD 1981 TO 2010
CLIMATE RECORD PERIOD 1948 TO 2017


WEATHER ITEM   OBSERVED TIME   RECORD YEAR NORMAL DEPARTURE LAST
                VALUE   (LST)  VALUE       VALUE  FROM      YEAR
                                                  NORMAL
..................................................................
TEMPERATURE (F)
 YESTERDAY
  MAXIMUM         15    753 PM  48    2015  25    -10       27
                                      1934
  MINIMUM          0    713 AM -26    1951  10    -10       18
  AVERAGE          8                        18    -10       23

PRECIPITATION (IN)
  YESTERDAY        0.00          0.42 1994   0.02  -0.02     0.12
  MONTH TO DATE    0.01                      0.64  -0.63     0.21
  SINCE MAR 1      0.01                      0.64  -0.63     0.21
  SINCE JAN 1      1.90                      2.14  -0.24     0.60

SNOWFALL (IN)
  YESTERDAY        0.0           3.7  1992   0.2   -0.2      1.2
  MONTH TO DATE    T                         7.4   -7.4      1.5
  SINCE MAR 1      T                         7.4   -7.4      1.5
  SINCE JUL 1     27.4                      53.2  -25.8     28.5
  SNOW DEPTH       4

DEGREE DAYS
 HEATING
  YESTERDAY       57                        47     10       42
  MONTH TO DATE 1665                      1404    261     1190
  SINCE MAR 1   1665                      1404    261     1190
  SINCE JUL 1   9925                     10142   -217     8447

 COOLING
  YESTERDAY        0                         0      0        0
  MONTH TO DATE    0                         0      0        0
  SINCE MAR 1      0                         0      0        0
  SINCE JAN 1      0                         0      0        0
..................................................................


WIND (MPH)
  RESULTANT WIND SPEED  10   RESULTANT WIND DIRECTION  NW (310)
  HIGHEST WIND SPEED    14   HIGHEST WIND DIRECTION     N (340)
  HIGHEST GUST SPEED    20   HIGHEST GUST DIRECTION    NW (330)
  AVERAGE WIND SPEED    10.1



WEATHER CONDITIONS
 THE FOLLOWING WEATHER WAS RECORDED YESTERDAY.
  NO SIGNIFICANT WEATHER WAS OBSERVED.


RELATIVE HUMIDITY (PERCENT)
 HIGHEST    80
 LOWEST     69
 AVERAGE    75

..........................................................


THE BETHEL CLIMATE NORMALS FOR TODAY
                         NORMAL    RECORD    YEAR
 MAXIMUM TEMPERATURE (F)   25        53      1934
 MINIMUM TEMPERATURE (F)   11       -28      1944


SUNRISE AND SUNSET
MARCH 29 2017.........SUNRISE   819 AM AKDT  SUNSET   926 PM AKDT
MARCH 30 2017.........SUNRISE   816 AM AKDT  SUNSET   929 PM AKDT

CIVIL TWILIGHT
MARCH 29 2017           START    736 AM GMT     END   1011 PM GMT
MARCH 30 2017           START    733 AM GMT     END   1013 PM GMT



-  INDICATES NEGATIVE NUMBERS.
R  INDICATES RECORD WAS SET OR TIED.
MM INDICATES DATA IS MISSING.
T  INDICATES TRACE AMOUNT.




$$
&&
------------------------------------------------------
AMOUNT OF DAYLIGHT TODAY  (HOUR:MIN)........13:07
GAIN/LOSS SINCE YESTERDAY (HOUR:MIN:SEC)....+0:05:38

$$
