000
CDAK48 PABE 061317
CLIBET

CLIMATE REPORT
NATIONAL WEATHER SERVICE BETHEL, AK
417 AM AKST FRI MAR 6 2015

...................................
...THE BETHEL AP CLIMATE SUMMARY FOR MARCH 5 2015...

CLIMATE NORMAL PERIOD  1981 TO  2010
CLIMATE RECORD PERIOD  1923 TO  2015

WEATHER ITEM   OBSERVED TIME    RECORD YEAR NORMAL DEPARTURE LAST
               VALUE    (LST)   VALUE       VALUE  FROM      YEAR
                                                   NORMAL
...................................................................
TEMPERATURE
YESTERDAY
 MAXIMUM            30  0630 PM    43  1984     21       9     17
 MINIMUM            22  1005 AM   -36  1977      6      16      4
 AVERAGE            26                          14      12     11

PRECIPITATION
(INCHES)
 YESTERDAY        0.06           0.38  2012   0.02    0.04      T
 MONTH TO DATE    0.18                        0.11    0.07      T
 SINCE MAR 1      0.18                        0.11    0.07   0.00
 SINCE JAN 1      1.22                        1.61   -0.39   1.58

SNOWFALL
(INCHES)
 YESTERDAY         1.1            3.1  2012    0.2     0.9      T
 MONTH TO DATE     1.6                         1.3     0.3      T
 SINCE MAR 1       1.6                         1.3     0.3    0.0
 SINCE JUL 1      27.1                        47.1   -20.0   22.1
 SNOW DEPTH (IN)     2                                          T

DEGREE DAYS
 HEATING
  YESTERDAY         39                          51     -12     54
  MONTH TO DATE    183                         258     -75    219
  SINCE MAR 1      183                         258     -75    219
  SINCE JUL 1     7958                        9004   -1046   7694

 COOLING
  YESTERDAY          0                           0       0      0
  MONTH TO DATE      0                           0       0      0
  SINCE MAR 1        0                           0       0      0
  SINCE JAN 1        0                           0       0      0
...................................................................

WIND (MPH)
 HIGHEST WIND SPEED    15     HIGHEST WIND DIRECTION    190
 HIGHEST GUST SPEED    19     HIGHEST GUST DIRECTION    190
 AVERAGE WIND SPEED   8.5

SKY COVER
  POSSIBLE SUNSHINE    MM          AVERAGE SKY COVER     MM

WEATHER CONDITIONS
 THE FOLLOWING WEATHER WAS RECORDED YESTERDAY.
 FOG
 SNOW


RELATIVE HUMIDITY
 HIGHEST RH     MM PERCENT       MM
 LOWEST  RH     MM PERCENT       MM
 AVERAGE RH     MM PERCENT       MM
...................................................................

THE BETHEL CLIMATE NORMALS FOR TODAY
                           NORMAL    RECORD   YEAR
 MAXIMUM TEMPERATURE (F)     21        40     2001
 MINIMUM TEMPERATURE (F)      6       -31     1971

SUNRISE AND SUNSET
 MAR 6 2015..........SUNRISE  8:32 AM      SUNSET  7:27 PM
 MAR 7 2015..........SUNRISE  8:29 AM      SUNSET  7:30 PM

-  INDICATES NEGATIVE NUMBERS.
R  INDICATES RECORD HAS BEEN SET OR TIED.
MM INDICATES DATA IS MISSING.
T  INDICATES TRACE OF PRECIPITATION.

&&
-------------------------------------------------------------------

AMOUNT OF DAYLIGHT TODAY  (HOUR:MIN)........10 HOURS 55 MINUTES
GAIN/LOSS SINCE YESTERDAY (HOUR:MIN:SEC)....+0:05:38

$$
DAC
