000
CDAK48 PABE 071241
CLIBET

CLIMATE REPORT
NATIONAL WEATHER SERVICE BETHEL, AK
441 AM AKDT TUE JUL 7 2015

...................................
...THE BETHEL AP CLIMATE SUMMARY FOR JULY 6 2015...

CLIMATE NORMAL PERIOD  1981 TO  2010
CLIMATE RECORD PERIOD  1923 TO  2015

WEATHER ITEM   OBSERVED TIME    RECORD YEAR NORMAL DEPARTURE LAST
               VALUE    (LST)   VALUE       VALUE  FROM      YEAR
                                                   NORMAL
...................................................................
TEMPERATURE
YESTERDAY
 MAXIMUM            66  0144 PM    83  2008     64       2     74
 MINIMUM            51  1159 PM    39  1942     49       2     55
 AVERAGE            59                          57       2     65

PRECIPITATION
(INCHES)
 YESTERDAY        0.36           0.46  1926   0.06    0.30   0.01
 MONTH TO DATE    0.41                        0.36    0.05   0.01
 SINCE JUN 1      0.69                        2.08   -1.39   1.53
 SINCE JAN 1      5.09                        6.17   -1.08   4.57

SNOWFALL
(INCHES)
 YESTERDAY         0.0            0.0  2015    0.0     0.0    0.0
 MONTH TO DATE     0.0                         0.0     0.0    0.0
 SINCE JUN 1       0.0                         0.0     0.0    0.0
 SINCE JUL 1       0.0                         0.0     0.0    0.0
 SNOW DEPTH (IN)     0                                          0

DEGREE DAYS
 HEATING
  YESTERDAY          6                           9      -3      0
  MONTH TO DATE     32                          54     -22     32
  SINCE JUN 1      270                         431    -161    452
  SINCE JUL 1       32                          54     -22     32

 COOLING
  YESTERDAY          0                           0       0      0
  MONTH TO DATE      1                           0       1      0
  SINCE JUN 1       11                           0      11      0
  SINCE JAN 1       11                           0      11      0
...................................................................

WIND (MPH)
 HIGHEST WIND SPEED    23     HIGHEST WIND DIRECTION    200
 HIGHEST GUST SPEED    27     HIGHEST GUST DIRECTION    200
 AVERAGE WIND SPEED   8.4

WEATHER CONDITIONS
 THE FOLLOWING WEATHER WAS RECORDED YESTERDAY.
 SMOKE OR HAZE
 FOG
 RAIN

...................................................................

THE BETHEL CLIMATE NORMALS FOR TODAY
                           NORMAL    RECORD   YEAR
 MAXIMUM TEMPERATURE (F)     64        83     1972
 MINIMUM TEMPERATURE (F)     49        38     1967

SUNRISE AND SUNSET
 JUL 7 2015..........SUNRISE  5:29 AM      SUNSET 12:15 AM
 JUL 8 2015..........SUNRISE  5:31 AM      SUNSET 12:14 AM

-  INDICATES NEGATIVE NUMBERS.
R  INDICATES RECORD HAS BEEN SET OR TIED.
MM INDICATES DATA IS MISSING.
T  INDICATES TRACE OF PRECIPITATION.

&&
-------------------------------------------------------------------

AMOUNT OF DAYLIGHT TODAY  (HOUR:MIN)........18 HOURS 46 MINUTES
LOSS SINCE YESTERDAY (HOUR:MIN:SEC)....-0:02:46

$$
CR JUL 15
