000
CDAK48 PABE 221359
CLIBET


CLIMATE REPORT
NATIONAL WEATHER SERVICE ANCHORAGE, AK
558 AM AKDT MON MAY 22 2017


...................................

...THE BETHEL CLIMATE SUMMARY FOR MAY 21 2017...

CLIMATE NORMAL PERIOD 1981 TO 2010
CLIMATE RECORD PERIOD 1948 TO 2017


WEATHER ITEM   OBSERVED TIME   RECORD YEAR NORMAL DEPARTURE LAST
                VALUE   (LST)  VALUE       VALUE  FROM      YEAR
                                                  NORMAL
..................................................................
TEMPERATURE (F)
 YESTERDAY
  MAXIMUM         56        MM  70    2002  53      3       49
  MINIMUM         34        MM  21    1933  35     -1       37
  AVERAGE         45                        44      1       43

PRECIPITATION (IN)
  YESTERDAY        0.21          0.47 1970   0.03   0.18     0.04
  MONTH TO DATE    1.13                      0.74   0.39     1.12
  SINCE MAR 1      1.90                      2.19  -0.29     2.52
  SINCE JAN 1      3.79                      3.69   0.10     2.91

SNOWFALL (IN)
  YESTERDAY       MM             0.4  1966   0.0   MM        0.0
  MONTH TO DATE    T                         1.8   -1.8      0.0
  SINCE MAR 1      3.8                      15.7  -11.9      2.9
  SINCE JUL 1     31.2                      61.5  -30.3     29.9
  SNOW DEPTH       0

DEGREE DAYS
 HEATING
  YESTERDAY       20                        21     -1       22
  MONTH TO DATE  415                       525   -110      339
  SINCE MAR 1   3106                      3212   -106     2349
  SINCE JUL 1  11366                     11950   -584     9606

 COOLING
  YESTERDAY        0                         0      0        0
  MONTH TO DATE    0                         0      0        0
  SINCE MAR 1      0                         0      0        0
  SINCE JAN 1      0                         0      0        0
..................................................................


WIND (MPH)
  RESULTANT WIND SPEED   7   RESULTANT WIND DIRECTION  SW (240)
  HIGHEST WIND SPEED    15   HIGHEST WIND DIRECTION    SW (240)
  HIGHEST GUST SPEED    MM   HIGHEST GUST DIRECTION    MM
  AVERAGE WIND SPEED     7.6



WEATHER CONDITIONS
 THE FOLLOWING WEATHER WAS RECORDED YESTERDAY.
  RAIN
  LIGHT RAIN
  FOG
  FOG W/VISIBILITY <= 1/4 MILE


RELATIVE HUMIDITY (PERCENT)
 HIGHEST   100
 LOWEST     54
 AVERAGE    77

..........................................................


THE BETHEL CLIMATE NORMALS FOR TODAY
                         NORMAL    RECORD    YEAR
 MAXIMUM TEMPERATURE (F)   53        70      2004
 MINIMUM TEMPERATURE (F)   36        19      1966


SUNRISE AND SUNSET
MAY 22 2017...........SUNRISE   546 AM AKDT  SUNSET  1143 PM AKDT
MAY 23 2017...........SUNRISE   544 AM AKDT  SUNSET  1145 PM AKDT


-  INDICATES NEGATIVE NUMBERS.
R  INDICATES RECORD WAS SET OR TIED.
MM INDICATES DATA IS MISSING.
T  INDICATES TRACE AMOUNT.




$$
