716
CDAK48 PAFC 190039
CLIBET


CLIMATE REPORT
NATIONAL WEATHER SERVICE ANCHORAGE, AK
339 PM AKST WED JAN 18 2017


...................................

...THE BETHEL CLIMATE SUMMARY FOR JANUARY 18 2017...
VALID TODAY AS OF 0300 PM LOCAL TIME.

CLIMATE NORMAL PERIOD 1981 TO 2010
CLIMATE RECORD PERIOD 1948 TO 2017


WEATHER ITEM   OBSERVED TIME   RECORD YEAR NORMAL DEPARTURE LAST
                VALUE   (LST)  VALUE       VALUE  FROM      YEAR
                                                  NORMAL
..................................................................
TEMPERATURE (F)
 TODAY
  MAXIMUM        -13    100 PM  43    1937  12    -25       15
  MINIMUM        -23        MM -52    1947   0    -23        6
  AVERAGE        -18                         6    -24       11

PRECIPITATION (IN)
  TODAY            0.00          0.81 1933   0.02  -0.02      T
  MONTH TO DATE    0.37                      0.48  -0.11     0.14
  SINCE DEC 1      1.13                      1.60  -0.47     1.38
  SINCE JAN 1      0.37                      0.48  -0.11     0.14

SNOWFALL (IN)
  TODAY            0.0           4.9  1967   0.3   -0.3       T
  MONTH TO DATE    1.6                       6.0   -4.4      2.2
  SINCE DEC 1      9.1                      17.4   -8.3     15.6
  SINCE JUL 1     12.7                      35.3  -22.6     25.0
  SNOW DEPTH       1

DEGREE DAYS
 HEATING
  TODAY           83                        59     24       54
  MONTH TO DATE 1019                      1057    -38      751
  SINCE DEC 1   2608                      2751   -143     2249
  SINCE JUL 1   5836                      6474   -638     5461

 COOLING
  TODAY            0                         0      0        0
  MONTH TO DATE    0                         0      0        0
  SINCE DEC 1      0                         0      0        0
  SINCE JAN 1      0                         0      0        0
..................................................................


WIND (MPH)
  RESULTANT WIND SPEED   7   RESULTANT WIND DIRECTION  NE (30)
  HIGHEST WIND SPEED     9   HIGHEST WIND DIRECTION    NE (30)
  HIGHEST GUST SPEED    22   HIGHEST GUST DIRECTION     N (10)
  AVERAGE WIND SPEED     6.8



WEATHER CONDITIONS
 THE FOLLOWING WEATHER WAS RECORDED TODAY.
  NO SIGNIFICANT WEATHER WAS OBSERVED.


RELATIVE HUMIDITY (PERCENT)
 HIGHEST    78
 LOWEST     69
 AVERAGE    74

..........................................................


THE BETHEL CLIMATE NORMALS FOR TOMORROW
                         NORMAL    RECORD    YEAR
 MAXIMUM TEMPERATURE (F)   12        46      1937
 MINIMUM TEMPERATURE (F)    1       -52      1947


SUNRISE AND SUNSET
JANUARY 18 2017.......SUNRISE  1035 AM AKST  SUNSET   522 PM AKST
JANUARY 19 2017.......SUNRISE  1033 AM AKST  SUNSET   524 PM AKST


-  INDICATES NEGATIVE NUMBERS.
R  INDICATES RECORD WAS SET OR TIED.
MM INDICATES DATA IS MISSING.
T  INDICATES TRACE AMOUNT.




$$
