000
CDAK48 PABE 281150
CLIBET

CLIMATE REPORT
NATIONAL WEATHER SERVICE BETHEL, AK
350 AM AKDT FRI AUG 28 2015

...................................
...THE BETHEL AP CLIMATE SUMMARY FOR AUGUST 27 2015...

CLIMATE NORMAL PERIOD  1981 TO  2010
CLIMATE RECORD PERIOD  1923 TO  2015

WEATHER ITEM   OBSERVED TIME    RECORD YEAR NORMAL DEPARTURE LAST
               VALUE    (LST)   VALUE       VALUE  FROM      YEAR
                                                   NORMAL
...................................................................
TEMPERATURE
YESTERDAY
 MAXIMUM            53  0514 PM    77  1923     59      -6     63
 MINIMUM            40  1159 PM    31  1984     46      -6     47
 AVERAGE            47                          52      -5     55

PRECIPITATION
(INCHES)
 YESTERDAY        0.02           0.81  1953   0.10   -0.08   0.03
 MONTH TO DATE    2.80                        2.85   -0.05   1.83
 SINCE JUN 1      5.16                        6.93   -1.77   6.08
 SINCE JAN 1      9.56                       11.02   -1.46   9.12

SNOWFALL
(INCHES)
 YESTERDAY         0.0            0.0  2015    0.0     0.0    0.0
 MONTH TO DATE     0.0                         0.0     0.0    0.0
 SINCE JUN 1       0.0                         0.0     0.0    0.0
 SINCE JUL 1       0.0                         0.0     0.0    0.0
 SNOW DEPTH (IN)     0                                          0

DEGREE DAYS
 HEATING
  YESTERDAY         18                          13       5     10
  MONTH TO DATE    298                         304      -6    181
  SINCE JUN 1      777                         965    -188    874
  SINCE JUL 1      539                         588     -49    454

 COOLING
  YESTERDAY          0                           0       0      0
  MONTH TO DATE      0                           0       0      0
  SINCE JUN 1       11                           0      11      0
  SINCE JAN 1       11                           0      11      0
...................................................................

WIND (MPH)
 HIGHEST WIND SPEED    23     HIGHEST WIND DIRECTION    330
 HIGHEST GUST SPEED    30     HIGHEST GUST DIRECTION    320
 AVERAGE WIND SPEED  13.6

SKY COVER
  POSSIBLE SUNSHINE    MM          AVERAGE SKY COVER     MM

WEATHER CONDITIONS
 THE FOLLOWING WEATHER WAS RECORDED YESTERDAY.
 RAIN


RELATIVE HUMIDITY
 HIGHEST RH     MM PERCENT       MM
 LOWEST  RH     MM PERCENT       MM
 AVERAGE RH     MM PERCENT       MM
...................................................................

THE BETHEL CLIMATE NORMALS FOR TODAY
                           NORMAL    RECORD   YEAR
 MAXIMUM TEMPERATURE (F)     58        74     1923
 MINIMUM TEMPERATURE (F)     45        33     1960

SUNRISE AND SUNSET
 AUG 28 2015..........SUNRISE  7:31 AM      SUNSET 10:05 PM
 AUG 29 2015..........SUNRISE  7:33 AM      SUNSET 10:02 PM

-  INDICATES NEGATIVE NUMBERS.
R  INDICATES RECORD HAS BEEN SET OR TIED.
MM INDICATES DATA IS MISSING.
T  INDICATES TRACE OF PRECIPITATION.

&&
-------------------------------------------------------------------

AMOUNT OF DAYLIGHT TODAY  (HOUR:MIN)........14 HOURS 34 MINUTES
GAIN/LOSS SINCE YESTERDAY (HOUR:MIN:SEC)....-0:05:32

$$
DAC
