000
CDUS45 KCYS 060748
CLIBFF


CLIMATE REPORT
NATIONAL WEATHER SERVICE CHEYENNE WY
148 AM MDT MON JUL 6 2015


...................................

...THE SCOTTSBLUFF NE AIRPORT CLIMATE SUMMARY FOR JULY 5 2015...

CLIMATE NORMAL PERIOD 1981 TO 2010
CLIMATE RECORD PERIOD 1871 TO 2015


WEATHER ITEM   OBSERVED TIME   RECORD YEAR NORMAL DEPARTURE LAST
                VALUE   (LST)  VALUE       VALUE  FROM      YEAR
                                                  NORMAL
..................................................................
TEMPERATURE (F)
 YESTERDAY
  MAXIMUM         96    116 PM 108    1989  89      7      100
                                      1936
  MINIMUM         62   1159 PM  35    1898  57      5       55
  AVERAGE         79                        73      6       78

PRECIPITATION (IN)
  YESTERDAY        1.08R         0.86 2000   0.06   1.02     0.00
  MONTH TO DATE    1.30                      0.31   0.99      T
  SINCE JAN 1     15.70                      9.48   6.22     8.88

SNOWFALL (IN)
  YESTERDAY        0.0          MM      MM   0.0    0.0      0.0
  MONTH TO DATE    0.0                       0.0    0.0      0.0
  SINCE JUL 1      0.0                       0.0    0.0      0.0
  SNOW DEPTH       0

DEGREE DAYS
 HEATING
  YESTERDAY        0                         0      0        0
  MONTH TO DATE    0                         1     -1        3
  SINCE JUN 1      3                        61    -58       56
  SINCE JUL 1      0                         1     -1        3

 COOLING
  YESTERDAY       14                         8      6       13
  MONTH TO DATE   61                        40     21       36
  SINCE JUN 1    247                       166     81      131
  SINCE JAN 1    247                       189     58      158
..................................................................


WIND (MPH)
  HIGHEST WIND SPEED    37   HIGHEST WIND DIRECTION     W (250)
  HIGHEST GUST SPEED    44   HIGHEST GUST DIRECTION    SW (240)
  AVERAGE WIND SPEED     9.5


SKY COVER
  AVERAGE SKY COVER 0.3


WEATHER CONDITIONS
 THE FOLLOWING WEATHER WAS RECORDED YESTERDAY.
  THUNDERSTORM
  HEAVY RAIN
  LIGHT RAIN
  FOG


RELATIVE HUMIDITY (PERCENT)
 HIGHEST   100           900 PM
 LOWEST     28           100 PM
 AVERAGE    64

..........................................................


THE SCOTTSBLUFF NE AIRPORT CLIMATE NORMALS FOR TODAY
                         NORMAL    RECORD    YEAR
 MAXIMUM TEMPERATURE (F)   89       109      1973
 MINIMUM TEMPERATURE (F)   57        41      1904


SUNRISE AND SUNSET
JULY  6 2015..........SUNRISE   526 AM MDT   SUNSET   832 PM MDT
JULY  7 2015..........SUNRISE   526 AM MDT   SUNSET   832 PM MDT


-  INDICATES NEGATIVE NUMBERS.
R  INDICATES RECORD WAS SET OR TIED.
MM INDICATES DATA IS MISSING.
T  INDICATES TRACE AMOUNT.




$$
