000
CDUS45 KCYS 300735
CLIBFF


CLIMATE REPORT
NATIONAL WEATHER SERVICE CHEYENNE WY
135 AM MDT TUE AUG 30 2016


...................................

...THE SCOTTSBLUFF NE AIRPORT CLIMATE SUMMARY FOR AUGUST 29 2016...

CLIMATE NORMAL PERIOD 1981 TO 2010
CLIMATE RECORD PERIOD 1871 TO 2016


WEATHER ITEM   OBSERVED TIME   RECORD YEAR NORMAL DEPARTURE LAST
                VALUE   (LST)  VALUE       VALUE  FROM      YEAR
                                                  NORMAL
..................................................................
TEMPERATURE (F)
 YESTERDAY
  MAXIMUM         90    207 PM 104    1898  85      5       94
  MINIMUM         52    508 AM  39    1915  53     -1       52
  AVERAGE         71                        69      2       73

PRECIPITATION (IN)
  YESTERDAY        0.00          0.75 2002   0.04  -0.04     0.00
  MONTH TO DATE    1.86                      1.23   0.63     1.24
  SINCE JAN 1     13.32                     12.23   1.09    19.47

SNOWFALL (IN)
  YESTERDAY        0.0          MM      MM   0.0    0.0      0.0
  MONTH TO DATE    0.0                       0.0    0.0      0.0
  SINCE JUL 1      0.0                       0.0    0.0      0.0
  SNOW DEPTH       0

DEGREE DAYS
 HEATING
  YESTERDAY        0                         1     -1        0
  MONTH TO DATE   16                         8      8       27
  SINCE JUN 1     22                        74    -52       36
  SINCE JUL 1     16                        14      2       33

 COOLING
  YESTERDAY        6                         5      1        8
  MONTH TO DATE  196                       219    -23      227
  SINCE JUN 1    808                       632    176      659
  SINCE JAN 1    812                       655    157      659
..................................................................


WIND (MPH)
  HIGHEST WIND SPEED    17   HIGHEST WIND DIRECTION    SE (120)
  HIGHEST GUST SPEED    20   HIGHEST GUST DIRECTION    SE (120)
  AVERAGE WIND SPEED     6.4


SKY COVER
  AVERAGE SKY COVER 0.0


WEATHER CONDITIONS
 THE FOLLOWING WEATHER WAS RECORDED YESTERDAY.
  THUNDERSTORM


RELATIVE HUMIDITY (PERCENT)
 HIGHEST    89           600 AM
 LOWEST     24           300 PM
 AVERAGE    57

..........................................................


THE SCOTTSBLUFF NE AIRPORT CLIMATE NORMALS FOR TODAY
                         NORMAL    RECORD    YEAR
 MAXIMUM TEMPERATURE (F)   85       102      1990
                                             1985
 MINIMUM TEMPERATURE (F)   53        37      1964


SUNRISE AND SUNSET
AUGUST 30 2016........SUNRISE   619 AM MDT   SUNSET   730 PM MDT
AUGUST 31 2016........SUNRISE   620 AM MDT   SUNSET   729 PM MDT


-  INDICATES NEGATIVE NUMBERS.
R  INDICATES RECORD WAS SET OR TIED.
MM INDICATES DATA IS MISSING.
T  INDICATES TRACE AMOUNT.




$$
