000
CDUS45 KCYS 242304
CLIBFF


CLIMATE REPORT
NATIONAL WEATHER SERVICE CHEYENNE WY
454 PM MDT FRI OCT 24 2014


...................................

...THE SCOTTSBLUFF NEBRASKA AIRPORT CLIMATE SUMMARY FOR OCTOBER 24 2014...
VALID AS OF 0300 PM LOCAL TIME.

CLIMATE NORMAL PERIOD 1981 TO 2010
CLIMATE RECORD PERIOD 1871 TO 2014


WEATHER ITEM   OBSERVED TIME   RECORD YEAR NORMAL DEPARTURE LAST
                VALUE   (LST)  VALUE       VALUE  FROM      YEAR
                                                  NORMAL
..................................................................
TEMPERATURE (F)
 TODAY
  MAXIMUM         83R   137 PM  82    1927  61     22       59
                                      1894
  MINIMUM         43    112 AM  12    1945  30     13       28
  AVERAGE         63                        46     17       44

PRECIPITATION (IN)
  TODAY            0.00          1.27 1997   0.04  -0.04     0.00
  MONTH TO DATE    0.16                      0.94  -0.78     1.56
  SINCE SEP 1      4.42                      2.12   2.30     3.93
  SINCE JAN 1     16.46                     14.42   2.04    11.78

SNOWFALL (IN)
  TODAY            0.0           6.3  1997   0.1   -0.1      0.0
  MONTH TO DATE    0.0                       1.8   -1.8      6.3
  SINCE JUL 1      T                         2.3   -2.3      6.3
  SNOW DEPTH       0

DEGREE DAYS
 HEATING
  TODAY            2                        19    -17       21
  MONTH TO DATE  239                       366   -127      421
  SINCE SEP 1    350                       525   -175      507
  SINCE JUL 1    363                       545   -182      509

 COOLING
  TODAY            0                         0      0        0
  MONTH TO DATE    0                         0      0        0
  SINCE SEP 1     76                        58     18      155
  SINCE JAN 1    719                       723     -4     1047
..................................................................


WIND (MPH)
  HIGHEST WIND SPEED    25   HIGHEST WIND DIRECTION     W (270)
  HIGHEST GUST SPEED    31   HIGHEST GUST DIRECTION    NW (300)
  AVERAGE WIND SPEED    10.8


SKY COVER
  AVERAGE SKY COVER 0.0


WEATHER CONDITIONS
 THE FOLLOWING WEATHER WAS RECORDED TODAY.
  NO SIGNIFICANT WEATHER WAS OBSERVED.


RELATIVE HUMIDITY (PERCENT)
 HIGHEST    76           100 AM
 LOWEST     51           800 AM
 AVERAGE    64

..........................................................


THE SCOTTSBLUFF NEBRASKA AIRPORT CLIMATE NORMALS FOR TOMORROW
                         NORMAL    RECORD    YEAR
 MAXIMUM TEMPERATURE (F)   61        83      1927
                                             1922
 MINIMUM TEMPERATURE (F)   30         6      1997


SUNRISE AND SUNSET
OCTOBER 24 2014.......SUNRISE   717 AM MDT   SUNSET   559 PM MDT
OCTOBER 25 2014.......SUNRISE   718 AM MDT   SUNSET   558 PM MDT


-  INDICATES NEGATIVE NUMBERS.
R  INDICATES RECORD WAS SET OR TIED.
MM INDICATES DATA IS MISSING.
T  INDICATES TRACE AMOUNT.




$$
