703
CDUS45 KCYS 012128
CLIBFF


CLIMATE REPORT
NATIONAL WEATHER SERVICE CHEYENNE WY
328 PM MDT SUN MAY 1 2016


...................................

...THE SCOTTSBLUFF NE AIRPORT CLIMATE SUMMARY FOR MAY 1 2016...
VALID AS OF 0300 PM LOCAL TIME.

CLIMATE NORMAL PERIOD 1981 TO 2010
CLIMATE RECORD PERIOD 1871 TO 2016


WEATHER ITEM   OBSERVED TIME   RECORD YEAR NORMAL DEPARTURE LAST
                VALUE   (LST)  VALUE       VALUE  FROM      YEAR
                                                  NORMAL
..................................................................
TEMPERATURE (F)
 TODAY
  MAXIMUM         53    159 PM  90    1959  67    -14       72
  MINIMUM         37    533 AM  12    1898  37      0       47
  AVERAGE         45                        52     -7       60

PRECIPITATION (IN)
  TODAY            0.01          0.53 1915   0.06  -0.05     0.01
  MONTH TO DATE    0.01                      0.06  -0.05     0.01
  SINCE MAR 1      6.74                      2.89   3.85     3.38
  SINCE JAN 1      7.51                      3.90   3.61     4.22

SNOWFALL (IN)
  TODAY            0.0           3.4  2013   0.0    0.0      0.0
  MONTH TO DATE    0.0                       0.0    0.0      0.0
  SINCE JUL 1     31.4                      41.6  -10.2     43.7
  SNOW DEPTH       0

DEGREE DAYS
 HEATING
  TODAY           20                        13      7        5
  MONTH TO DATE   20                        13      7        5
  SINCE MAR 1   1212                      1394   -182     1094
  SINCE JUL 1   5642                      6306   -664     5809

 COOLING
  TODAY            0                         0      0        0
  MONTH TO DATE    0                         0      0        0
  SINCE MAR 1      0                         2     -2        0
  SINCE JAN 1      0                         2     -2        0
..................................................................


WIND (MPH)
  HIGHEST WIND SPEED    18   HIGHEST WIND DIRECTION     N (10)
  HIGHEST GUST SPEED    22   HIGHEST GUST DIRECTION     N (10)
  AVERAGE WIND SPEED    11.0


SKY COVER
  AVERAGE SKY COVER 0.8


WEATHER CONDITIONS
 THE FOLLOWING WEATHER WAS RECORDED TODAY.
  LIGHT RAIN


RELATIVE HUMIDITY (PERCENT)
 HIGHEST    92          1200 AM
 LOWEST     39          1100 AM
 AVERAGE    66

..........................................................


THE SCOTTSBLUFF NE AIRPORT CLIMATE NORMALS FOR TOMORROW
                         NORMAL    RECORD    YEAR
 MAXIMUM TEMPERATURE (F)   67        88      1981
 MINIMUM TEMPERATURE (F)   38        15      1898


SUNRISE AND SUNSET
MAY  1 2016...........SUNRISE   550 AM MDT   SUNSET   754 PM MDT
MAY  2 2016...........SUNRISE   549 AM MDT   SUNSET   755 PM MDT


-  INDICATES NEGATIVE NUMBERS.
R  INDICATES RECORD WAS SET OR TIED.
MM INDICATES DATA IS MISSING.
T  INDICATES TRACE AMOUNT.




$$
