000
CDUS45 KCYS 300745
CLIBFF


CLIMATE REPORT
NATIONAL WEATHER SERVICE CHEYENNE WY
145 AM MDT FRI SEP 30 2016


...................................

...THE SCOTTSBLUFF NE AIRPORT CLIMATE SUMMARY FOR SEPTEMBER 29 2016...

CLIMATE NORMAL PERIOD 1981 TO 2010
CLIMATE RECORD PERIOD 1871 TO 2016


WEATHER ITEM   OBSERVED TIME   RECORD YEAR NORMAL DEPARTURE LAST
                VALUE   (LST)  VALUE       VALUE  FROM      YEAR
                                                  NORMAL
..................................................................
TEMPERATURE (F)
 YESTERDAY
  MAXIMUM         83    124 PM  93    1942  71     12       73
  MINIMUM         45    603 AM  20    1916  39      6       55
  AVERAGE         64                        55      9       64

PRECIPITATION (IN)
  YESTERDAY        0.00          2.95 2014   0.04  -0.04     0.07
  MONTH TO DATE    1.40                      1.14   0.26     1.07
  SINCE JAN 1     14.72                     13.44   1.28    20.56

SNOWFALL (IN)
  YESTERDAY        0.0           0.4  1912   0.1   -0.1      0.0
  MONTH TO DATE    0.0                       0.5   -0.5      0.0
  SINCE JUL 1      0.0                       0.5   -0.5      0.0
  SNOW DEPTH       0

DEGREE DAYS
 HEATING
  YESTERDAY        1                        10     -9        1
  MONTH TO DATE   87                       149    -62       33
  SINCE SEP 1     87                       149    -62       33
  SINCE JUL 1    103                       169    -66       66

 COOLING
  YESTERDAY        0                         0      0        0
  MONTH TO DATE   72                        57     15      107
  SINCE SEP 1     72                        57     15      107
  SINCE JAN 1    893                       722    171      787
..................................................................


WIND (MPH)
  HIGHEST WIND SPEED    22   HIGHEST WIND DIRECTION    SE (140)
  HIGHEST GUST SPEED    28   HIGHEST GUST DIRECTION    SE (150)
  AVERAGE WIND SPEED    13.4


SKY COVER
  AVERAGE SKY COVER 0.0


WEATHER CONDITIONS
 THE FOLLOWING WEATHER WAS RECORDED YESTERDAY.
  NO SIGNIFICANT WEATHER WAS OBSERVED.


RELATIVE HUMIDITY (PERCENT)
 HIGHEST    76           600 AM
 LOWEST     24           300 PM
 AVERAGE    50

..........................................................


THE SCOTTSBLUFF NE AIRPORT CLIMATE NORMALS FOR TODAY
                         NORMAL    RECORD    YEAR
 MAXIMUM TEMPERATURE (F)   71        94      1989
                                             1980
 MINIMUM TEMPERATURE (F)   39        19      1985


SUNRISE AND SUNSET
SEPTEMBER 30 2016.....SUNRISE   651 AM MDT   SUNSET   637 PM MDT
OCTOBER  1 2016.......SUNRISE   652 AM MDT   SUNSET   635 PM MDT


-  INDICATES NEGATIVE NUMBERS.
R  INDICATES RECORD WAS SET OR TIED.
MM INDICATES DATA IS MISSING.
T  INDICATES TRACE AMOUNT.




$$
