000
CDUS45 KCYS 270326
CLIBFF


CLIMATE REPORT
NATIONAL WEATHER SERVICE CHEYENNE WY
925 PM MDT THU MAY 26 2016


...................................

...THE SCOTTSBLUFF NE AIRPORT CLIMATE SUMMARY FOR MAY 26 2016...
VALID TODAY AS OF 0900 PM LOCAL TIME.

CLIMATE NORMAL PERIOD 1981 TO 2010
CLIMATE RECORD PERIOD 1871 TO 2016


WEATHER ITEM   OBSERVED TIME   RECORD YEAR NORMAL DEPARTURE LAST
                VALUE   (LST)  VALUE       VALUE  FROM      YEAR
                                                  NORMAL
..................................................................
TEMPERATURE (F)
 TODAY
  MAXIMUM         71   1035 AM  95    1931  75     -4       70
  MINIMUM         42    443 AM  34    1992  47     -5       45
                                      1975
  AVERAGE         57                        61     -4       58

PRECIPITATION (IN)
  TODAY            0.00          2.00 1898   0.10  -0.10      T
  MONTH TO DATE    1.60                      1.98  -0.38     6.39
  SINCE MAR 1      8.33                      4.81   3.52     9.76
  SINCE JAN 1      9.10                      5.82   3.28    10.60

SNOWFALL (IN)
  TODAY            0.0          MM      MM   0.0    0.0      0.0
  MONTH TO DATE    0.0                       0.5   -0.5      8.0
  SINCE JUL 1     34.6                      42.1   -7.5     51.7
  SNOW DEPTH       0

DEGREE DAYS
 HEATING
  TODAY            8                         5      3        7
  MONTH TO DATE  266                       239     27      329
  SINCE MAR 1   1458                      1620   -162     1418
  SINCE JUL 1   5888                      6532   -644     6133

 COOLING
  TODAY            0                         1     -1        0
  MONTH TO DATE    4                        15    -11        0
  SINCE MAR 1      4                        17    -13        0
  SINCE JAN 1      4                        17    -13        0
..................................................................


WIND (MPH)
  HIGHEST WIND SPEED    23   HIGHEST WIND DIRECTION     W (270)
  HIGHEST GUST SPEED    31   HIGHEST GUST DIRECTION     W (290)
  AVERAGE WIND SPEED     7.6


SKY COVER
  AVERAGE SKY COVER 0.3


WEATHER CONDITIONS
 THE FOLLOWING WEATHER WAS RECORDED TODAY.
  NO SIGNIFICANT WEATHER WAS OBSERVED.


RELATIVE HUMIDITY (PERCENT)
 HIGHEST    89           500 AM
 LOWEST     33          1100 AM
 AVERAGE    61

..........................................................


THE SCOTTSBLUFF NE AIRPORT CLIMATE NORMALS FOR TOMORROW
                         NORMAL    RECORD    YEAR
 MAXIMUM TEMPERATURE (F)   75        96      2006
 MINIMUM TEMPERATURE (F)   47        29      1907


SUNRISE AND SUNSET
MAY 26 2016...........SUNRISE   525 AM MDT   SUNSET   819 PM MDT
MAY 27 2016...........SUNRISE   524 AM MDT   SUNSET   820 PM MDT


-  INDICATES NEGATIVE NUMBERS.
R  INDICATES RECORD WAS SET OR TIED.
MM INDICATES DATA IS MISSING.
T  INDICATES TRACE AMOUNT.




$$
