000
CDUS46 KHNX 240829
CLIBFL


CLIMATE REPORT
NATIONAL WEATHER SERVICE SAN JOAQUIN VALLEY, CA
129 AM PDT SAT JUN 24 2017


...................................

...THE BAKERSFIELD CLIMATE SUMMARY FOR JUNE 23 2017...

CLIMATE NORMAL PERIOD 1981 TO 2010
CLIMATE RECORD PERIOD 1889 TO 2017


WEATHER ITEM   OBSERVED TIME   RECORD YEAR NORMAL DEPARTURE
                VALUE   (LST)  VALUE       VALUE  FROM
                                                  NORMAL
...............................................................
TEMPERATURE (F)
 YESTERDAY
  MAXIMUM        106        MM 110    1977  93     13
  MINIMUM         80        MM  44    1943  66     14
  AVERAGE         93                        80     13

PRECIPITATION (IN)
  YESTERDAY        0.00          0.02 1988   0.00   0.00
  MONTH TO DATE    0.00                      0.07  -0.07
  SINCE OCT 1      7.82                      6.34   1.48
  SINCE JAN 1      4.79                      4.38   0.41

SNOWFALL (IN)
  YESTERDAY        0.0
  MONTH TO DATE    0.0
  SINCE JUN 1      0.0
  SINCE JUL 1      0.0
  SNOW DEPTH       0

DEGREE DAYS
 HEATING
  YESTERDAY        0                                0
  MONTH TO DATE    1                                1
  SINCE JUN 1      1                                1
  SINCE JUL 1   1616                             -557

 COOLING
  YESTERDAY       28                               13
  MONTH TO DATE  390                              121
  SINCE JUN 1    390                              121
  SINCE JAN 1    739                              203
...............................................................


WIND (MPH)
  HIGHEST WIND SPEED    13   HIGHEST WIND DIRECTION    NW (310)
  HIGHEST GUST SPEED    MM   HIGHEST GUST DIRECTION    MM
  AVERAGE WIND SPEED     6.4




RELATIVE HUMIDITY (PERCENT)
 HIGHEST    43
 LOWEST     22
 AVERAGE    33

..........................................................


THE BAKERSFIELD CLIMATE NORMALS FOR TODAY
                         NORMAL    RECORD    YEAR
 MAXIMUM TEMPERATURE (F)   93       111      1925
 MINIMUM TEMPERATURE (F)   66        45      1907


SUNRISE AND SUNSET
JUNE 24 2017..........SUNRISE   542 AM PDT   SUNSET   815 PM PDT
JUNE 25 2017..........SUNRISE   543 AM PDT   SUNSET   815 PM PDT


-  INDICATES NEGATIVE NUMBERS.
R  INDICATES RECORD WAS SET OR TIED.
MM INDICATES DATA IS MISSING.
T  INDICATES TRACE AMOUNT.




$$
