000
CDUS46 KHNX 050024
CLIBFL


CLIMATE REPORT
NATIONAL WEATHER SERVICE SAN JOAQUIN VALLEY, CA
522 PM PDT TUE AUG 4 2015


...................................

...THE BAKERSFIELD CLIMATE SUMMARY FOR AUGUST 4 2015...
VALID AS OF 0500 PM LOCAL TIME.

CLIMATE NORMAL PERIOD 1981 TO 2010
CLIMATE RECORD PERIOD 1889 TO 2015


WEATHER ITEM   OBSERVED TIME   RECORD YEAR NORMAL DEPARTURE LAST
                VALUE   (LST)  VALUE       VALUE  FROM      YEAR
                                                  NORMAL
..................................................................
TEMPERATURE (F)
 TODAY
  MAXIMUM         91    352 PM 109    1901  98     -7       99
  MINIMUM         68    535 AM  53    1903  71     -3       72
  AVERAGE         80                        84     -4       86

PRECIPITATION (IN)
  TODAY            0.00          T    2014   0.00   0.00      T
                                      2012
                                      1961
  MONTH TO DATE    0.00                      0.00   0.00      T
  SINCE OCT 1      5.33                      6.35  -1.02     2.41
  SINCE JAN 1      2.66                      4.39  -1.73     1.34

SNOWFALL (IN)
  TODAY            0.0
  MONTH TO DATE    0.0
  SINCE JUN 1      0.0
  SINCE JUL 1      0.0
  SNOW DEPTH       0

DEGREE DAYS
 HEATING
  TODAY            0                         0      0        0
  MONTH TO DATE    0                         0      0        0
  SINCE JUN 1      0                         2     -2        0
  SINCE JUL 1      0                         0      0        0

 COOLING
  TODAY           15                        19     -4       21
  MONTH TO DATE   80                        76      4       93
  SINCE JUN 1   1243                      1038    205     1296
  SINCE JAN 1   1588                      1305    283     1748
..................................................................


WIND (MPH)
  HIGHEST WIND SPEED    17   HIGHEST WIND DIRECTION    NW (310)
  HIGHEST GUST SPEED    25   HIGHEST GUST DIRECTION    NW (320)
  AVERAGE WIND SPEED     7.4




RELATIVE HUMIDITY (PERCENT)
 HIGHEST    57
 LOWEST     29
 AVERAGE    43

..........................................................


THE BAKERSFIELD CLIMATE NORMALS FOR TOMORROW
                         NORMAL    RECORD    YEAR
 MAXIMUM TEMPERATURE (F)   97       110      1998
 MINIMUM TEMPERATURE (F)   70        52      1899


SUNRISE AND SUNSET
AUGUST  4 2015........SUNRISE   607 AM PDT   SUNSET   757 PM PDT
AUGUST  5 2015........SUNRISE   608 AM PDT   SUNSET   756 PM PDT


-  INDICATES NEGATIVE NUMBERS.
R  INDICATES RECORD WAS SET OR TIED.
MM INDICATES DATA IS MISSING.
T  INDICATES TRACE AMOUNT.




$$
