000
CDUS46 KHNX 170821
CLIBFL


CLIMATE REPORT
NATIONAL WEATHER SERVICE SAN JOAQUIN VALLEY, CA
120 AM PDT WED SEP 17 2014


...................................

...THE BAKERSFIELD CLIMATE SUMMARY FOR SEPTEMBER 16 2014...

CLIMATE NORMAL PERIOD 1981 TO 2010
CLIMATE RECORD PERIOD 1889 TO 2014


WEATHER ITEM   OBSERVED TIME   RECORD YEAR NORMAL DEPARTURE
                VALUE   (LST)  VALUE       VALUE  FROM
                                                  NORMAL
...............................................................
TEMPERATURE (F)
 YESTERDAY
  MAXIMUM         95    444 PM 109    1929  90      5
                                      1913
  MINIMUM         70    556 AM  42    1915  64      6
  AVERAGE         83                        77      6

PRECIPITATION (IN)
  YESTERDAY        0.00          0.01 1989   0.00   0.00
  MONTH TO DATE    0.01                      0.03  -0.02
  SINCE JUL 1      0.01                      0.07  -0.06
  SINCE JAN 1      1.35                      4.46  -3.11

SNOWFALL (IN)
  YESTERDAY        0.0
  MONTH TO DATE    0.0
  SINCE SEP 1      0.0
  SINCE JUL 1      0.0
  SNOW DEPTH       0

DEGREE DAYS
 HEATING
  YESTERDAY        0                                0
  MONTH TO DATE    0                                0
  SINCE SEP 1      0                                0
  SINCE JUL 1      0                                0

 COOLING
  YESTERDAY       18                                6
  MONTH TO DATE  321                              102
  SINCE SEP 1    321                              102
  SINCE JAN 1   2602                              615
...............................................................


WIND (MPH)
  HIGHEST WIND SPEED     9   HIGHEST WIND DIRECTION     N (20)
  HIGHEST GUST SPEED    14   HIGHEST GUST DIRECTION    NW (320)
  AVERAGE WIND SPEED     4.7




RELATIVE HUMIDITY (PERCENT)
 HIGHEST    53
 LOWEST     22
 AVERAGE    38

..........................................................


THE BAKERSFIELD CLIMATE NORMALS FOR TODAY
                         NORMAL    RECORD    YEAR
 MAXIMUM TEMPERATURE (F)   90       108      1913
 MINIMUM TEMPERATURE (F)   64        45      1915
                                             1903


SUNRISE AND SUNSET
SEPTEMBER 17 2014.....SUNRISE   640 AM PDT   SUNSET   700 PM PDT
SEPTEMBER 18 2014.....SUNRISE   641 AM PDT   SUNSET   659 PM PDT


-  INDICATES NEGATIVE NUMBERS.
R  INDICATES RECORD WAS SET OR TIED.
MM INDICATES DATA IS MISSING.
T  INDICATES TRACE AMOUNT.




$$
