000
CDUS46 KHNX 020023
CLIBFL


CLIMATE REPORT
NATIONAL WEATHER SERVICE SAN JOAQUIN VALLEY, CA
523 PM PDT MON SEP 1 2014


...................................

...THE BAKERSFIELD CLIMATE SUMMARY FOR SEPTEMBER 1 2014...
VALID AS OF 0500 PM LOCAL TIME.

CLIMATE NORMAL PERIOD 1981 TO 2010
CLIMATE RECORD PERIOD 1889 TO 2014


WEATHER ITEM   OBSERVED TIME   RECORD YEAR NORMAL DEPARTURE LAST
                VALUE   (LST)  VALUE       VALUE  FROM      YEAR
                                                  NORMAL
..................................................................
TEMPERATURE (F)
 TODAY
  MAXIMUM         99    354 PM 107    1902  93      6       97
  MINIMUM         71    436 AM  53    1901  67      4       74
  AVERAGE         85                        80      5       86

PRECIPITATION (IN)
  TODAY            0.00          0.01 1987   0.00   0.00     0.00
  MONTH TO DATE    0.00                      0.00   0.00     0.00
  SINCE JUL 1      T                         0.04  -0.04      T
  SINCE JAN 1      1.34                      4.43  -3.09     2.36

SNOWFALL (IN)
  TODAY            0.0
  MONTH TO DATE    0.0
  SINCE SEP 1      0.0
  SINCE JUL 1      0.0
  SNOW DEPTH       0

DEGREE DAYS
 HEATING
  TODAY            0                         0      0        0
  MONTH TO DATE    0                         0      0        0
  SINCE SEP 1      0                         0      0        0
  SINCE JUL 1      0                         0      0        0

 COOLING
  TODAY           20                        15      5       21
  MONTH TO DATE   20                        15      5       21
  SINCE SEP 1     20                        15      5       21
  SINCE JAN 1   2301                      1783    518     2135
..................................................................


WIND (MPH)
  HIGHEST WIND SPEED    13   HIGHEST WIND DIRECTION    NW (320)
  HIGHEST GUST SPEED    17   HIGHEST GUST DIRECTION    NW (310)
  AVERAGE WIND SPEED     4.9




RELATIVE HUMIDITY (PERCENT)
 HIGHEST    29
 LOWEST     15
 AVERAGE    22

..........................................................


THE BAKERSFIELD CLIMATE NORMALS FOR TOMORROW
                         NORMAL    RECORD    YEAR
 MAXIMUM TEMPERATURE (F)   93       110      1955
 MINIMUM TEMPERATURE (F)   67        50      1913


SUNRISE AND SUNSET
SEPTEMBER  1 2014.....SUNRISE   629 AM PDT   SUNSET   723 PM PDT
SEPTEMBER  2 2014.....SUNRISE   629 AM PDT   SUNSET   722 PM PDT


-  INDICATES NEGATIVE NUMBERS.
R  INDICATES RECORD WAS SET OR TIED.
MM INDICATES DATA IS MISSING.
T  INDICATES TRACE AMOUNT.




$$
