000
CDUS46 KHNX 230823
CLIBFL


CLIMATE REPORT
NATIONAL WEATHER SERVICE SAN JOAQUIN VALLEY, CA
123 AM PDT WED AUG 23 2017


...................................

...THE BAKERSFIELD CLIMATE SUMMARY FOR AUGUST 22 2017...

CLIMATE NORMAL PERIOD 1981 TO 2010
CLIMATE RECORD PERIOD 1889 TO 2017


WEATHER ITEM   OBSERVED TIME   RECORD YEAR NORMAL DEPARTURE
                VALUE   (LST)  VALUE       VALUE  FROM
                                                  NORMAL
...............................................................
TEMPERATURE (F)
 YESTERDAY
  MAXIMUM         96        MM 109    1919  95      1
  MINIMUM         71        MM  44    1903  68      3
  AVERAGE         84                        82      2

PRECIPITATION (IN)
  YESTERDAY        0.00          0.13 1904   0.00   0.00
  MONTH TO DATE    T                         0.02  -0.02
  SINCE OCT 1      7.82                      6.37   1.45
  SINCE JAN 1      4.79                      4.41   0.38

SNOWFALL (IN)
  YESTERDAY        0.0
  MONTH TO DATE    0.0
  SINCE JUN 1      0.0
  SINCE JUL 1      0.0
  SNOW DEPTH       0

DEGREE DAYS
 HEATING
  YESTERDAY        0                                0
  MONTH TO DATE    0                                0
  SINCE JUN 1      1                               -1
  SINCE JUL 1      0                                0

 COOLING
  YESTERDAY       19                                2
  MONTH TO DATE  486                               89
  SINCE JUN 1   1786                              427
  SINCE JAN 1   2135                              509
...............................................................


WIND (MPH)
  HIGHEST WIND SPEED    13   HIGHEST WIND DIRECTION    NW (300)
  HIGHEST GUST SPEED    MM   HIGHEST GUST DIRECTION    MM
  AVERAGE WIND SPEED     6.4




RELATIVE HUMIDITY (PERCENT)
 HIGHEST    68
 LOWEST     28
 AVERAGE    48

..........................................................


THE BAKERSFIELD CLIMATE NORMALS FOR TODAY
                         NORMAL    RECORD    YEAR
 MAXIMUM TEMPERATURE (F)   95       110      1913
 MINIMUM TEMPERATURE (F)   68        49      1915
                                             1903


SUNRISE AND SUNSET
AUGUST 23 2017........SUNRISE   622 AM PDT   SUNSET   735 PM PDT
AUGUST 24 2017........SUNRISE   623 AM PDT   SUNSET   734 PM PDT


-  INDICATES NEGATIVE NUMBERS.
R  INDICATES RECORD WAS SET OR TIED.
MM INDICATES DATA IS MISSING.
T  INDICATES TRACE AMOUNT.




$$
