000
CDUS46 KHNX 120830
CLIBFL


CLIMATE REPORT
NATIONAL WEATHER SERVICE SAN JOAQUIN VALLEY, CA
1229 AM PST FRI FEB 12 2016


...................................

...THE BAKERSFIELD CLIMATE SUMMARY FOR FEBRUARY 11 2016...

CLIMATE NORMAL PERIOD 1981 TO 2010
CLIMATE RECORD PERIOD 1889 TO 2016


WEATHER ITEM   OBSERVED TIME   RECORD YEAR NORMAL DEPARTURE
                VALUE   (LST)  VALUE       VALUE  FROM
                                                  NORMAL
...............................................................
TEMPERATURE (F)
 YESTERDAY
  MAXIMUM         77    335 PM  81    1925  62     15
  MINIMUM         45    707 AM  20    1901  42      3
                                      1900
  AVERAGE         61                        52      9

PRECIPITATION (IN)
  YESTERDAY        0.00          0.35 1959   0.04  -0.04
  MONTH TO DATE    T                         0.48  -0.48
  SINCE OCT 1      3.28                      3.60  -0.32
  SINCE JAN 1      1.95                      1.64   0.31

SNOWFALL (IN)
  YESTERDAY        0.0
  MONTH TO DATE    0.0
  SINCE DEC 1      0.0
  SINCE JUL 1      0.0
  SNOW DEPTH       0

DEGREE DAYS
 HEATING
  YESTERDAY        4                               -9
  MONTH TO DATE  139                              -17
  SINCE DEC 1   1064                             -160
  SINCE JUL 1   1407                             -175

 COOLING
  YESTERDAY        0                                0
  MONTH TO DATE    0                                0
  SINCE DEC 1      0                                0
  SINCE JAN 1      0                                0
...............................................................


WIND (MPH)
  HIGHEST WIND SPEED     8   HIGHEST WIND DIRECTION     W (290)
  HIGHEST GUST SPEED    11   HIGHEST GUST DIRECTION     W (280)
  AVERAGE WIND SPEED     2.6




RELATIVE HUMIDITY (PERCENT)
 HIGHEST    86
 LOWEST     38
 AVERAGE    62

..........................................................


THE BAKERSFIELD CLIMATE NORMALS FOR TODAY
                         NORMAL    RECORD    YEAR
 MAXIMUM TEMPERATURE (F)   62        80      1921
 MINIMUM TEMPERATURE (F)   42        20      1901


SUNRISE AND SUNSET
FEBRUARY 12 2016......SUNRISE   646 AM PST   SUNSET   535 PM PST
FEBRUARY 13 2016......SUNRISE   645 AM PST   SUNSET   536 PM PST


-  INDICATES NEGATIVE NUMBERS.
R  INDICATES RECORD WAS SET OR TIED.
MM INDICATES DATA IS MISSING.
T  INDICATES TRACE AMOUNT.




$$
