000
CDUS46 KHNX 250823
CLIBFL


CLIMATE REPORT
NATIONAL WEATHER SERVICE SAN JOAQUIN VALLEY, CA
122 AM PDT SUN SEP 25 2016


...................................

...THE BAKERSFIELD CLIMATE SUMMARY FOR SEPTEMBER 24 2016...

CLIMATE NORMAL PERIOD 1981 TO 2010
CLIMATE RECORD PERIOD 1889 TO 2016


WEATHER ITEM   OBSERVED TIME   RECORD YEAR NORMAL DEPARTURE
                VALUE   (LST)  VALUE       VALUE  FROM
                                                  NORMAL
...............................................................
TEMPERATURE (F)
 YESTERDAY
  MAXIMUM         86    349 PM 103    1919  88     -2
                                      1899
  MINIMUM         58    449 AM  35    1908  62     -4
  AVERAGE         72                        75     -3

PRECIPITATION (IN)
  YESTERDAY        0.00          0.50 1908   0.01  -0.01
  MONTH TO DATE    0.00                      0.06  -0.06
  SINCE OCT 1      5.43                      6.45  -1.02
  SINCE JAN 1      4.10                      4.49  -0.39

SNOWFALL (IN)
  YESTERDAY        0.0
  MONTH TO DATE    0.0
  SINCE SEP 1      0.0
  SINCE JUL 1      0.0
  SNOW DEPTH       0

DEGREE DAYS
 HEATING
  YESTERDAY        0                                0
  MONTH TO DATE    0                                0
  SINCE SEP 1      0                                0
  SINCE JUL 1      0                                0

 COOLING
  YESTERDAY        7                               -3
  MONTH TO DATE  310                                3
  SINCE SEP 1    310                                3
  SINCE JAN 1   2503                              428
...............................................................


WIND (MPH)
  HIGHEST WIND SPEED    14   HIGHEST WIND DIRECTION     W (280)
  HIGHEST GUST SPEED    20   HIGHEST GUST DIRECTION     W (290)
  AVERAGE WIND SPEED     5.5




RELATIVE HUMIDITY (PERCENT)
 HIGHEST    44
 LOWEST     19
 AVERAGE    32

..........................................................


THE BAKERSFIELD CLIMATE NORMALS FOR TODAY
                         NORMAL    RECORD    YEAR
 MAXIMUM TEMPERATURE (F)   88       103      1975
                                             1899
 MINIMUM TEMPERATURE (F)   62        34      1908
                                             1903


SUNRISE AND SUNSET
SEPTEMBER 25 2016.....SUNRISE   647 AM PDT   SUNSET   648 PM PDT
SEPTEMBER 26 2016.....SUNRISE   648 AM PDT   SUNSET   646 PM PDT


-  INDICATES NEGATIVE NUMBERS.
R  INDICATES RECORD WAS SET OR TIED.
MM INDICATES DATA IS MISSING.
T  INDICATES TRACE AMOUNT.




$$
