000
CDUS46 KHNX 160823
CLIBFL


CLIMATE REPORT
NATIONAL WEATHER SERVICE SAN JOAQUIN VALLEY, CA
1222 AM PST MON JAN 16 2017


...................................

...THE BAKERSFIELD CLIMATE SUMMARY FOR JANUARY 15 2017...

CLIMATE NORMAL PERIOD 1981 TO 2010
CLIMATE RECORD PERIOD 1889 TO 2017


WEATHER ITEM   OBSERVED TIME   RECORD YEAR NORMAL DEPARTURE
                VALUE   (LST)  VALUE       VALUE  FROM
                                                  NORMAL
...............................................................
TEMPERATURE (F)
 YESTERDAY
  MAXIMUM         46    806 PM  79    1974  56    -10
  MINIMUM         43    744 AM  23    1929  39      4
  AVERAGE         45                        47     -2

PRECIPITATION (IN)
  YESTERDAY        0.00          0.58 1952   0.04  -0.04
  MONTH TO DATE    1.62                      0.56   1.06
  SINCE OCT 1      4.65                      2.52   2.13
  SINCE JAN 1      1.62                      0.56   1.06

SNOWFALL (IN)
  YESTERDAY        0.0
  MONTH TO DATE    0.0
  SINCE DEC 1      0.0
  SINCE JUL 1      0.0
  SNOW DEPTH       0

DEGREE DAYS
 HEATING
  YESTERDAY       20                                2
  MONTH TO DATE  193                              -77
  SINCE DEC 1    653                             -150
  SINCE JUL 1    858                             -303

 COOLING
  YESTERDAY        0                                0
  MONTH TO DATE    2                                2
  SINCE DEC 1      2                                2
  SINCE JAN 1      2                                2
...............................................................


WIND (MPH)
  HIGHEST WIND SPEED     8   HIGHEST WIND DIRECTION     W (270)
  HIGHEST GUST SPEED    12   HIGHEST GUST DIRECTION    SW (230)
  AVERAGE WIND SPEED     4.2




RELATIVE HUMIDITY (PERCENT)
 HIGHEST    83
 LOWEST     71
 AVERAGE    77

..........................................................


THE BAKERSFIELD CLIMATE NORMALS FOR TODAY
                         NORMAL    RECORD    YEAR
 MAXIMUM TEMPERATURE (F)   56        82      1923
 MINIMUM TEMPERATURE (F)   39        20      1903


SUNRISE AND SUNSET
JANUARY 16 2017.......SUNRISE   704 AM PST   SUNSET   508 PM PST
JANUARY 17 2017.......SUNRISE   704 AM PST   SUNSET   509 PM PST


-  INDICATES NEGATIVE NUMBERS.
R  INDICATES RECORD WAS SET OR TIED.
MM INDICATES DATA IS MISSING.
T  INDICATES TRACE AMOUNT.




$$
