000
CDUS46 KHNX 020823
CLIBFL


CLIMATE REPORT
NATIONAL WEATHER SERVICE SAN JOAQUIN VALLEY, CA
1222 AM PST FRI DEC 2 2016


...................................

...THE BAKERSFIELD CLIMATE SUMMARY FOR DECEMBER 1 2016...

CLIMATE NORMAL PERIOD 1981 TO 2010
CLIMATE RECORD PERIOD 1889 TO 2016


WEATHER ITEM   OBSERVED TIME   RECORD YEAR NORMAL DEPARTURE
                VALUE   (LST)  VALUE       VALUE  FROM
                                                  NORMAL
...............................................................
TEMPERATURE (F)
 YESTERDAY
  MAXIMUM         54    420 PM  79    1903  60     -6
  MINIMUM         44    557 AM  27    2004  40      4
                                      1906
  AVERAGE         49                        50     -1

PRECIPITATION (IN)
  YESTERDAY        0.00          0.45 1952   0.02  -0.02
  MONTH TO DATE    0.00                      0.02  -0.02
  SINCE OCT 1      0.62                      0.96  -0.34
  SINCE JAN 1      4.72                      5.47  -0.75

SNOWFALL (IN)
  YESTERDAY        0.0
  MONTH TO DATE    0.0
  SINCE DEC 1      0.0
  SINCE JUL 1      0.0
  SNOW DEPTH       0

DEGREE DAYS
 HEATING
  YESTERDAY       16                                1
  MONTH TO DATE   16                                1
  SINCE DEC 1     16                                1
  SINCE JUL 1    221                             -152

 COOLING
  YESTERDAY        0                                0
  MONTH TO DATE    0                                0
  SINCE DEC 1      0                                0
  SINCE JAN 1   2738                              480
...............................................................


WIND (MPH)
  HIGHEST WIND SPEED     9   HIGHEST WIND DIRECTION     W (270)
  HIGHEST GUST SPEED    11   HIGHEST GUST DIRECTION     W (270)
  AVERAGE WIND SPEED     2.8




RELATIVE HUMIDITY (PERCENT)
 HIGHEST    89
 LOWEST     66
 AVERAGE    78

..........................................................


THE BAKERSFIELD CLIMATE NORMALS FOR TODAY
                         NORMAL    RECORD    YEAR
 MAXIMUM TEMPERATURE (F)   60        87      1915
 MINIMUM TEMPERATURE (F)   40        28      2004
                                             1908


SUNRISE AND SUNSET
DECEMBER  2 2016......SUNRISE   648 AM PST   SUNSET   443 PM PST
DECEMBER  3 2016......SUNRISE   649 AM PST   SUNSET   443 PM PST


-  INDICATES NEGATIVE NUMBERS.
R  INDICATES RECORD WAS SET OR TIED.
MM INDICATES DATA IS MISSING.
T  INDICATES TRACE AMOUNT.




$$
