000
CDUS46 KHNX 240022
CLIBFL


CLIMATE REPORT
NATIONAL WEATHER SERVICE SAN JOAQUIN VALLEY, CA
422 PM PST TUE JAN 23 2018


...................................

...THE BAKERSFIELD CLIMATE SUMMARY FOR JANUARY 23 2018...
VALID AS OF 0400 PM LOCAL TIME.

CLIMATE NORMAL PERIOD 1981 TO 2010
CLIMATE RECORD PERIOD 1889 TO 2018


WEATHER ITEM   OBSERVED TIME   RECORD YEAR NORMAL DEPARTURE LAST
                VALUE   (LST)  VALUE       VALUE  FROM      YEAR
                                                  NORMAL
..................................................................
TEMPERATURE (F)
 TODAY
  MAXIMUM         60    319 PM  79    2014  57      3       53
  MINIMUM         38    636 AM  21    1937  40     -2       41
  AVERAGE         49                        48      1       47

PRECIPITATION (IN)
  TODAY            0.00          0.38 1943   0.04  -0.04     0.13
  MONTH TO DATE    0.96                      0.85   0.11     2.76
  SINCE OCT 1      1.03                      2.81  -1.78     5.79
  SINCE JAN 1      0.96                      0.85   0.11     2.76

SNOWFALL (IN)
  TODAY            0.0
  MONTH TO DATE    0.0
  SINCE DEC 1      0.0
  SINCE JUL 1      0.0
  SNOW DEPTH       0

DEGREE DAYS
 HEATING
  TODAY           16                        17     -1       18
  MONTH TO DATE  239                       406   -167      322
  SINCE DEC 1    698                       939   -241      782
  SINCE JUL 1    875                      1297   -422      987

 COOLING
  TODAY            0                         0      0        0
  MONTH TO DATE    0                         0      0        2
  SINCE DEC 1      0                         0      0        2
  SINCE JAN 1      0                         0      0        2
..................................................................


WIND (MPH)
  HIGHEST WIND SPEED     9   HIGHEST WIND DIRECTION     N (20)
  HIGHEST GUST SPEED    13   HIGHEST GUST DIRECTION    SW (240)
  AVERAGE WIND SPEED     2.8




RELATIVE HUMIDITY (PERCENT)
 HIGHEST    79
 LOWEST     53
 AVERAGE    66

..........................................................


THE BAKERSFIELD CLIMATE NORMALS FOR TOMORROW
                         NORMAL    RECORD    YEAR
 MAXIMUM TEMPERATURE (F)   57        79      2014
 MINIMUM TEMPERATURE (F)   40        21      1937


SUNRISE AND SUNSET
JANUARY 23 2018.......SUNRISE   701 AM PST   SUNSET   515 PM PST
JANUARY 24 2018.......SUNRISE   701 AM PST   SUNSET   516 PM PST


-  INDICATES NEGATIVE NUMBERS.
R  INDICATES RECORD WAS SET OR TIED.
MM INDICATES DATA IS MISSING.
T  INDICATES TRACE AMOUNT.




$$
