000
CDUS44 KAMA 310634
CLIBGD


CLIMATE REPORT
NATIONAL WEATHER SERVICE AMARILLO TX
134 AM CDT TUE MAY 31 2016


...................................

...THE BORGER CLIMATE SUMMARY FOR MAY 30 2016...

CLIMATE NORMAL PERIOD 1981 TO 2010
CLIMATE RECORD PERIOD 1949 TO 2016


WEATHER ITEM   OBSERVED TIME   RECORD YEAR NORMAL DEPARTURE LAST
                VALUE   (LST)  VALUE       VALUE  FROM      YEAR
                                                  NORMAL
..................................................................
TEMPERATURE (F)
 YESTERDAY
  MAXIMUM         83    527 PM 101    2003  85     -2       70
  MINIMUM         53    417 AM  46    1983  60     -7       56
  AVERAGE         68                        72     -4       63

PRECIPITATION (IN)
  YESTERDAY        0.01          1.52 1991   0.13  -0.12     0.00
  MONTH TO DATE    3.21                      2.75   0.46     9.00
  SINCE MAR 1      6.74                      5.70   1.04    13.67
  SINCE JAN 1      7.46                      6.91   0.55    15.52

SNOWFALL (IN)
  YESTERDAY        0.0           T    1997                   0.0
  MONTH TO DATE    0.0                                       0.0
  SINCE MAR 1      0.0                                        T
  SINCE JUL 1      6.2                                      17.5
  SNOW DEPTH       0

DEGREE DAYS
 HEATING
  YESTERDAY        0                         0      0        2
  MONTH TO DATE  106                        60     46       79
  SINCE MAR 1    553                       770   -217      580
  SINCE JUL 1   3048                      3763   -715     3452

 COOLING
  YESTERDAY        3                         8     -5        0
  MONTH TO DATE  132                       146    -14       66
  SINCE MAR 1    177                       190    -13      122
  SINCE JAN 1    183                       190     -7      122
..................................................................


WIND (MPH)
  RESULTANT WIND SPEED   7   RESULTANT WIND DIRECTION   S (180)
  HIGHEST WIND SPEED    21   HIGHEST WIND DIRECTION     S (160)
  HIGHEST GUST SPEED    29   HIGHEST GUST DIRECTION    SE (150)
  AVERAGE WIND SPEED     9.5


SKY COVER
  AVERAGE SKY COVER 0.0


WEATHER CONDITIONS
 THE FOLLOWING WEATHER WAS RECORDED YESTERDAY.
  THUNDERSTORM
  LIGHT RAIN
  FOG


RELATIVE HUMIDITY (PERCENT)
 HIGHEST    93           200 AM
 LOWEST     47           500 PM
 AVERAGE    70

..........................................................


THE BORGER CLIMATE NORMALS FOR TODAY
                         NORMAL    RECORD    YEAR
 MAXIMUM TEMPERATURE (F)   85       100      1953
 MINIMUM TEMPERATURE (F)   60        46      1983


SUNRISE AND SUNSET
MAY 31 2016...........SUNRISE   631 AM CDT   SUNSET   856 PM CDT
JUNE  1 2016..........SUNRISE   631 AM CDT   SUNSET   856 PM CDT


-  INDICATES NEGATIVE NUMBERS.
R  INDICATES RECORD WAS SET OR TIED.
MM INDICATES DATA IS MISSING.
T  INDICATES TRACE AMOUNT.




$$
