000
CDUS44 KAMA 270725
CLIBGD


CLIMATE REPORT
NATIONAL WEATHER SERVICE AMARILLO TX
125 AM CST TUE JAN 27 2015


...................................

...THE BORGER CLIMATE SUMMARY FOR JANUARY 26 2015...

CLIMATE NORMAL PERIOD 1981 TO 2013
CLIMATE RECORD PERIOD 1949 TO 2015


WEATHER ITEM   OBSERVED TIME   RECORD YEAR NORMAL DEPARTURE LAST
                VALUE   (LST)  VALUE       VALUE  FROM      YEAR
                                                  NORMAL
..................................................................
TEMPERATURE (F)
 YESTERDAY
  MAXIMUM         72    417 PM  80    1951  53     19       63
  MINIMUM         39    815 AM   4    1966  27     12       31
  AVERAGE         56                        40     16       47

PRECIPITATION (IN)
  YESTERDAY        0.00          0.22 1994   0.02  -0.02     0.00
  MONTH TO DATE    0.87                      0.46   0.41     0.07
  SINCE DEC 1      1.01                      1.23  -0.22     0.34
  SINCE JAN 1      0.87                      0.46   0.41     0.07

SNOWFALL (IN)
  YESTERDAY        0.0           3.5  2001                   0.0
  MONTH TO DATE    7.6                                       1.3
  SINCE DEC 1      8.0                                       4.7
  SINCE JUL 1      9.9                                       8.5
  SNOW DEPTH       0

DEGREE DAYS
 HEATING
  YESTERDAY        9                        25    -16       18
  MONTH TO DATE  727                       691     36      637
  SINCE DEC 1   1458                      1511    -53     1480
  SINCE JUL 1   2143                      2228    -85     2194

 COOLING
  YESTERDAY        0                         0      0        0
  MONTH TO DATE    0                         0      0        0
  SINCE DEC 1      0                         0      0        0
  SINCE JAN 1      0                         0      0        0
..................................................................


WIND (MPH)
  RESULTANT WIND SPEED   7   RESULTANT WIND DIRECTION   W (270)
  HIGHEST WIND SPEED    17   HIGHEST WIND DIRECTION     N (340)
  HIGHEST GUST SPEED    26   HIGHEST GUST DIRECTION     N (350)
  AVERAGE WIND SPEED     9.5


SKY COVER
  AVERAGE SKY COVER 0.0


WEATHER CONDITIONS
 THE FOLLOWING WEATHER WAS RECORDED YESTERDAY.
  NO SIGNIFICANT WEATHER WAS OBSERVED.


RELATIVE HUMIDITY (PERCENT)
 HIGHEST    70           100 AM
 LOWEST     20           200 PM
 AVERAGE    45

..........................................................


THE BORGER CLIMATE NORMALS FOR TODAY
                         NORMAL    RECORD    YEAR
 MAXIMUM TEMPERATURE (F)   53        78      1970
 MINIMUM TEMPERATURE (F)   27         0      1963


SUNRISE AND SUNSET
JANUARY 27 2015.......SUNRISE   749 AM CST   SUNSET   608 PM CST
JANUARY 28 2015.......SUNRISE   749 AM CST   SUNSET   609 PM CST


-  INDICATES NEGATIVE NUMBERS.
R  INDICATES RECORD WAS SET OR TIED.
MM INDICATES DATA IS MISSING.
T  INDICATES TRACE AMOUNT.




$$
