000
CDUS44 KAMA 231410
CLIBGD


CLIMATE REPORT
NATIONAL WEATHER SERVICE AMARILLO TX
909 AM CDT MON OCT 23 2017


...................................

...THE BORGER CLIMATE SUMMARY FOR OCTOBER 23 2017...
VALID AS OF 0900 AM LOCAL TIME.

CLIMATE NORMAL PERIOD 1981 TO 2010
CLIMATE RECORD PERIOD 1949 TO 2017


WEATHER ITEM   OBSERVED TIME   RECORD YEAR NORMAL DEPARTURE LAST
                VALUE   (LST)  VALUE       VALUE  FROM      YEAR
                                                  NORMAL
..................................................................
TEMPERATURE (F)
 TODAY
  MINIMUM         46    558 AM  30    1981  45      1       56

PRECIPITATION (IN)
  TODAY            0.00          1.67 2000   0.05  -0.05     0.00
  MONTH TO DATE    2.13                      1.38   0.75     0.05
  SINCE SEP 1      5.04                      3.76   1.28     1.07
  SINCE JAN 1     26.04                     19.77   6.27    15.41

SNOWFALL (IN)
  TODAY            0.0           T    2005                   0.0
  MONTH TO DATE    0.0                                       0.0
  SINCE SEP 1      0.0                                       0.0
  SINCE JUL 1      0.0                                       0.0
  SNOW DEPTH       0

..................................................................


WIND (MPH)
  RESULTANT WIND SPEED   7   RESULTANT WIND DIRECTION   W (250)
  HIGHEST WIND SPEED    10   HIGHEST WIND DIRECTION     W (250)
  HIGHEST GUST SPEED    13   HIGHEST GUST DIRECTION     W (250)
  AVERAGE WIND SPEED     7.0


SKY COVER
  AVERAGE SKY COVER 0.0


WEATHER CONDITIONS
 THE FOLLOWING WEATHER WAS RECORDED TODAY.
  NO SIGNIFICANT WEATHER WAS OBSERVED.


RELATIVE HUMIDITY (PERCENT)
 HIGHEST    65           600 AM
 LOWEST     46          1200 AM
 AVERAGE    56

..........................................................


THE BORGER CLIMATE NORMALS FOR TOMORROW
                         NORMAL    RECORD    YEAR
 MAXIMUM TEMPERATURE (F)   70        88      2014
                                             2012
 MINIMUM TEMPERATURE (F)   45        28      2005


SUNRISE AND SUNSET
OCTOBER 23 2017.......SUNRISE   759 AM CDT   SUNSET   700 PM CDT
OCTOBER 24 2017.......SUNRISE   800 AM CDT   SUNSET   659 PM CDT


-  INDICATES NEGATIVE NUMBERS.
R  INDICATES RECORD WAS SET OR TIED.
MM INDICATES DATA IS MISSING.
T  INDICATES TRACE AMOUNT.




$$
