000
CDUS44 KAMA 160729
CLIBGD


CLIMATE REPORT
NATIONAL WEATHER SERVICE AMARILLO TX
128 AM CST TUE JAN 16 2018


...................................

...THE BORGER CLIMATE SUMMARY FOR JANUARY 15 2018...

CLIMATE NORMAL PERIOD 1981 TO 2010
CLIMATE RECORD PERIOD 1949 TO 2018


WEATHER ITEM   OBSERVED TIME   RECORD YEAR NORMAL DEPARTURE LAST
                VALUE   (LST)  VALUE       VALUE  FROM      YEAR
                                                  NORMAL
..................................................................
TEMPERATURE (F)
 YESTERDAY
  MAXIMUM         41    151 AM  75    1999  51    -10       33
  MINIMUM         15   1159 PM   1    1972  26    -11       32
  AVERAGE         28                        39    -11       33

PRECIPITATION (IN)
  YESTERDAY        0.00          0.84 2017   0.01  -0.01     0.84
  MONTH TO DATE    0.01                      0.23  -0.22     2.42
  SINCE DEC 1      0.01                      1.00  -0.99     2.64
  SINCE JAN 1      0.01                      0.23  -0.22     2.42

SNOWFALL (IN)
  YESTERDAY        0.0           3.7  1959                  MM
  MONTH TO DATE    0.0                                       3.5
  SINCE DEC 1      1.2                                       3.6
  SINCE JUL 1      2.0                                       3.6
  SNOW DEPTH       0

DEGREE DAYS
 HEATING
  YESTERDAY       37                        26     11       32
  MONTH TO DATE  400                       408     -8      428
  SINCE DEC 1   1174                      1228    -54     1199
  SINCE JUL 1   1697                      1945   -248     1572

 COOLING
  YESTERDAY        0                         0      0        0
  MONTH TO DATE    0                         0      0        0
  SINCE DEC 1      0                         0      0        0
  SINCE JAN 1      0                         0      0        0
..................................................................


WIND (MPH)
  RESULTANT WIND SPEED  11   RESULTANT WIND DIRECTION  NE (30)
  HIGHEST WIND SPEED    31   HIGHEST WIND DIRECTION    NE (30)
  HIGHEST GUST SPEED    42   HIGHEST GUST DIRECTION    NE (30)
  AVERAGE WIND SPEED    14.3


SKY COVER
  AVERAGE SKY COVER 0.7


WEATHER CONDITIONS
 THE FOLLOWING WEATHER WAS RECORDED YESTERDAY.
  NO SIGNIFICANT WEATHER WAS OBSERVED.


RELATIVE HUMIDITY (PERCENT)
 HIGHEST    85           800 AM
 LOWEST     34           600 PM
 AVERAGE    60

..........................................................


THE BORGER CLIMATE NORMALS FOR TODAY
                         NORMAL    RECORD    YEAR
 MAXIMUM TEMPERATURE (F)   51        71      2012
                                             1952
 MINIMUM TEMPERATURE (F)   26         5      1982


SUNRISE AND SUNSET
JANUARY 16 2018.......SUNRISE   754 AM CST   SUNSET   557 PM CST
JANUARY 17 2018.......SUNRISE   754 AM CST   SUNSET   558 PM CST


-  INDICATES NEGATIVE NUMBERS.
R  INDICATES RECORD WAS SET OR TIED.
MM INDICATES DATA IS MISSING.
T  INDICATES TRACE AMOUNT.




$$
