000
CDUS44 KAMA 282236
CLIBGD


CLIMATE REPORT
NATIONAL WEATHER SERVICE AMARILLO TX
434 PM CST SAT FEB 28 2015


...................................

...THE BORGER CLIMATE SUMMARY FOR FEBRUARY 28 2015...
VALID TODAY AS OF 0400 PM LOCAL TIME.

CLIMATE NORMAL PERIOD 1981 TO 2013
CLIMATE RECORD PERIOD 1949 TO 2015


WEATHER ITEM   OBSERVED TIME   RECORD YEAR NORMAL DEPARTURE LAST
                VALUE   (LST)  VALUE       VALUE  FROM      YEAR
                                                  NORMAL
..................................................................
TEMPERATURE (F)
 TODAY
  MAXIMUM         27    427 PM  85    2006  57    -30       74
  MINIMUM         14    757 AM   4    1962  32    -18       46
  AVERAGE         21                        45    -24       60

PRECIPITATION (IN)
  TODAY            0.01          0.42 2004   0.02  -0.01      T
  MONTH TO DATE    0.59                      0.62  -0.03     0.31
  SINCE DEC 1      1.96                      1.98  -0.02     0.65
  SINCE JAN 1      1.82                      1.21   0.61     0.38

SNOWFALL (IN)
  TODAY            0.5           1.0  2001                   0.0
                                      1990
  MONTH TO DATE    6.5                                       4.1
  SINCE DEC 1     15.6                                       8.8
  SINCE JUL 1     17.5                                      12.6
  SNOW DEPTH       2

DEGREE DAYS
 HEATING
  TODAY           44                        20     24        5
  MONTH TO DATE  651                       643      8      727
  SINCE DEC 1   2187                      2276    -89     2364
  SINCE JUL 1   2872                      2993   -121     3078

 COOLING
  TODAY            0                         0      0        0
  MONTH TO DATE    0                         0      0        0
  SINCE DEC 1      0                         0      0        0
  SINCE JAN 1      0                         0      0        0
..................................................................


WIND (MPH)
  RESULTANT WIND SPEED  11   RESULTANT WIND DIRECTION   S (180)
  HIGHEST WIND SPEED    16   HIGHEST WIND DIRECTION     S (180)
  HIGHEST GUST SPEED    21   HIGHEST GUST DIRECTION     S (170)
  AVERAGE WIND SPEED    11.0


SKY COVER
  AVERAGE SKY COVER 1.0


WEATHER CONDITIONS
 THE FOLLOWING WEATHER WAS RECORDED TODAY.
  LIGHT SNOW
  FOG


RELATIVE HUMIDITY (PERCENT)
 HIGHEST    80          1200 AM
 LOWEST     73           100 AM
 AVERAGE    77

..........................................................


THE BORGER CLIMATE NORMALS FOR TOMORROW
                         NORMAL    RECORD    YEAR
 MAXIMUM TEMPERATURE (F)   58        81      2008
                                             2006
 MINIMUM TEMPERATURE (F)   32         5      1980


SUNRISE AND SUNSET
FEBRUARY 28 2015......SUNRISE   717 AM CST   SUNSET   640 PM CST
MARCH  1 2015.........SUNRISE   716 AM CST   SUNSET   641 PM CST


-  INDICATES NEGATIVE NUMBERS.
R  INDICATES RECORD WAS SET OR TIED.
MM INDICATES DATA IS MISSING.
T  INDICATES TRACE AMOUNT.




$$
