000
CDUS44 KAMA 240646
CLIBGD


CLIMATE REPORT
NATIONAL WEATHER SERVICE AMARILLO TX
146 AM CDT FRI OCT 24 2014


...................................

...THE BORGER CLIMATE SUMMARY FOR OCTOBER 23 2014...

CLIMATE NORMAL PERIOD 1981 TO 2013
CLIMATE RECORD PERIOD 1949 TO 2014


WEATHER ITEM   OBSERVED TIME   RECORD YEAR NORMAL DEPARTURE LAST
                VALUE   (LST)  VALUE       VALUE  FROM      YEAR
                                                  NORMAL
..................................................................
TEMPERATURE (F)
 YESTERDAY
  MAXIMUM         80    339 PM  93    2012  71      9       82
  MINIMUM         59    736 AM  30    1981  45     14       46
  AVERAGE         70                        58     12       64

PRECIPITATION (IN)
  YESTERDAY        0.00          1.67 2000   0.05  -0.05     0.00
  MONTH TO DATE    0.85                      1.38  -0.53     0.24
  SINCE SEP 1      2.67                      3.76  -1.09     2.50
  SINCE JAN 1     10.41                     19.77  -9.36    14.06

SNOWFALL (IN)
  YESTERDAY        0.0           T    2005                   0.0
  MONTH TO DATE    0.0                                       0.0
  SINCE SEP 1      0.0                                       0.0
  SINCE JUL 1      0.0                                       0.0
  SNOW DEPTH      MM

DEGREE DAYS
 HEATING
  YESTERDAY        0                         8     -8        1
  MONTH TO DATE   60                       118    -58      130
  SINCE SEP 1     77                       145    -68      133
  SINCE JUL 1     78                       146    -68      133

 COOLING
  YESTERDAY        5                         1      4        0
  MONTH TO DATE   57                        47     10       53
  SINCE SEP 1    296                       282     14      404
  SINCE JAN 1   2030                      1832    198     2215
..................................................................


WIND (MPH)
  RESULTANT WIND SPEED   7   RESULTANT WIND DIRECTION   S (170)
  HIGHEST WIND SPEED    21   HIGHEST WIND DIRECTION     S (160)
  HIGHEST GUST SPEED    27   HIGHEST GUST DIRECTION     S (170)
  AVERAGE WIND SPEED    10.3


SKY COVER
  AVERAGE SKY COVER 0.0


WEATHER CONDITIONS
 THE FOLLOWING WEATHER WAS RECORDED YESTERDAY.
  FOG
  HAZE


RELATIVE HUMIDITY (PERCENT)
 HIGHEST    90           800 AM
 LOWEST     45           200 PM
 AVERAGE    68

..........................................................


THE BORGER CLIMATE NORMALS FOR TODAY
                         NORMAL    RECORD    YEAR
 MAXIMUM TEMPERATURE (F)   70        88      2012
 MINIMUM TEMPERATURE (F)   45        28      2005


SUNRISE AND SUNSET
OCTOBER 24 2014.......SUNRISE   800 AM CDT   SUNSET   659 PM CDT
OCTOBER 25 2014.......SUNRISE   801 AM CDT   SUNSET   658 PM CDT


-  INDICATES NEGATIVE NUMBERS.
R  INDICATES RECORD WAS SET OR TIED.
MM INDICATES DATA IS MISSING.
T  INDICATES TRACE AMOUNT.




$$
