000
CDUS44 KAMA 301417
CLIBGD


CLIMATE REPORT
NATIONAL WEATHER SERVICE AMARILLO TX
915 AM CDT THU MAR 30 2017


...................................

...THE BORGER CLIMATE SUMMARY FOR MARCH 30 2017...
VALID AS OF 0900 AM LOCAL TIME.

CLIMATE NORMAL PERIOD 1981 TO 2010
CLIMATE RECORD PERIOD 1949 TO 2017


WEATHER ITEM   OBSERVED TIME   RECORD YEAR NORMAL DEPARTURE LAST
                VALUE   (LST)  VALUE       VALUE  FROM      YEAR
                                                  NORMAL
..................................................................
TEMPERATURE (F)
 TODAY
  MINIMUM         40    650 AM  13    1987  40      0       50

PRECIPITATION (IN)
  TODAY            0.00          0.80 1973   0.05  -0.05     0.00
  MONTH TO DATE    2.12                      1.35   0.77     0.71
  SINCE MAR 1      2.12                      1.35   0.77     0.71
  SINCE JAN 1      5.60                      2.56   3.04     1.63

SNOWFALL (IN)
  TODAY            0.0           1.3  1991                   0.0
  MONTH TO DATE    0.0                                       2.7
  SINCE MAR 1      0.0                                       2.7
  SINCE JUL 1      0.1                                       8.9
  SNOW DEPTH       0

..................................................................


WIND (MPH)
  RESULTANT WIND SPEED   6   RESULTANT WIND DIRECTION   W (260)
  HIGHEST WIND SPEED    10   HIGHEST WIND DIRECTION     W (270)
  HIGHEST GUST SPEED    14   HIGHEST GUST DIRECTION     W (280)
  AVERAGE WIND SPEED     6.6


SKY COVER
  AVERAGE SKY COVER 0.1


WEATHER CONDITIONS
 THE FOLLOWING WEATHER WAS RECORDED TODAY.
  NO SIGNIFICANT WEATHER WAS OBSERVED.


RELATIVE HUMIDITY (PERCENT)
 HIGHEST    92           400 AM
 LOWEST     76           600 AM
 AVERAGE    84

..........................................................


THE BORGER CLIMATE NORMALS FOR TOMORROW
                         NORMAL    RECORD    YEAR
 MAXIMUM TEMPERATURE (F)   68        90      2012
                                             2010
                                             1971
 MINIMUM TEMPERATURE (F)   40        25      1985


SUNRISE AND SUNSET
MARCH 30 2017.........SUNRISE   735 AM CDT   SUNSET   806 PM CDT
MARCH 31 2017.........SUNRISE   733 AM CDT   SUNSET   807 PM CDT


-  INDICATES NEGATIVE NUMBERS.
R  INDICATES RECORD WAS SET OR TIED.
MM INDICATES DATA IS MISSING.
T  INDICATES TRACE AMOUNT.




$$
