000
CDUS44 KAMA 270732
CLIBGD


CLIMATE REPORT
NATIONAL WEATHER SERVICE AMARILLO TX
131 AM CST THU NOV 27 2014


...................................

...THE BORGER CLIMATE SUMMARY FOR NOVEMBER 26 2014...

CLIMATE NORMAL PERIOD 1981 TO 2013
CLIMATE RECORD PERIOD 1949 TO 2014


WEATHER ITEM   OBSERVED TIME   RECORD YEAR NORMAL DEPARTURE LAST
                VALUE   (LST)  VALUE       VALUE  FROM      YEAR
                                                  NORMAL
..................................................................
TEMPERATURE (F)
 YESTERDAY
  MAXIMUM         52    357 PM  80    1995  56     -4       43
  MINIMUM         35    759 AM   6    1952  32      3       24
  AVERAGE         44                        44      0       34

PRECIPITATION (IN)
  YESTERDAY        0.00          0.13 1959   0.03  -0.03     0.00
  MONTH TO DATE    0.23                      0.79  -0.56     0.85
  SINCE SEP 1      2.90                      4.89  -1.99     3.37
  SINCE JAN 1     10.64                     20.90 -10.26    14.93

SNOWFALL (IN)
  YESTERDAY        0.0           1.7  1959                   0.0
  MONTH TO DATE    1.9                                       3.8
  SINCE SEP 1      1.9                                       3.8
  SINCE JUL 1      1.9                                       3.8
  SNOW DEPTH       0

DEGREE DAYS
 HEATING
  YESTERDAY       21                        21      0       31
  MONTH TO DATE  526                       408    118      449
  SINCE SEP 1    642                       628     14      640
  SINCE JUL 1    643                       629     14      640

 COOLING
  YESTERDAY        0                         0      0        0
  MONTH TO DATE    0                         0      0        0
  SINCE SEP 1    318                       285     33      409
  SINCE JAN 1   2052                      1835    217     2220
..................................................................


WIND (MPH)
  RESULTANT WIND SPEED   7   RESULTANT WIND DIRECTION   N (350)
  HIGHEST WIND SPEED    21   HIGHEST WIND DIRECTION     N (360)
  HIGHEST GUST SPEED    29   HIGHEST GUST DIRECTION     N (10)
  AVERAGE WIND SPEED     9.6


SKY COVER
  AVERAGE SKY COVER 0.0


WEATHER CONDITIONS
 THE FOLLOWING WEATHER WAS RECORDED YESTERDAY.
  NO SIGNIFICANT WEATHER WAS OBSERVED.


RELATIVE HUMIDITY (PERCENT)
 HIGHEST    75           600 AM
 LOWEST     30           200 PM
 AVERAGE    53

..........................................................


THE BORGER CLIMATE NORMALS FOR TODAY
                         NORMAL    RECORD    YEAR
 MAXIMUM TEMPERATURE (F)   56        78      1998
 MINIMUM TEMPERATURE (F)   32        10      1976


SUNRISE AND SUNSET
NOVEMBER 27 2014......SUNRISE   733 AM CST   SUNSET   533 PM CST
NOVEMBER 28 2014......SUNRISE   734 AM CST   SUNSET   533 PM CST


-  INDICATES NEGATIVE NUMBERS.
R  INDICATES RECORD WAS SET OR TIED.
MM INDICATES DATA IS MISSING.
T  INDICATES TRACE AMOUNT.




$$
