000
CDUS44 KAMA 230728
CLIBGD


CLIMATE REPORT
NATIONAL WEATHER SERVICE AMARILLO TX
128 AM CST THU FEB 23 2017


...................................

...THE BORGER CLIMATE SUMMARY FOR FEBRUARY 22 2017...

CLIMATE NORMAL PERIOD 1981 TO 2010
CLIMATE RECORD PERIOD 1949 TO 2017


WEATHER ITEM   OBSERVED TIME   RECORD YEAR NORMAL DEPARTURE LAST
                VALUE   (LST)  VALUE       VALUE  FROM      YEAR
                                                  NORMAL
..................................................................
TEMPERATURE (F)
 YESTERDAY
  MAXIMUM         79    425 PM  82    1996  56     23       55
  MINIMUM         46    647 AM  13    2013  31     15       33
                                      1966
  AVERAGE         63                        43     20       44

PRECIPITATION (IN)
  YESTERDAY        0.00          0.73 1975   0.02  -0.02      T
  MONTH TO DATE    0.37                      0.51  -0.14     0.23
  SINCE DEC 1      3.70                      1.87   1.83     1.65
  SINCE JAN 1      3.48                      1.10   2.38     0.51

SNOWFALL (IN)
  YESTERDAY        0.0           9.0  1975                   0.0
  MONTH TO DATE    T                                         0.0
  SINCE DEC 1      0.1                                       5.4
  SINCE JUL 1      0.1                                       6.2
  SNOW DEPTH       0

DEGREE DAYS
 HEATING
  YESTERDAY        2                        22    -20       21
  MONTH TO DATE  333                       517   -184      375
  SINCE DEC 1   1862                      2152   -290     1816
  SINCE JUL 1   2235                      2869   -634     2388

 COOLING
  YESTERDAY        0                         0      0        0
  MONTH TO DATE   14                         0     14        6
  SINCE DEC 1     14                         0     14        6
  SINCE JAN 1     14                         0     14        6
..................................................................


WIND (MPH)
  RESULTANT WIND SPEED   9   RESULTANT WIND DIRECTION  SW (240)
  HIGHEST WIND SPEED    18   HIGHEST WIND DIRECTION     W (280)
  HIGHEST GUST SPEED    25   HIGHEST GUST DIRECTION     W (280)
  AVERAGE WIND SPEED     9.4


SKY COVER
  AVERAGE SKY COVER 0.0


WEATHER CONDITIONS
 THE FOLLOWING WEATHER WAS RECORDED YESTERDAY.
  NO SIGNIFICANT WEATHER WAS OBSERVED.


RELATIVE HUMIDITY (PERCENT)
 HIGHEST    41           200 AM
 LOWEST     13           400 PM
 AVERAGE    27

..........................................................


THE BORGER CLIMATE NORMALS FOR TODAY
                         NORMAL    RECORD    YEAR
 MAXIMUM TEMPERATURE (F)   56        81      1956
 MINIMUM TEMPERATURE (F)   31         7      1960


SUNRISE AND SUNSET
FEBRUARY 23 2017......SUNRISE   723 AM CST   SUNSET   635 PM CST
FEBRUARY 24 2017......SUNRISE   721 AM CST   SUNSET   636 PM CST


-  INDICATES NEGATIVE NUMBERS.
R  INDICATES RECORD WAS SET OR TIED.
MM INDICATES DATA IS MISSING.
T  INDICATES TRACE AMOUNT.




$$
