000
CDUS44 KAMA 010628
CLIBGD


CLIMATE REPORT
NATIONAL WEATHER SERVICE AMARILLO TX
128 AM CDT WED OCT 1 2014


...................................

...THE BORGER CLIMATE SUMMARY FOR SEPTEMBER 30 2014...

CLIMATE NORMAL PERIOD 1981 TO 2013
CLIMATE RECORD PERIOD 1949 TO 2014


WEATHER ITEM   OBSERVED TIME   RECORD YEAR NORMAL DEPARTURE LAST
                VALUE   (LST)  VALUE       VALUE  FROM      YEAR
                                                  NORMAL
..................................................................
TEMPERATURE (F)
 YESTERDAY
  MAXIMUM         89    231 PM  98    2009  78     11       88
  MINIMUM         63    711 AM  29    1985  55      8       50
  AVERAGE         76                        66     10       69

PRECIPITATION (IN)
  YESTERDAY        0.01          0.30 1959   0.08  -0.07     0.00
  MONTH TO DATE    1.82                      2.38  -0.56     2.26
  SINCE SEP 1      1.82                      2.38  -0.56     2.26
  SINCE JAN 1      9.56                     18.39  -8.83    13.82

SNOWFALL (IN)
  YESTERDAY        0.0           0.0  2013                   0.0
                                      2012
                                      2011
  MONTH TO DATE    0.0                                       0.0
  SINCE SEP 1      0.0                                       0.0
  SINCE JUL 1      0.0                                       0.0
  SNOW DEPTH       0

DEGREE DAYS
 HEATING
  YESTERDAY        0                         3     -3        0
  MONTH TO DATE   17                        24     -7        3
  SINCE SEP 1     17                        27    -10        3
  SINCE JUL 1     18                        28    -10        3

 COOLING
  YESTERDAY       11                         4      7        4
  MONTH TO DATE  239                       235      4      351
  SINCE SEP 1    239                       235      4      351
  SINCE JAN 1   1973                      1785    188     2162
..................................................................


WIND (MPH)
  RESULTANT WIND SPEED  10   RESULTANT WIND DIRECTION  SW (210)
  HIGHEST WIND SPEED    24   HIGHEST WIND DIRECTION    SW (230)
  HIGHEST GUST SPEED    34   HIGHEST GUST DIRECTION    SW (230)
  AVERAGE WIND SPEED    10.7


SKY COVER
  AVERAGE SKY COVER 0.2


WEATHER CONDITIONS
 THE FOLLOWING WEATHER WAS RECORDED YESTERDAY.
  THUNDERSTORM
  LIGHT RAIN


RELATIVE HUMIDITY (PERCENT)
 HIGHEST    78           500 AM
 LOWEST     17           200 PM
 AVERAGE    48

..........................................................


THE BORGER CLIMATE NORMALS FOR TODAY
                         NORMAL    RECORD    YEAR
 MAXIMUM TEMPERATURE (F)   78        97      2000
 MINIMUM TEMPERATURE (F)   54        37      1965


SUNRISE AND SUNSET
OCTOBER  1 2014.......SUNRISE   741 AM CDT   SUNSET   729 PM CDT
OCTOBER  2 2014.......SUNRISE   741 AM CDT   SUNSET   728 PM CDT


-  INDICATES NEGATIVE NUMBERS.
R  INDICATES RECORD WAS SET OR TIED.
MM INDICATES DATA IS MISSING.
T  INDICATES TRACE AMOUNT.




$$
