000
CDUS41 KBGM 170524
CLIBGM


CLIMATE REPORT
NATIONAL WEATHER SERVICE BINGHAMTON NY
1223 AM EST WED JAN 17 2018


...................................

...THE BINGHAMTON NY CLIMATE SUMMARY FOR JANUARY 16 2018...

CLIMATE NORMAL PERIOD 1981 TO 2010
CLIMATE RECORD PERIOD 1951 TO 2018


WEATHER ITEM   OBSERVED TIME   RECORD YEAR NORMAL DEPARTURE LAST
                VALUE   (LST)  VALUE       VALUE  FROM      YEAR
                                                  NORMAL
..................................................................
TEMPERATURE (F)
 YESTERDAY
  MAXIMUM         25    453 PM  58    1995  28     -3       35
  MINIMUM         19    327 AM -13    1994  15      4       17
  AVERAGE         22                        22      0       26

PRECIPITATION (IN)
  YESTERDAY        0.31          0.91 1991   0.08   0.23     0.00
  MONTH TO DATE    2.13                      1.27   0.86     1.66
  SINCE DEC 1      3.54                      4.10  -0.56     5.25
  SINCE JAN 1      2.13                      1.27   0.86     1.66

SNOWFALL (IN)
  YESTERDAY        3.3           4.8  1954   0.7    2.6      0.0
  MONTH TO DATE   11.8                      11.6    0.2      1.1
  SINCE DEC 1     23.1                      29.4   -6.3     30.9
  SINCE JUL 1     24.9                      36.2  -11.3     59.5
  SNOW DEPTH       4

DEGREE DAYS
 HEATING
  YESTERDAY       43                        43      0       39
  MONTH TO DATE  776                       682     94      651
  SINCE DEC 1   2048                      1852    196     1827
  SINCE JUL 1   3446                      3427     19     3176

 COOLING
  YESTERDAY        0                         0      0        0
  MONTH TO DATE    0                         0      0        0
  SINCE DEC 1      0                         0      0        0
  SINCE JAN 1      0                         0      0        0
..................................................................


WIND (MPH)
  HIGHEST WIND SPEED    10   HIGHEST WIND DIRECTION    SW (210)
  HIGHEST GUST SPEED    14   HIGHEST GUST DIRECTION    SW (220)
  AVERAGE WIND SPEED     4.1


SKY COVER
  AVERAGE SKY COVER 1.0


WEATHER CONDITIONS
 THE FOLLOWING WEATHER WAS RECORDED YESTERDAY.
  LIGHT SNOW
  FOG


RELATIVE HUMIDITY (PERCENT)
 HIGHEST    96          1100 AM
 LOWEST     84          1200 AM
 AVERAGE    90

..........................................................


THE BINGHAMTON NY CLIMATE NORMALS FOR TODAY
                         NORMAL    RECORD    YEAR
 MAXIMUM TEMPERATURE (F)   28        53      1990
 MINIMUM TEMPERATURE (F)   15       -12      1982
                                             1965


SUNRISE AND SUNSET
JANUARY 17 2018.......SUNRISE   729 AM EST   SUNSET   459 PM EST
JANUARY 18 2018.......SUNRISE   728 AM EST   SUNSET   501 PM EST


-  INDICATES NEGATIVE NUMBERS.
R  INDICATES RECORD WAS SET OR TIED.
MM INDICATES DATA IS MISSING.
T  INDICATES TRACE AMOUNT.

$$
