166
CDUS41 KBGM 260550
CLIBGM


CLIMATE REPORT
NATIONAL WEATHER SERVICE BINGHAMTON NY
1249 AM EST SUN FEB 26 2017


...................................

...THE BINGHAMTON NY CLIMATE SUMMARY FOR FEBRUARY 25 2017...

CLIMATE NORMAL PERIOD 1981 TO 2010
CLIMATE RECORD PERIOD 1951 TO 2017


WEATHER ITEM   OBSERVED TIME   RECORD YEAR NORMAL DEPARTURE LAST
                VALUE   (LST)  VALUE       VALUE  FROM      YEAR
                                                  NORMAL
..................................................................
TEMPERATURE (F)
 YESTERDAY
  MAXIMUM         60R   859 AM  58    1976  35     25       50
  MINIMUM         29   1159 PM  -2    1990  19     10       24
  AVERAGE         45                        27     18       37

PRECIPITATION (IN)
  YESTERDAY        0.61          1.08 2011   0.08   0.53     0.37
  MONTH TO DATE    2.46                      2.04   0.42     3.97
  SINCE DEC 1      9.84                      7.32   2.52     8.89
  SINCE JAN 1      6.25                      4.49   1.76     5.28

SNOWFALL (IN)
  YESTERDAY        0.1          13.9  2010   0.7   -0.6      0.7
  MONTH TO DATE   23.0                      15.3    7.7      8.0
  SINCE DEC 1     64.8                      55.3    9.5     20.4
  SINCE JUL 1     93.4                      62.1   31.3     21.5
  SNOW DEPTH       0

DEGREE DAYS
 HEATING
  YESTERDAY       20                        38    -18       28
  MONTH TO DATE  844                      1014   -170      947
  SINCE DEC 1   3177                      3511   -334     2955
  SINCE JUL 1   4526                      5086   -560     4225

 COOLING
  YESTERDAY        0                         0      0        0
  MONTH TO DATE    0                         0      0        0
  SINCE DEC 1      0                         0      0        0
  SINCE JAN 1      0                         0      0        0
..................................................................


WIND (MPH)
  HIGHEST WIND SPEED    26   HIGHEST WIND DIRECTION    NW (320)
  HIGHEST GUST SPEED    38   HIGHEST GUST DIRECTION    SW (240)
  AVERAGE WIND SPEED    11.5


SKY COVER
  AVERAGE SKY COVER 0.8


WEATHER CONDITIONS
 THE FOLLOWING WEATHER WAS RECORDED YESTERDAY.
  THUNDERSTORM
  HEAVY RAIN
  RAIN
  LIGHT RAIN
  LIGHT SNOW
  FOG


RELATIVE HUMIDITY (PERCENT)
 HIGHEST   100           200 PM
 LOWEST     72          1200 AM
 AVERAGE    86

..........................................................


THE BINGHAMTON NY CLIMATE NORMALS FOR TODAY
                         NORMAL    RECORD    YEAR
 MAXIMUM TEMPERATURE (F)   35        62      1976
 MINIMUM TEMPERATURE (F)   19        -6      1990


SUNRISE AND SUNSET
FEBRUARY 26 2017......SUNRISE   643 AM EST   SUNSET   551 PM EST
FEBRUARY 27 2017......SUNRISE   642 AM EST   SUNSET   552 PM EST


-  INDICATES NEGATIVE NUMBERS.
R  INDICATES RECORD WAS SET OR TIED.
MM INDICATES DATA IS MISSING.
T  INDICATES TRACE AMOUNT.




$$
