000
CDUS41 KCAR 050528
CLIBGR


CLIMATE REPORT
NATIONAL WEATHER SERVICE CARIBOU, ME
1227 AM EST MON DEC 5 2016


...................................

...THE BANGOR ME CLIMATE SUMMARY FOR DECEMBER 4 2016...

CLIMATE NORMAL PERIOD 1981 TO 2010
CLIMATE RECORD PERIOD 1925 TO 2016


WEATHER ITEM   OBSERVED TIME   RECORD YEAR NORMAL DEPARTURE LAST
                VALUE   (LST)  VALUE       VALUE  FROM      YEAR
                                                  NORMAL
..................................................................
TEMPERATURE (F)
 YESTERDAY
  MAXIMUM         33    219 PM  65    1982  38     -5       39
  MINIMUM         18   1148 PM -24    1940  21     -3       25
  AVERAGE         26                        30     -4       32

PRECIPITATION (IN)
  YESTERDAY        0.00          2.38 1990   0.13  -0.13     0.00
  MONTH TO DATE    0.86                      0.53   0.33     0.80
  SINCE DEC 1      0.86                      0.53   0.33     0.80
  SINCE JAN 1     31.44                     38.98  -7.54    32.27

SNOWFALL (IN)
  YESTERDAY        0.0           4.5  1970   0.4             0.0
  MONTH TO DATE    T                         1.4              T
  SINCE DEC 1      T                         1.4              T
  SINCE JUL 1      1.5                       3.8             2.5
  SNOW DEPTH       0

DEGREE DAYS
 HEATING
  YESTERDAY       39                        35      4       33
  MONTH TO DATE  128                       138    -10      126
  SINCE DEC 1    128                       138    -10      126
  SINCE JUL 1   1547                      1807   -260     1627

 COOLING
  YESTERDAY        0                         0      0        0
  MONTH TO DATE    0                         0      0        0
  SINCE DEC 1      0                         0      0        0
  SINCE JAN 1    448                       318    130      406
..................................................................


WIND (MPH)
  RESULTANT WIND SPEED   8   RESULTANT WIND DIRECTION  NW (320)
  HIGHEST WIND SPEED    18   HIGHEST WIND DIRECTION     N (340)
  HIGHEST GUST SPEED    24   HIGHEST GUST DIRECTION    NW (310)


SKY COVER
  POSSIBLE SUNSHINE  MM
  AVERAGE SKY COVER 0.5


WEATHER CONDITIONS
 THE FOLLOWING WEATHER WAS RECORDED YESTERDAY.
  NO SIGNIFICANT WEATHER WAS OBSERVED.


RELATIVE HUMIDITY (PERCENT)
 HIGHEST    85
 LOWEST     59
 AVERAGE    72

..........................................................


THE BANGOR ME CLIMATE NORMALS FOR TODAY
                         NORMAL    RECORD    YEAR
 MAXIMUM TEMPERATURE (F)   38        55      1973
                                             1948
 MINIMUM TEMPERATURE (F)   21        -8      1926


SUNRISE AND SUNSET
DECEMBER  5 2016......SUNRISE   657 AM EST   SUNSET   355 PM EST
DECEMBER  6 2016......SUNRISE   658 AM EST   SUNSET   354 PM EST


-  INDICATES NEGATIVE NUMBERS.
R  INDICATES RECORD WAS SET OR TIED.
MM INDICATES DATA IS MISSING.
T  INDICATES TRACE AMOUNT.




$$
