000
CDUS41 KCAR 240531
CLIBGR


CLIMATE REPORT
NATIONAL WEATHER SERVICE CARIBOU, ME
130 AM EDT SUN JUL 24 2016


...................................

...THE BANGOR ME CLIMATE SUMMARY FOR JULY 23 2016...

CLIMATE NORMAL PERIOD 1981 TO 2010
CLIMATE RECORD PERIOD 1925 TO 2016


WEATHER ITEM   OBSERVED TIME   RECORD YEAR NORMAL DEPARTURE LAST
                VALUE   (LST)  VALUE       VALUE  FROM      YEAR
                                                  NORMAL
..................................................................
TEMPERATURE (F)
 YESTERDAY
  MAXIMUM         91    236 PM  94    1955  80     11       76
  MINIMUM         70    539 AM  50    1992  58     12       52
                                      1939
  AVERAGE         81                        69     12       64

PRECIPITATION (IN)
  YESTERDAY        0.01          1.42 1991   0.12  -0.11      T
  MONTH TO DATE    2.66                      2.52   0.14     0.87
  SINCE JUN 1      5.51                      6.28  -0.77     5.77
  SINCE JAN 1     19.72                     22.33  -2.61    16.82

SNOWFALL (IN)
  YESTERDAY        0.0           0.0  2002   0.0             0.0
                                      2001
  MONTH TO DATE    0.0                       0.0             0.0
  SINCE JUN 1      0.0                       0.0             0.0
  SINCE JUL 1      0.0                       0.0             0.0
  SNOW DEPTH       0

DEGREE DAYS
 HEATING
  YESTERDAY        0                         1     -1        1
  MONTH TO DATE   11                        23    -12       18
  SINCE JUN 1     58                       130    -72      194
  SINCE JUL 1     11                        23    -12       18

 COOLING
  YESTERDAY       16                         5     11        0
  MONTH TO DATE  181                        96     85       64
  SINCE JUN 1    237                       148     89       88
  SINCE JAN 1    262                       154    108      111
..................................................................


WIND (MPH)
  RESULTANT WIND SPEED   5   RESULTANT WIND DIRECTION   W (290)
  HIGHEST WIND SPEED    18   HIGHEST WIND DIRECTION    NW (310)
  HIGHEST GUST SPEED    24   HIGHEST GUST DIRECTION    NW (330)


SKY COVER
  POSSIBLE SUNSHINE  MM
  AVERAGE SKY COVER 0.7


WEATHER CONDITIONS
 THE FOLLOWING WEATHER WAS RECORDED YESTERDAY.
  THUNDERSTORM
  LIGHT RAIN


RELATIVE HUMIDITY (PERCENT)
 HIGHEST    73
 LOWEST     37
 AVERAGE    55

..........................................................


THE BANGOR ME CLIMATE NORMALS FOR TODAY
                         NORMAL    RECORD    YEAR
 MAXIMUM TEMPERATURE (F)   80        96      1941
 MINIMUM TEMPERATURE (F)   58        47      2002


SUNRISE AND SUNSET
JULY 24 2016..........SUNRISE   513 AM EDT   SUNSET   810 PM EDT
JULY 25 2016..........SUNRISE   514 AM EDT   SUNSET   809 PM EDT


-  INDICATES NEGATIVE NUMBERS.
R  INDICATES RECORD WAS SET OR TIED.
MM INDICATES DATA IS MISSING.
T  INDICATES TRACE AMOUNT.




$$
