000
CDUS41 KCAR 210527
CLIBGR


CLIMATE REPORT
NATIONAL WEATHER SERVICE CARIBOU, ME
127 AM EDT SUN SEP 21 2014


...................................

...THE BANGOR ME CLIMATE SUMMARY FOR SEPTEMBER 20 2014...

CLIMATE NORMAL PERIOD 1981 TO 2010
CLIMATE RECORD PERIOD 1925 TO 2014


WEATHER ITEM   OBSERVED TIME   RECORD YEAR NORMAL DEPARTURE LAST
                VALUE   (LST)  VALUE       VALUE  FROM      YEAR
                                                  NORMAL
..................................................................
TEMPERATURE (F)
 YESTERDAY
  MAXIMUM         60    358 PM  88    1948  68     -8       77
  MINIMUM         34    546 AM  27    1929  46    -12       47
  AVERAGE         47                        57    -10       62

PRECIPITATION (IN)
  YESTERDAY        0.00          1.75 1987   0.14  -0.14     0.00
  MONTH TO DATE    0.83                      2.40  -1.57     6.70
  SINCE SEP 1      0.83                      2.40  -1.57     6.70
  SINCE JAN 1     28.57                     28.65  -0.08    31.88

SNOWFALL (IN)
  YESTERDAY        0.0           0.0  2002   0.0             0.0
                                      2001
  MONTH TO DATE    0.0                       0.0             0.0
  SINCE SEP 1      0.0                       0.0             0.0
  SINCE JUL 1      0.0                       0.0             0.0
  SNOW DEPTH       0

DEGREE DAYS
 HEATING
  YESTERDAY       18                         8     10        3
  MONTH TO DATE  152                       106     46      111
  SINCE SEP 1    152                       106     46      111
  SINCE JUL 1    173                       169      4      143

 COOLING
  YESTERDAY        0                         0      0        0
  MONTH TO DATE   42                        21     21       33
  SINCE SEP 1     42                        21     21       33
  SINCE JAN 1    356                       315     41      355
..................................................................


WIND (MPH)
  RESULTANT WIND SPEED  10   RESULTANT WIND DIRECTION   S (190)
  HIGHEST WIND SPEED    20   HIGHEST WIND DIRECTION     S (190)
  HIGHEST GUST SPEED    29   HIGHEST GUST DIRECTION     S (190)


SKY COVER
  POSSIBLE SUNSHINE  MM
  AVERAGE SKY COVER 0.7


WEATHER CONDITIONS
 THE FOLLOWING WEATHER WAS RECORDED YESTERDAY.
  NO SIGNIFICANT WEATHER WAS OBSERVED.


RELATIVE HUMIDITY (PERCENT)
 HIGHEST    89
 LOWEST     57
 AVERAGE    73

..........................................................


THE BANGOR ME CLIMATE NORMALS FOR TODAY
                         NORMAL    RECORD    YEAR
 MAXIMUM TEMPERATURE (F)   68        90      1965
 MINIMUM TEMPERATURE (F)   46        27      1929


SUNRISE AND SUNSET
SEPTEMBER 21 2014.....SUNRISE   621 AM EDT   SUNSET   635 PM EDT
SEPTEMBER 22 2014.....SUNRISE   622 AM EDT   SUNSET   633 PM EDT


-  INDICATES NEGATIVE NUMBERS.
R  INDICATES RECORD WAS SET OR TIED.
MM INDICATES DATA IS MISSING.
T  INDICATES TRACE AMOUNT.




$$
