000
CDUS41 KCAR 040527
CLIBGR


CLIMATE REPORT
NATIONAL WEATHER SERVICE CARIBOU, ME
127 AM EDT TUE AUG 4 2015


...................................

...THE BANGOR ME CLIMATE SUMMARY FOR AUGUST 3 2015...

CLIMATE NORMAL PERIOD 1981 TO 2010
CLIMATE RECORD PERIOD 1925 TO 2015


WEATHER ITEM   OBSERVED TIME   RECORD YEAR NORMAL DEPARTURE LAST
                VALUE   (LST)  VALUE       VALUE  FROM      YEAR
                                                  NORMAL
..................................................................
TEMPERATURE (F)
 YESTERDAY
  MAXIMUM         84   1212 PM  94    1938  80      4       79
  MINIMUM         62    403 AM  42    1940  58      4       58
  AVERAGE         73                        69      4       69

PRECIPITATION (IN)
  YESTERDAY        0.03          0.96 1934   0.11  -0.08     0.00
  MONTH TO DATE    0.03                      0.33  -0.30     0.00
  SINCE JUN 1      6.09                      7.55  -1.46    10.37
  SINCE JAN 1     17.14                     23.60  -6.46    24.78

SNOWFALL (IN)
  YESTERDAY        0.0           0.0  2002   0.0             0.0
                                      2001
  MONTH TO DATE    0.0                       0.0             0.0
  SINCE JUN 1      0.0                       0.0             0.0
  SINCE JUL 1      0.0                       0.0             0.0
  SNOW DEPTH       0

DEGREE DAYS
 HEATING
  YESTERDAY        0                         1     -1        0
  MONTH TO DATE    0                         3     -3        0
  SINCE JUN 1    205                       133     72       76
  SINCE JUL 1     29                        26      3        5

 COOLING
  YESTERDAY        8                         4      4        4
  MONTH TO DATE   17                        12      5       14
  SINCE JUN 1    141                       196    -55      233
  SINCE JAN 1    164                       202    -38      233
..................................................................


WIND (MPH)
  RESULTANT WIND SPEED  12   RESULTANT WIND DIRECTION   S (180)
  HIGHEST WIND SPEED    25   HIGHEST WIND DIRECTION     S (180)
  HIGHEST GUST SPEED    32   HIGHEST GUST DIRECTION     S (170)


SKY COVER
  POSSIBLE SUNSHINE  MM
  AVERAGE SKY COVER 0.4


WEATHER CONDITIONS
 THE FOLLOWING WEATHER WAS RECORDED YESTERDAY.
  THUNDERSTORM
  LIGHT RAIN
  FOG


RELATIVE HUMIDITY (PERCENT)
 HIGHEST    93
 LOWEST     51
 AVERAGE    72

..........................................................


THE BANGOR ME CLIMATE NORMALS FOR TODAY
                         NORMAL    RECORD    YEAR
 MAXIMUM TEMPERATURE (F)   80        94      1938
 MINIMUM TEMPERATURE (F)   58        47      1940


SUNRISE AND SUNSET
AUGUST  4 2015........SUNRISE   524 AM EDT   SUNSET   758 PM EDT
AUGUST  5 2015........SUNRISE   525 AM EDT   SUNSET   756 PM EDT


-  INDICATES NEGATIVE NUMBERS.
R  INDICATES RECORD WAS SET OR TIED.
MM INDICATES DATA IS MISSING.
T  INDICATES TRACE AMOUNT.




$$
