000
CDUS41 KCAR 192030
CLIBGR


CLIMATE REPORT
NATIONAL WEATHER SERVICE CARIBOU, ME
428 PM EDT SAT AUG 19 2017


...................................

...THE BANGOR ME CLIMATE SUMMARY FOR AUGUST 19 2017...
VALID TODAY AS OF 0400 PM LOCAL TIME.

CLIMATE NORMAL PERIOD 1981 TO 2010
CLIMATE RECORD PERIOD 1925 TO 2017


WEATHER ITEM   OBSERVED TIME   RECORD YEAR NORMAL DEPARTURE LAST
                VALUE   (LST)  VALUE       VALUE  FROM      YEAR
                                                  NORMAL
..................................................................
TEMPERATURE (F)
 TODAY
  MAXIMUM         72    229 PM 104    1935  78     -6       82
  MINIMUM         60    604 AM  43    1926  56      4       56
  AVERAGE         66                        67     -1       69

PRECIPITATION (IN)
  TODAY            0.13          3.67 1965   0.08   0.05     0.00
  MONTH TO DATE    1.63                      1.90  -0.27     1.44
  SINCE JUN 1      7.86                      9.12  -1.26     6.98
  SINCE JAN 1     26.16                     25.17   0.99    21.19

SNOWFALL (IN)
  TODAY            0.0           0.0  2002   0.0    0.0      0.0
                                      2001
  MONTH TO DATE    0.0                       0.0    0.0      0.0
  SINCE JUN 1      T                         0.0    0.0      0.0
  SINCE JUL 1      0.0                       0.0    0.0      0.0
  SNOW DEPTH       0

DEGREE DAYS
 HEATING
  TODAY            0                         1     -1        0
  MONTH TO DATE    6                        19    -13        3
  SINCE JUN 1    111                       149    -38      129
  SINCE JUL 1     20                        42    -22       26

 COOLING
  TODAY            1                         3     -2        4
  MONTH TO DATE   82                        71     11      113
  SINCE JUN 1    246                       255     -9      333
  SINCE JAN 1    253                       261     -8      343
..................................................................


WIND (MPH)
  HIGHEST WIND SPEED     9   HIGHEST WIND DIRECTION    NE (40)
  HIGHEST GUST SPEED    12   HIGHEST GUST DIRECTION     E (80)
  AVERAGE WIND SPEED     4.7


SKY COVER
  POSSIBLE SUNSHINE  MM
  AVERAGE SKY COVER 1.0


WEATHER CONDITIONS
 THE FOLLOWING WEATHER WAS RECORDED TODAY.
  RAIN
  LIGHT RAIN
  FOG


RELATIVE HUMIDITY (PERCENT)
 HIGHEST    97           100 AM
 LOWEST     78          1200 PM
 AVERAGE    88

..........................................................


THE BANGOR ME CLIMATE NORMALS FOR TOMORROW
                         NORMAL    RECORD    YEAR
 MAXIMUM TEMPERATURE (F)   78        94      1938
 MINIMUM TEMPERATURE (F)   55        42      1944


SUNRISE AND SUNSET
AUGUST 19 2017........SUNRISE   542 AM EDT   SUNSET   734 PM EDT
AUGUST 20 2017........SUNRISE   544 AM EDT   SUNSET   733 PM EDT


-  INDICATES NEGATIVE NUMBERS.
R  INDICATES RECORD WAS SET OR TIED.
MM INDICATES DATA IS MISSING.
T  INDICATES TRACE AMOUNT.




$$
