000
CDUS41 KCAR 220527
CLIBGR


CLIMATE REPORT
NATIONAL WEATHER SERVICE CARIBOU, ME
1226 AM EST MON DEC 22 2014


...................................

...THE BANGOR ME CLIMATE SUMMARY FOR DECEMBER 21 2014...

CLIMATE NORMAL PERIOD 1981 TO 2010
CLIMATE RECORD PERIOD 1925 TO 2014


WEATHER ITEM   OBSERVED TIME   RECORD YEAR NORMAL DEPARTURE LAST
                VALUE   (LST)  VALUE       VALUE  FROM      YEAR
                                                  NORMAL
..................................................................
TEMPERATURE (F)
 YESTERDAY
  MAXIMUM         30    342 PM  59    1973  32     -2       29
  MINIMUM         20   1159 PM -17    1980  13      7       20
  AVERAGE         25                        22      3       25

PRECIPITATION (IN)
  YESTERDAY        0.00          1.47 1993   0.11  -0.11     0.09
  MONTH TO DATE    4.06                      2.52   1.54     1.29
  SINCE DEC 1      4.06                      2.52   1.54     1.29
  SINCE JAN 1     42.75                     40.97   1.78    38.42

SNOWFALL (IN)
  YESTERDAY        0.0           9.7  2008   0.5             0.0
  MONTH TO DATE    6.5                       9.0            13.9
  SINCE DEC 1      6.5                       9.0            13.9
  SINCE JUL 1     32.4                      11.4            14.6
  SNOW DEPTH       2

DEGREE DAYS
 HEATING
  YESTERDAY       40                        43     -3       40
  MONTH TO DATE  774                       806    -32      934
  SINCE DEC 1    774                       806    -32      934
  SINCE JUL 1   2358                      2475   -117     2519

 COOLING
  YESTERDAY        0                         0      0        0
  MONTH TO DATE    0                         0      0        0
  SINCE DEC 1      0                         0      0        0
  SINCE JAN 1    363                       318     45      355
..................................................................


WIND (MPH)
  RESULTANT WIND SPEED   4   RESULTANT WIND DIRECTION   N (350)
  HIGHEST WIND SPEED     8   HIGHEST WIND DIRECTION     N (360)
  HIGHEST GUST SPEED    10   HIGHEST GUST DIRECTION     N (340)


SKY COVER
  POSSIBLE SUNSHINE  MM
  AVERAGE SKY COVER 1.0


WEATHER CONDITIONS
 THE FOLLOWING WEATHER WAS RECORDED YESTERDAY.
  LIGHT SNOW
  FOG


RELATIVE HUMIDITY (PERCENT)
 HIGHEST    96
 LOWEST     78
 AVERAGE    87

..........................................................


THE BANGOR ME CLIMATE NORMALS FOR TODAY
                         NORMAL    RECORD    YEAR
 MAXIMUM TEMPERATURE (F)   32        55      1949
 MINIMUM TEMPERATURE (F)   13       -23      1980


SUNRISE AND SUNSET
DECEMBER 22 2014......SUNRISE   710 AM EST   SUNSET   358 PM EST
DECEMBER 23 2014......SUNRISE   711 AM EST   SUNSET   358 PM EST


-  INDICATES NEGATIVE NUMBERS.
R  INDICATES RECORD WAS SET OR TIED.
MM INDICATES DATA IS MISSING.
T  INDICATES TRACE AMOUNT.




$$
