000
CDUS41 KCAR 300528
CLIBGR


CLIMATE REPORT
NATIONAL WEATHER SERVICE CARIBOU, ME
1228 AM EST FRI JAN 30 2015


...................................

...THE BANGOR ME CLIMATE SUMMARY FOR JANUARY 29 2015...

CLIMATE NORMAL PERIOD 1981 TO 2010
CLIMATE RECORD PERIOD 1925 TO 2015


WEATHER ITEM   OBSERVED TIME   RECORD YEAR NORMAL DEPARTURE LAST
                VALUE   (LST)  VALUE       VALUE  FROM      YEAR
                                                  NORMAL
..................................................................
TEMPERATURE (F)
 YESTERDAY
  MAXIMUM         28    239 PM  46    1950  28      0       21
                                      1927
  MINIMUM        -11    730 AM -20    1971   7    -18        5
  AVERAGE          9                        17     -8       13

PRECIPITATION (IN)
  YESTERDAY        0.00          0.66 1973   0.09  -0.09     0.00
  MONTH TO DATE    2.12                      2.71  -0.59     3.18
  SINCE DEC 1      7.35                      6.19   1.16     6.11
  SINCE JAN 1      2.12                      2.71  -0.59     3.18

SNOWFALL (IN)
  YESTERDAY        0.0           9.0  1945   0.6             0.0
  MONTH TO DATE   31.2                      18.0             8.7
  SINCE DEC 1     38.2                      32.4            37.3
  SINCE JUL 1     64.1                      34.8            38.0
  SNOW DEPTH      21

DEGREE DAYS
 HEATING
  YESTERDAY       56                        48      8       52
  MONTH TO DATE 1462                      1390     72     1341
  SINCE DEC 1   2573                      2642    -69     2768
  SINCE JUL 1   4157                      4311   -154     4353

 COOLING
  YESTERDAY        0                         0      0        0
  MONTH TO DATE    0                         0      0        0
  SINCE DEC 1      0                         0      0        0
  SINCE JAN 1      0                         0      0        0
..................................................................


WIND (MPH)
  RESULTANT WIND SPEED   0   RESULTANT WIND DIRECTION   E (70)
  HIGHEST WIND SPEED     7   HIGHEST WIND DIRECTION    NW (330)
  HIGHEST GUST SPEED     8   HIGHEST GUST DIRECTION    NW (330)


SKY COVER
  POSSIBLE SUNSHINE  MM
  AVERAGE SKY COVER 0.1


WEATHER CONDITIONS
 THE FOLLOWING WEATHER WAS RECORDED YESTERDAY.
  NO SIGNIFICANT WEATHER WAS OBSERVED.


RELATIVE HUMIDITY (PERCENT)
 HIGHEST    95
 LOWEST     32
 AVERAGE    64

..........................................................


THE BANGOR ME CLIMATE NORMALS FOR TODAY
                         NORMAL    RECORD    YEAR
 MAXIMUM TEMPERATURE (F)   28        52      2013
 MINIMUM TEMPERATURE (F)    7       -16      1948


SUNRISE AND SUNSET
JANUARY 30 2015.......SUNRISE   657 AM EST   SUNSET   440 PM EST
JANUARY 31 2015.......SUNRISE   656 AM EST   SUNSET   442 PM EST


-  INDICATES NEGATIVE NUMBERS.
R  INDICATES RECORD WAS SET OR TIED.
MM INDICATES DATA IS MISSING.
T  INDICATES TRACE AMOUNT.




$$
