000
CDUS44 KBMX 170758
CLIBHM


CLIMATE REPORT
NATIONAL WEATHER SERVICE BIRMINGHAM, AL
258 AM CDT THU AUG 17 2017


...................................

...THE BIRMINGHAM CLIMATE SUMMARY FOR AUGUST 16 2017...

CLIMATE NORMAL PERIOD 1981 TO 2010
CLIMATE RECORD PERIOD 1895 TO 2017


WEATHER ITEM   OBSERVED TIME   RECORD YEAR NORMAL DEPARTURE LAST
                VALUE   (LST)  VALUE       VALUE  FROM      YEAR
                                                  NORMAL
..................................................................
TEMPERATURE (F)
 YESTERDAY
  MAXIMUM         91    327 PM 103    2007  91      0       93
                                      1995
  MINIMUM         73    308 AM  57    1992  71      2       75
                                      1929
  AVERAGE         82                        81      1       84

PRECIPITATION (IN)
  YESTERDAY        0.00          2.13 1901   0.12  -0.12     0.00
  MONTH TO DATE    3.65                      2.11   1.54     0.98
  SINCE JUN 1     23.94                     11.29  12.65    12.02
  SINCE JAN 1     51.60                     35.26  16.34    33.63

DEGREE DAYS
 COOLING
  YESTERDAY       17                        16      1       19
  MONTH TO DATE  246                       256    -10      297
  SINCE JUN 1   1136                      1137     -1     1366
  SINCE JAN 1   1598                      1419    179     1689
..................................................................


WIND (MPH)
  HIGHEST WIND SPEED    16   HIGHEST WIND DIRECTION     W (260)
  HIGHEST GUST SPEED    19   HIGHEST GUST DIRECTION     W (250)
  AVERAGE WIND SPEED     5.8


SKY COVER
  AVERAGE SKY COVER 0.5


WEATHER CONDITIONS
 THE FOLLOWING WEATHER WAS RECORDED YESTERDAY.
  NO SIGNIFICANT WEATHER WAS OBSERVED.


RELATIVE HUMIDITY (PERCENT)
 HIGHEST    93          1200 AM
 LOWEST     56           100 PM
 AVERAGE    75

..........................................................


THE BIRMINGHAM CLIMATE NORMALS FOR TODAY
                         NORMAL    RECORD    YEAR
 MAXIMUM TEMPERATURE (F)   91       102      1995
 MINIMUM TEMPERATURE (F)   71        63      1992


SUNRISE AND SUNSET
AUGUST 17 2017........SUNRISE   611 AM CDT   SUNSET   731 PM CDT
AUGUST 18 2017........SUNRISE   612 AM CDT   SUNSET   729 PM CDT


-  INDICATES NEGATIVE NUMBERS.
R  INDICATES RECORD WAS SET OR TIED.
MM INDICATES DATA IS MISSING.
T  INDICATES TRACE AMOUNT.




$$
