000
CDUS44 KBMX 222142
CLIBHM


CLIMATE REPORT
NATIONAL WEATHER SERVICE BIRMINGHAM, AL
442 PM CDT SUN OCT 22 2017


...................................

...THE BIRMINGHAM CLIMATE SUMMARY FOR OCTOBER 22 2017...
VALID TODAY AS OF 0400 PM LOCAL TIME.

CLIMATE NORMAL PERIOD 1981 TO 2010
CLIMATE RECORD PERIOD 1895 TO 2017


WEATHER ITEM   OBSERVED TIME   RECORD YEAR NORMAL DEPARTURE LAST
                VALUE   (LST)  VALUE       VALUE  FROM      YEAR
                                                  NORMAL
..................................................................
TEMPERATURE (F)
 TODAY
  MAXIMUM         78    200 PM  89    1941  74      4       71
  MINIMUM         65    654 AM  28    1987  51     14       42
  AVERAGE         72                        62     10       57

PRECIPITATION (IN)
  TODAY            0.00          3.73 1900   0.11  -0.11     0.00
  MONTH TO DATE    3.14                      2.42   0.72      T
  SINCE SEP 1      5.62                      6.32  -0.70     0.68
  SINCE JAN 1     61.18                     43.40  17.78    35.85

SNOWFALL (IN)
  TODAY            0.0                       0.0    0.0      0.0
  MONTH TO DATE    0.0                       0.0    0.0      0.0
  SINCE SEP 1      0.0                       0.0    0.0      0.0
  SINCE JUL 1      0.0                       0.0    0.0      0.0
  SNOW DEPTH       0

DEGREE DAYS

 COOLING
  TODAY            7                         2      5        0
  MONTH TO DATE  154                        74     80      164
  SINCE SEP 1    437                       374     63      634
  SINCE JAN 1   2250                      2024    226     2600
..................................................................


WIND (MPH)
  HIGHEST WIND SPEED    17   HIGHEST WIND DIRECTION    SE (150)
  HIGHEST GUST SPEED    24   HIGHEST GUST DIRECTION     E (110)
  AVERAGE WIND SPEED     8.3


SKY COVER
  AVERAGE SKY COVER 0.5


WEATHER CONDITIONS
 THE FOLLOWING WEATHER WAS RECORDED TODAY.
  NO SIGNIFICANT WEATHER WAS OBSERVED.


RELATIVE HUMIDITY (PERCENT)
 HIGHEST    87           500 AM
 LOWEST     62           200 PM
 AVERAGE    75

..........................................................


THE BIRMINGHAM CLIMATE NORMALS FOR TOMORROW
                         NORMAL    RECORD    YEAR
 MAXIMUM TEMPERATURE (F)   73        89      1941
 MINIMUM TEMPERATURE (F)   51        32      1937


SUNRISE AND SUNSET
OCTOBER 22 2017.......SUNRISE   658 AM CDT   SUNSET   605 PM CDT
OCTOBER 23 2017.......SUNRISE   658 AM CDT   SUNSET   604 PM CDT


-  INDICATES NEGATIVE NUMBERS.
R  INDICATES RECORD WAS SET OR TIED.
MM INDICATES DATA IS MISSING.
T  INDICATES TRACE AMOUNT.




$$
