000
CDUS44 KBMX 250734
CLIBHM


CLIMATE REPORT
NATIONAL WEATHER SERVICE BIRMINGHAM, AL
233 AM CDT MON JUL 25 2016


...................................

...THE BIRMINGHAM CLIMATE SUMMARY FOR JULY 24 2016...

CLIMATE NORMAL PERIOD 1981 TO 2010
CLIMATE RECORD PERIOD 1895 TO 2016


WEATHER ITEM   OBSERVED TIME   RECORD YEAR NORMAL DEPARTURE LAST
                VALUE   (LST)  VALUE       VALUE  FROM      YEAR
                                                  NORMAL
..................................................................
TEMPERATURE (F)
 YESTERDAY
  MAXIMUM         91   1212 PM 104    1952  91      0       89
  MINIMUM         76    522 AM  62    1966  72      4       73
                                      1909
  AVERAGE         84                        81      3       81

PRECIPITATION (IN)
  YESTERDAY        T             2.53 1910   0.16  -0.16     0.33
  MONTH TO DATE    5.74                      3.78   1.96     5.98
  SINCE JUN 1      9.70                      8.16   1.54     7.68
  SINCE JAN 1     31.31                     32.13  -0.82    33.41

DEGREE DAYS
 COOLING
  YESTERDAY       19                        16      3       16
  MONTH TO DATE  463                       381     82      427
  SINCE JUN 1    942                       763    179      893
  SINCE JAN 1   1265                      1045    220     1228
..................................................................


WIND (MPH)
  HIGHEST WIND SPEED    14   HIGHEST WIND DIRECTION    SW (230)
  HIGHEST GUST SPEED    18   HIGHEST GUST DIRECTION    SW (230)
  AVERAGE WIND SPEED     2.7


SKY COVER
  AVERAGE SKY COVER 0.5


WEATHER CONDITIONS
 THE FOLLOWING WEATHER WAS RECORDED YESTERDAY.
  THUNDERSTORM


RELATIVE HUMIDITY (PERCENT)
 HIGHEST    91          1000 PM
 LOWEST     56          1200 PM
 AVERAGE    74

..........................................................


THE BIRMINGHAM CLIMATE NORMALS FOR TODAY
                         NORMAL    RECORD    YEAR
 MAXIMUM TEMPERATURE (F)   91       106      1952
 MINIMUM TEMPERATURE (F)   72        60      1911


SUNRISE AND SUNSET
JULY 25 2016..........SUNRISE   555 AM CDT   SUNSET   752 PM CDT
JULY 26 2016..........SUNRISE   555 AM CDT   SUNSET   751 PM CDT


-  INDICATES NEGATIVE NUMBERS.
R  INDICATES RECORD WAS SET OR TIED.
MM INDICATES DATA IS MISSING.
T  INDICATES TRACE AMOUNT.




$$
