000
CDUS44 KBMX 190905
CLIBHM


CLIMATE REPORT
NATIONAL WEATHER SERVICE BIRMINGHAM, AL
304 AM CST FRI JAN 19 2018


...................................

...THE BIRMINGHAM CLIMATE SUMMARY FOR JANUARY 18 2018...

CLIMATE NORMAL PERIOD 1981 TO 2010
CLIMATE RECORD PERIOD 1895 TO 2018


WEATHER ITEM   OBSERVED TIME   RECORD YEAR NORMAL DEPARTURE LAST
                VALUE   (LST)  VALUE       VALUE  FROM      YEAR
                                                  NORMAL
..................................................................
TEMPERATURE (F)
 YESTERDAY
  MAXIMUM         41    349 PM  76    1929  54    -13       67
  MINIMUM         14    646 AM   6    1977  34    -20       55
  AVERAGE         28                        44    -16       61

PRECIPITATION (IN)
  YESTERDAY        0.00          2.67 1987   0.16  -0.16      T
  MONTH TO DATE    0.77                      2.69  -1.92     2.56
  SINCE DEC 1      4.78                      7.14  -2.36     4.95
  SINCE JAN 1      0.77                      2.69  -1.92     2.56

SNOWFALL (IN)
  YESTERDAY        0.0                       0.0    0.0      0.0
  MONTH TO DATE    T                         0.3   -0.3      0.3
  SINCE DEC 1      4.0                       0.4    3.6      0.3
  SINCE JUL 1      4.0                       0.4    3.6      0.3
  SNOW DEPTH       0

DEGREE DAYS
 HEATING
  YESTERDAY       37                        21     16        4
  MONTH TO DATE  536                       387    149      236
  SINCE DEC 1   1133                       976    157      720
  SINCE JUL 1   1535                      1434    101      952
..................................................................


WIND (MPH)
  HIGHEST WIND SPEED    12   HIGHEST WIND DIRECTION     N (350)
  HIGHEST GUST SPEED    16   HIGHEST GUST DIRECTION     N (20)
  AVERAGE WIND SPEED     4.6


SKY COVER
  AVERAGE SKY COVER 0.0


WEATHER CONDITIONS
 THE FOLLOWING WEATHER WAS RECORDED YESTERDAY.
  NO SIGNIFICANT WEATHER WAS OBSERVED.


RELATIVE HUMIDITY (PERCENT)
 HIGHEST    80           100 AM
 LOWEST     25           200 PM
 AVERAGE    53

..........................................................


THE BIRMINGHAM CLIMATE NORMALS FOR TODAY
                         NORMAL    RECORD    YEAR
 MAXIMUM TEMPERATURE (F)   54        76      1982
 MINIMUM TEMPERATURE (F)   34         2      1940


SUNRISE AND SUNSET
JANUARY 19 2018.......SUNRISE   650 AM CST   SUNSET   506 PM CST
JANUARY 20 2018.......SUNRISE   650 AM CST   SUNSET   507 PM CST


-  INDICATES NEGATIVE NUMBERS.
R  INDICATES RECORD WAS SET OR TIED.
MM INDICATES DATA IS MISSING.
T  INDICATES TRACE AMOUNT.




$$
