000
CDUS44 KBMX 300819
CLIBHM


CLIMATE REPORT
NATIONAL WEATHER SERVICE BIRMINGHAM, AL
218 AM CST FRI JAN 30 2015


...................................

...THE BIRMINGHAM CLIMATE SUMMARY FOR JANUARY 29 2015...

CLIMATE NORMAL PERIOD 1981 TO 2010
CLIMATE RECORD PERIOD 2014 TO 2015


WEATHER ITEM   OBSERVED TIME   RECORD YEAR NORMAL DEPARTURE LAST
                VALUE   (LST)  VALUE       VALUE  FROM      YEAR
                                                  NORMAL
..................................................................
TEMPERATURE (F)
 YESTERDAY
  MAXIMUM         66    406 PM  78    2002  55     11       30
  MINIMUM         38    121 AM   2    1966  34      4        9
  AVERAGE         52                        44      8       20

PRECIPITATION (IN)
  YESTERDAY        0.00          1.58 1932   0.17  -0.17     0.00
  MONTH TO DATE    4.38                      4.51  -0.13     1.56
  SINCE DEC 1     11.53                      8.96   2.57     8.62
  SINCE JAN 1      4.38                      4.51  -0.13     1.56

SNOWFALL (IN)
  YESTERDAY        0.0                       0.1   -0.1      0.0
  MONTH TO DATE    T                         0.6   -0.6      2.0
  SINCE DEC 1      T                         0.7   -0.7      2.0
  SINCE JUL 1      T                         0.7   -0.7      2.0
  SNOW DEPTH       0

DEGREE DAYS
 HEATING
  YESTERDAY       13                        21     -8       45
  MONTH TO DATE  652                       618     34      826
  SINCE DEC 1   1148                      1207    -59     1381
  SINCE JUL 1   1710                      1665     45     1909
..................................................................


WIND (MPH)
  HIGHEST WIND SPEED    28   HIGHEST WIND DIRECTION     N (340)
  HIGHEST GUST SPEED    37   HIGHEST GUST DIRECTION     N (340)
  AVERAGE WIND SPEED     9.9


SKY COVER
  AVERAGE SKY COVER 0.6


WEATHER CONDITIONS
 THE FOLLOWING WEATHER WAS RECORDED YESTERDAY.
  NO SIGNIFICANT WEATHER WAS OBSERVED.


RELATIVE HUMIDITY (PERCENT)
 HIGHEST    70           100 AM
 LOWEST     39          1200 PM
 AVERAGE    55

..........................................................


THE BIRMINGHAM CLIMATE NORMALS FOR TODAY
                         NORMAL    RECORD    YEAR
 MAXIMUM TEMPERATURE (F)   55        78      1950
 MINIMUM TEMPERATURE (F)   34        -4      1966


SUNRISE AND SUNSET
JANUARY 30 2015.......SUNRISE   645 AM CST   SUNSET   516 PM CST
JANUARY 31 2015.......SUNRISE   644 AM CST   SUNSET   517 PM CST


-  INDICATES NEGATIVE NUMBERS.
R  INDICATES RECORD WAS SET OR TIED.
MM INDICATES DATA IS MISSING.
T  INDICATES TRACE AMOUNT.




$$
