000
CDUS44 KBMX 062117
CLIBHM


CLIMATE REPORT
NATIONAL WEATHER SERVICE BIRMINGHAM, AL
416 PM CDT MON JUL 6 2015


...................................

...THE BIRMINGHAM CLIMATE SUMMARY FOR JULY 6 2015...
VALID AS OF 0400 PM LOCAL TIME.

CLIMATE NORMAL PERIOD 1981 TO 2010
CLIMATE RECORD PERIOD 2014 TO 2015


WEATHER ITEM   OBSERVED TIME   RECORD YEAR NORMAL DEPARTURE LAST
                VALUE   (LST)  VALUE       VALUE  FROM      YEAR
                                                  NORMAL
..................................................................
TEMPERATURE (F)
 TODAY
  MAXIMUM         85    259 PM 102    1977  91     -6       88
  MINIMUM         72    619 AM  54    1972  71      1       71
  AVERAGE         79                        81     -2       80

PRECIPITATION (IN)
  TODAY            0.00          4.58 1916   0.16  -0.16     0.00
  MONTH TO DATE    3.58                      0.96   2.62      T
  SINCE JUN 1      5.28                      5.34  -0.06     4.81
  SINCE JAN 1     31.01                     29.31   1.70    27.67

DEGREE DAYS
 COOLING
  TODAY           14                        16     -2       15
  MONTH TO DATE   78                        93    -15       80
  SINCE JUN 1    544                       475     69      486
  SINCE JAN 1    879                       757    122      779
..................................................................


WIND (MPH)
  HIGHEST WIND SPEED    13   HIGHEST WIND DIRECTION     W (250)
  HIGHEST GUST SPEED    16   HIGHEST GUST DIRECTION    SW (230)
  AVERAGE WIND SPEED     6.4


SKY COVER
  AVERAGE SKY COVER 0.8


WEATHER CONDITIONS
 THE FOLLOWING WEATHER WAS RECORDED TODAY.
  NO SIGNIFICANT WEATHER WAS OBSERVED.


RELATIVE HUMIDITY (PERCENT)
 HIGHEST    93           100 AM
 LOWEST     55          1200 PM
 AVERAGE    74

..........................................................


THE BIRMINGHAM CLIMATE NORMALS FOR TOMORROW
                         NORMAL    RECORD    YEAR
 MAXIMUM TEMPERATURE (F)   91       105      1977
 MINIMUM TEMPERATURE (F)   71        54      1972


SUNRISE AND SUNSET
JULY  6 2015..........SUNRISE   543 AM CDT   SUNSET   801 PM CDT
JULY  7 2015..........SUNRISE   543 AM CDT   SUNSET   800 PM CDT


-  INDICATES NEGATIVE NUMBERS.
R  INDICATES RECORD WAS SET OR TIED.
MM INDICATES DATA IS MISSING.
T  INDICATES TRACE AMOUNT.




$$
