000
CDUS44 KBMX 270740
CLIBHM


CLIMATE REPORT
NATIONAL WEATHER SERVICE BIRMINGHAM, AL
240 AM CDT THU APR 27 2017


...................................

...THE BIRMINGHAM CLIMATE SUMMARY FOR APRIL 26 2017...

CLIMATE NORMAL PERIOD 1981 TO 2010
CLIMATE RECORD PERIOD 1895 TO 2017


WEATHER ITEM   OBSERVED TIME   RECORD YEAR NORMAL DEPARTURE LAST
                VALUE   (LST)  VALUE       VALUE  FROM      YEAR
                                                  NORMAL
..................................................................
TEMPERATURE (F)
 YESTERDAY
  MAXIMUM         83    319 PM  89    1986  77      6       84
  MINIMUM         61    514 AM  34    1910  54      7       61
  AVERAGE         72                        65      7       73

PRECIPITATION (IN)
  YESTERDAY        0.00          1.98 2007   0.14  -0.14     0.00
  MONTH TO DATE    5.03                      3.80   1.23     2.87
  SINCE MAR 1     10.27                      9.03   1.24     8.57
  SINCE JAN 1     19.93                     18.40   1.53    19.31

SNOWFALL (IN)
  YESTERDAY        0.0                       0.0    0.0      0.0
  MONTH TO DATE    0.0                       0.2   -0.2      0.0
  SINCE MAR 1      0.0                       0.8   -0.8      0.0
  SINCE JUL 1      0.3                       1.6   -1.3       T
  SNOW DEPTH       0

DEGREE DAYS
 HEATING
  YESTERDAY        0                         3     -3        0
  MONTH TO DATE   38                       131    -93       78
  SINCE MAR 1    289                       453   -164      269
  SINCE JUL 1   1661                      2643   -982     1939

 COOLING
  YESTERDAY        7                         3      4        8
  MONTH TO DATE  129                        50     79       29
  SINCE MAR 1    183                        68    115       70
  SINCE JAN 1    198                        72    126       77
..................................................................


WIND (MPH)
  HIGHEST WIND SPEED    20   HIGHEST WIND DIRECTION     S (190)
  HIGHEST GUST SPEED    26   HIGHEST GUST DIRECTION     S (160)
  AVERAGE WIND SPEED    10.4


SKY COVER
  AVERAGE SKY COVER 0.4


WEATHER CONDITIONS
 THE FOLLOWING WEATHER WAS RECORDED YESTERDAY.
  THUNDERSTORM


RELATIVE HUMIDITY (PERCENT)
 HIGHEST    84           400 AM
 LOWEST     43           300 PM
 AVERAGE    64

..........................................................


THE BIRMINGHAM CLIMATE NORMALS FOR TODAY
                         NORMAL    RECORD    YEAR
 MAXIMUM TEMPERATURE (F)   77        89      1987
                                             1986
                                             1899
 MINIMUM TEMPERATURE (F)   54        38      1992
                                             1976


SUNRISE AND SUNSET
APRIL 27 2017.........SUNRISE   602 AM CDT   SUNSET   727 PM CDT
APRIL 28 2017.........SUNRISE   601 AM CDT   SUNSET   728 PM CDT


-  INDICATES NEGATIVE NUMBERS.
R  INDICATES RECORD WAS SET OR TIED.
MM INDICATES DATA IS MISSING.
T  INDICATES TRACE AMOUNT.




$$
