000
CDUS44 KBMX 240931
CLIBHM


CLIMATE REPORT
NATIONAL WEATHER SERVICE BIRMINGHAM, AL
430 AM CDT THU APR 24 2014


...................................

...THE BIRMINGHAM CLIMATE SUMMARY FOR APRIL 23 2014...

CLIMATE NORMAL PERIOD 1981 TO 2010
CLIMATE RECORD PERIOD 1895 TO 2014


WEATHER ITEM   OBSERVED TIME   RECORD YEAR NORMAL DEPARTURE LAST
                VALUE   (LST)  VALUE       VALUE  FROM      YEAR
                                                  NORMAL
..................................................................
TEMPERATURE (F)
 YESTERDAY
  MAXIMUM         79    429 PM  90    1896  76      3       77
  MINIMUM         51   1134 PM  30    1986  53     -2       56
  AVERAGE         65                        64      1       67

PRECIPITATION (IN)
  YESTERDAY        0.00          1.36 1983   0.14  -0.14     0.00
  MONTH TO DATE    6.61                      3.37   3.24     3.69
  SINCE MAR 1     11.33                      8.60   2.73     8.88
  SINCE JAN 1     18.26                     17.97   0.29    23.47

SNOWFALL (IN)
  YESTERDAY        0.0                       0.0    0.0      0.0
  MONTH TO DATE    0.0                       0.2   -0.2      0.0
  SINCE MAR 1      0.0                       0.8   -0.8       T
  SINCE JUL 1      5.0                       1.6    3.4      2.1
  SNOW DEPTH       0

DEGREE DAYS
 HEATING
  YESTERDAY        0                         3     -3        0
  MONTH TO DATE   97                       122    -25      111
  SINCE MAR 1    470                       444     26      578
  SINCE JUL 1   2968                      2634    334     2576

 COOLING
  YESTERDAY        0                         3     -3        2
  MONTH TO DATE   26                        41    -15       61
  SINCE MAR 1     26                        59    -33       62
  SINCE JAN 1     29                        63    -34       68
..................................................................


WIND (MPH)
  HIGHEST WIND SPEED    15   HIGHEST WIND DIRECTION     N (340)
  HIGHEST GUST SPEED    20   HIGHEST GUST DIRECTION     N (350)
  AVERAGE WIND SPEED     3.1


SKY COVER
  AVERAGE SKY COVER 0.0


WEATHER CONDITIONS
 THE FOLLOWING WEATHER WAS RECORDED YESTERDAY.
  FOG


RELATIVE HUMIDITY (PERCENT)
 HIGHEST    97          1200 AM
 LOWEST     19           300 PM
 AVERAGE    58

..........................................................


THE BIRMINGHAM CLIMATE NORMALS FOR TODAY
                         NORMAL    RECORD    YEAR
 MAXIMUM TEMPERATURE (F)   76        90      1925
 MINIMUM TEMPERATURE (F)   53        35      1986


SUNRISE AND SUNSET
APRIL 24 2014.........SUNRISE   606 AM CDT   SUNSET   725 PM CDT
APRIL 25 2014.........SUNRISE   605 AM CDT   SUNSET   725 PM CDT


-  INDICATES NEGATIVE NUMBERS.
R  INDICATES RECORD WAS SET OR TIED.
MM INDICATES DATA IS MISSING.
T  INDICATES TRACE AMOUNT.




$$
