000
CDUS44 KBMX 220932
CLIBHM


CLIMATE REPORT
NATIONAL WEATHER SERVICE BIRMINGHAM, AL
432 AM CDT TUE JUL 22 2014


...................................

...THE BIRMINGHAM CLIMATE SUMMARY FOR JULY 21 2014...

CLIMATE NORMAL PERIOD 1981 TO 2010
CLIMATE RECORD PERIOD 1895 TO 2014


WEATHER ITEM   OBSERVED TIME   RECORD YEAR NORMAL DEPARTURE LAST
                VALUE   (LST)  VALUE       VALUE  FROM      YEAR
                                                  NORMAL
..................................................................
TEMPERATURE (F)
 YESTERDAY
  MAXIMUM         89    134 PM 101    1952  91     -2       86
  MINIMUM         71    534 AM  61    2009  72     -1       70
                                      1971
                                      1947
  AVERAGE         80                        81     -1       78

PRECIPITATION (IN)
  YESTERDAY        0.03          3.19 2013   0.15  -0.12     3.19
  MONTH TO DATE    0.92                      3.31  -2.39     5.97
  SINCE JUN 1      5.73                      7.69  -1.96    14.63
  SINCE JAN 1     28.59                     31.66  -3.07    45.14

DEGREE DAYS
 COOLING
  YESTERDAY       15                        16     -1       13
  MONTH TO DATE  295                       333    -38      286
  SINCE JUN 1    701                       715    -14      707
  SINCE JAN 1    994                       997     -3      972
..................................................................


WIND (MPH)
  HIGHEST WIND SPEED    17   HIGHEST WIND DIRECTION     N (350)
  HIGHEST GUST SPEED    21   HIGHEST GUST DIRECTION     N (350)
  AVERAGE WIND SPEED     3.0


SKY COVER
  AVERAGE SKY COVER 0.6


WEATHER CONDITIONS
 THE FOLLOWING WEATHER WAS RECORDED YESTERDAY.
  LIGHT RAIN
  FOG


RELATIVE HUMIDITY (PERCENT)
 HIGHEST    93           200 AM
 LOWEST     55          1100 AM
 AVERAGE    74

..........................................................


THE BIRMINGHAM CLIMATE NORMALS FOR TODAY
                         NORMAL    RECORD    YEAR
 MAXIMUM TEMPERATURE (F)   91       100      1993
 MINIMUM TEMPERATURE (F)   72        55      1947


SUNRISE AND SUNSET
JULY 22 2014..........SUNRISE   552 AM CDT   SUNSET   754 PM CDT
JULY 23 2014..........SUNRISE   553 AM CDT   SUNSET   754 PM CDT


-  INDICATES NEGATIVE NUMBERS.
R  INDICATES RECORD WAS SET OR TIED.
MM INDICATES DATA IS MISSING.
T  INDICATES TRACE AMOUNT.




$$
