000
CDUS44 KBMX 270734
CLIBHM


CLIMATE REPORT
NATIONAL WEATHER SERVICE BIRMINGHAM, AL
234 AM CDT MON MAR 27 2017


...................................

...THE BIRMINGHAM CLIMATE SUMMARY FOR MARCH 26 2017...

CLIMATE NORMAL PERIOD 1981 TO 2010
CLIMATE RECORD PERIOD 1895 TO 2017


WEATHER ITEM   OBSERVED TIME   RECORD YEAR NORMAL DEPARTURE LAST
                VALUE   (LST)  VALUE       VALUE  FROM      YEAR
                                                  NORMAL
..................................................................
TEMPERATURE (F)
 YESTERDAY
  MAXIMUM         77    509 PM  86    1929  69      8       72
  MINIMUM         59   1230 AM  22    1955  46     13       46
  AVERAGE         68                        58     10       59

PRECIPITATION (IN)
  YESTERDAY        0.00          1.66 1917   0.17  -0.17     0.00
  MONTH TO DATE    3.97                      4.43  -0.46     4.73
  SINCE MAR 1      3.97                      4.43  -0.46     4.73
  SINCE JAN 1     13.63                     13.80  -0.17    15.47

SNOWFALL (IN)
  YESTERDAY        0.0                       0.1   -0.1      0.0
  MONTH TO DATE    0.0                       0.6   -0.6      0.0
  SINCE MAR 1      0.0                       0.6   -0.6      0.0
  SINCE JUL 1      0.3                       1.4   -1.1       T
  SNOW DEPTH       0

DEGREE DAYS
 HEATING
  YESTERDAY        0                         8     -8        6
  MONTH TO DATE  250                       284    -34      179
  SINCE MAR 1    250                       284    -34      179
  SINCE JUL 1   1622                      2474   -852     1849

 COOLING
  YESTERDAY        3                         1      2        0
  MONTH TO DATE   24                        16      8       37
  SINCE MAR 1     24                        16      8       37
  SINCE JAN 1     39                        20     19       44
..................................................................


WIND (MPH)
  HIGHEST WIND SPEED    17   HIGHEST WIND DIRECTION     S (180)
  HIGHEST GUST SPEED    23   HIGHEST GUST DIRECTION    SW (210)
  AVERAGE WIND SPEED     7.5


SKY COVER
  AVERAGE SKY COVER 0.7


WEATHER CONDITIONS
 THE FOLLOWING WEATHER WAS RECORDED YESTERDAY.
  NO SIGNIFICANT WEATHER WAS OBSERVED.


RELATIVE HUMIDITY (PERCENT)
 HIGHEST    97           700 AM
 LOWEST     54           500 PM
 AVERAGE    76

..........................................................


THE BIRMINGHAM CLIMATE NORMALS FOR TODAY
                         NORMAL    RECORD    YEAR
 MAXIMUM TEMPERATURE (F)   70        89      1919
 MINIMUM TEMPERATURE (F)   46        18      1955


SUNRISE AND SUNSET
MARCH 27 2017.........SUNRISE   641 AM CDT   SUNSET   704 PM CDT
MARCH 28 2017.........SUNRISE   640 AM CDT   SUNSET   705 PM CDT


-  INDICATES NEGATIVE NUMBERS.
R  INDICATES RECORD WAS SET OR TIED.
MM INDICATES DATA IS MISSING.
T  INDICATES TRACE AMOUNT.




$$
