000
CDUS45 KVEF 220830
CLIBIH


CLIMATE REPORT
NATIONAL WEATHER SERVICE LAS VEGAS, NV
130 AM PDT WED OCT 22 2014


...................................

...THE BISHOP CA CLIMATE SUMMARY FOR OCTOBER 21 2014...

CLIMATE NORMAL PERIOD 1981 TO 2010
CLIMATE RECORD PERIOD 1943 TO 2014


WEATHER ITEM   OBSERVED TIME   RECORD YEAR NORMAL DEPARTURE LAST
                VALUE   (LST)  VALUE       VALUE  FROM      YEAR
                                                  NORMAL
..................................................................
TEMPERATURE (F)
 YESTERDAY
  MAXIMUM         79    246 PM  89    2003  74      5       79
  MINIMUM         35    645 AM  24    1996  36     -1       32
  AVERAGE         57                        55      2       56

PRECIPITATION (IN)
  YESTERDAY        0.00          0.17 1957   0.00   0.00     0.00
  MONTH TO DATE    T                         0.18  -0.18     0.13
  SINCE OCT 1      T                         0.18  -0.18     0.13
  SINCE JAN 1      2.77                      3.74  -0.97     1.24

SNOWFALL (IN)
  YESTERDAY        0.0          MM      MM   0.0    0.0      0.0
  MONTH TO DATE    0.0                       0.0    0.0      0.0
  SINCE SEP 1      0.0                       0.0    0.0      0.0
  SINCE JUL 1      0.0                       0.0    0.0      0.0
  SNOW DEPTH       0

DEGREE DAYS
 HEATING
  YESTERDAY        8                        10     -2        9
  MONTH TO DATE   50                       142    -92      228
  SINCE SEP 1     75                       183   -108      284
  SINCE JUL 1     75                       185   -110      284

 COOLING
  YESTERDAY        0                         0      0        0
  MONTH TO DATE   18                         7     11        0
  SINCE SEP 1    237                       126    111      172
  SINCE JAN 1   1384                      1103    281     1337
..................................................................


WIND (MPH)
  RESULTANT WIND SPEED   3   RESULTANT WIND DIRECTION  NW (330)
  HIGHEST WIND SPEED    13   HIGHEST WIND DIRECTION    NW (320)
  HIGHEST GUST SPEED    18   HIGHEST GUST DIRECTION    NW (330)
  AVERAGE WIND SPEED     6.5


SKY COVER
  POSSIBLE SUNSHINE  MM
  AVERAGE SKY COVER 0.0


WEATHER CONDITIONS
 THE FOLLOWING WEATHER WAS RECORDED YESTERDAY.
  NO SIGNIFICANT WEATHER WAS OBSERVED.


RELATIVE HUMIDITY (PERCENT)
 HIGHEST    44           700 AM
 LOWEST      5           100 PM
 AVERAGE    25

..........................................................


THE BISHOP CA CLIMATE NORMALS FOR TODAY
                         NORMAL    RECORD    YEAR
 MAXIMUM TEMPERATURE (F)   74        87      2003
                                             1988
                                             1962
 MINIMUM TEMPERATURE (F)   35        20      1996


SUNRISE AND SUNSET
OCTOBER 22 2014.......SUNRISE   708 AM PDT   SUNSET   607 PM PDT
OCTOBER 23 2014.......SUNRISE   709 AM PDT   SUNSET   606 PM PDT


-  INDICATES NEGATIVE NUMBERS.
R  INDICATES RECORD WAS SET OR TIED.
MM INDICATES DATA IS MISSING.
T  INDICATES TRACE AMOUNT.




$$
