000
CDUS45 KVEF 240826
CLIBIH


CLIMATE REPORT
NATIONAL WEATHER SERVICE LAS VEGAS, NV
126 AM PDT SUN JUL 24 2016


...................................

...THE BISHOP CA CLIMATE SUMMARY FOR JULY 23 2016...

CLIMATE NORMAL PERIOD 1981 TO 2010
CLIMATE RECORD PERIOD 1943 TO 2016


WEATHER ITEM   OBSERVED TIME   RECORD YEAR NORMAL DEPARTURE LAST
                VALUE   (LST)  VALUE       VALUE  FROM      YEAR
                                                  NORMAL
..................................................................
TEMPERATURE (F)
 YESTERDAY
  MAXIMUM        106R   438 PM 105    1980  99      7       92
                                      1953
  MINIMUM         64    351 AM  44    1947  57      7       57
  AVERAGE         85                        78      7       75

PRECIPITATION (IN)
  YESTERDAY        0.00          0.17 1997   0.01  -0.01     0.00
  MONTH TO DATE    T                         0.12  -0.12     0.46
  SINCE OCT 1      3.88                      4.81  -0.93     2.98
  SINCE JAN 1      3.07                      3.19  -0.12     2.52

SNOWFALL (IN)
  YESTERDAY        0.0          MM      MM   0.0    0.0      0.0
  MONTH TO DATE    0.0                       0.0    0.0      0.0
  SINCE JUN 1      0.0                       0.0    0.0      0.0
  SINCE JUL 1      0.0                       0.0    0.0      0.0
  SNOW DEPTH       0

DEGREE DAYS
 HEATING
  YESTERDAY        0                         0      0        0
  MONTH TO DATE    0                         0      0        0
  SINCE JUN 1      3                        19    -16        0
  SINCE JUL 1      0                         0      0        0

 COOLING
  YESTERDAY       20                        13      7       10
  MONTH TO DATE  277                       282     -5      263
  SINCE JUN 1    637                       496    141      597
  SINCE JAN 1    684                       564    120      648
..................................................................


WIND (MPH)
  RESULTANT WIND SPEED   4   RESULTANT WIND DIRECTION  NW (330)
  HIGHEST WIND SPEED    18   HIGHEST WIND DIRECTION     N (360)
  HIGHEST GUST SPEED    24   HIGHEST GUST DIRECTION     N (360)
  AVERAGE WIND SPEED     7.3


SKY COVER
  POSSIBLE SUNSHINE  MM
  AVERAGE SKY COVER 0.0


WEATHER CONDITIONS
 THE FOLLOWING WEATHER WAS RECORDED YESTERDAY.
  NO SIGNIFICANT WEATHER WAS OBSERVED.


RELATIVE HUMIDITY (PERCENT)
 HIGHEST    26           400 AM
 LOWEST      3           600 PM
 AVERAGE    15

..........................................................


THE BISHOP CA CLIMATE NORMALS FOR TODAY
                         NORMAL    RECORD    YEAR
 MAXIMUM TEMPERATURE (F)   99       106      2010
                                             1975
 MINIMUM TEMPERATURE (F)   57        46      1987
                                             1947


SUNRISE AND SUNSET
JULY 24 2016..........SUNRISE   552 AM PDT   SUNSET   808 PM PDT
JULY 25 2016..........SUNRISE   553 AM PDT   SUNSET   807 PM PDT


-  INDICATES NEGATIVE NUMBERS.
R  INDICATES RECORD WAS SET OR TIED.
MM INDICATES DATA IS MISSING.
T  INDICATES TRACE AMOUNT.




$$
