000
CDUS45 KBYZ 300946
CLIBIL


CLIMATE REPORT
NATIONAL WEATHER SERVICE BILLINGS MT
343 AM MDT SAT APR 30 2016


...................................

...THE BILLINGS MT CLIMATE SUMMARY FOR APRIL 29 2016...

CLIMATE NORMAL PERIOD 1981 TO 2010
CLIMATE RECORD PERIOD 1934 TO 2016


WEATHER ITEM   OBSERVED TIME   RECORD YEAR NORMAL DEPARTURE LAST
                VALUE   (LST)  VALUE       VALUE  FROM      YEAR
                                                  NORMAL
..................................................................
TEMPERATURE (F)
 YESTERDAY
  MAXIMUM         50    443 PM  90    1939  62    -12       82
  MINIMUM         35    550 AM  19    1966  38     -3       46
  AVERAGE         43                        50     -7       64

PRECIPITATION (IN)
  YESTERDAY        0.00          0.60 1972   0.07  -0.07      T
  MONTH TO DATE    1.28                      1.60  -0.32     1.50
  SINCE OCT 1      6.21                      5.93   0.28     4.74
  SINCE JAN 1      3.36                      3.62  -0.26     3.17

SNOWFALL (IN)
  YESTERDAY        0.0           2.6  1967   0.2   -0.2      0.0
  MONTH TO DATE    1.8                       8.1   -6.3      5.9
  SINCE MAR 1      3.7                      18.3  -14.6     11.3
  SINCE JUL 1     28.1                      52.8  -24.7     55.4
  SNOW DEPTH       0

DEGREE DAYS
 HEATING
  YESTERDAY       22                        15      7        1
  MONTH TO DATE  441                       552   -111      501
  SINCE MAR 1   1115                      1397   -282     1057
  SINCE JUL 1   5376                      6362   -986     5698

 COOLING
  YESTERDAY        0                         0      0        0
  MONTH TO DATE    3                         0      3        0
  SINCE MAR 1      3                         0      3        0
  SINCE JAN 1      3                         0      3        0
..................................................................


WIND (MPH)
  HIGHEST WIND SPEED    16   HIGHEST WIND DIRECTION     E (80)
  HIGHEST GUST SPEED    22   HIGHEST GUST DIRECTION     E (70)
  AVERAGE WIND SPEED     8.1


SKY COVER
  POSSIBLE SUNSHINE  MM
  AVERAGE SKY COVER 1.0


WEATHER CONDITIONS
 THE FOLLOWING WEATHER WAS RECORDED YESTERDAY.
  FOG


RELATIVE HUMIDITY (PERCENT)
 HIGHEST   100           600 AM
 LOWEST     50           200 PM
 AVERAGE    75

..........................................................


THE BILLINGS MT CLIMATE NORMALS FOR TODAY
                         NORMAL    RECORD    YEAR
 MAXIMUM TEMPERATURE (F)   63        86      1939
 MINIMUM TEMPERATURE (F)   39        17      1950


SUNRISE AND SUNSET
APRIL 30 2016.........SUNRISE   602 AM MDT   SUNSET   821 PM MDT
MAY  1 2016...........SUNRISE   601 AM MDT   SUNSET   822 PM MDT


-  INDICATES NEGATIVE NUMBERS.
R  INDICATES RECORD WAS SET OR TIED.
MM INDICATES DATA IS MISSING.
T  INDICATES TRACE AMOUNT.





&&

...THE CLIMATE SUMMARY FOR SOUTHWEST BILLINGS FOR 29 APRIL 2016...

HIGH TEMPERATURE........................52
LOW TEMPERATURE.........................37

PRECIPITATION...........................0.00
MONTHLY PRECIPITATION TOTAL.............1.13
YEARLY PRECIPITATION TOTAL..............3.00

SNOWFALL................................0.0
MONTHLY SNOWFALL TOTAL..................0.7
TOTAL SNOWFALL SINCE JULY 1.............25.8

SNOW DEPTH AT MIDNIGHT..................0

$$
