000
CDUS45 KBYZ 272327
CLIBIL


CLIMATE REPORT
NATIONAL WEATHER SERVICE BILLINGS MT
425 PM MST TUE JAN 27 2015


...................................

...THE BILLINGS MT CLIMATE SUMMARY FOR JANUARY 27 2015...
VALID TODAY AS OF 0400 PM LOCAL TIME.

CLIMATE NORMAL PERIOD 1981 TO 2010
CLIMATE RECORD PERIOD 1934 TO 2015


WEATHER ITEM   OBSERVED TIME   RECORD YEAR NORMAL DEPARTURE LAST
                VALUE   (LST)  VALUE       VALUE  FROM      YEAR
                                                  NORMAL
..................................................................
TEMPERATURE (F)
 TODAY
  MAXIMUM         67R   115 PM  60    1986  37     30       22
  MINIMUM         42    814 AM -27    1972  19     23        6
  AVERAGE         55                        28     27       14

PRECIPITATION (IN)
  TODAY            0.00          0.34 1995   0.02  -0.02     0.00
                                      1949
  MONTH TO DATE    1.02                      0.42   0.60     0.62
  SINCE OCT 1      2.59                      2.73  -0.14     5.51
  SINCE JAN 1      1.02                      0.42   0.60     0.62

SNOWFALL (IN)
  TODAY            0.0           4.8  1949   0.2   -0.2      0.0
  MONTH TO DATE   17.8                       7.4   10.4     10.1
  SINCE DEC 1     26.2                      15.6   10.6     34.0
  SINCE JUL 1     39.4                      27.3   12.1     45.1
  SNOW DEPTH       0

DEGREE DAYS
 HEATING
  TODAY           10                        37    -27       51
  MONTH TO DATE  971                      1027    -56      883
  SINCE DEC 1   2053                      2220   -167     2207
  SINCE JUL 1   3654                      3848   -194     3808

 COOLING
  TODAY            0                         0      0        0
  MONTH TO DATE    0                         0      0        0
  SINCE DEC 1      0                         0      0        0
  SINCE JAN 1      0                         0      0        0
..................................................................


WIND (MPH)
  HIGHEST WIND SPEED    28   HIGHEST WIND DIRECTION     W (250)
  HIGHEST GUST SPEED    34   HIGHEST GUST DIRECTION    SW (230)
  AVERAGE WIND SPEED    17.1


SKY COVER
  POSSIBLE SUNSHINE  MM
  AVERAGE SKY COVER 0.5


WEATHER CONDITIONS
 THE FOLLOWING WEATHER WAS RECORDED TODAY.
  NO SIGNIFICANT WEATHER WAS OBSERVED.


RELATIVE HUMIDITY (PERCENT)
 HIGHEST    53           700 AM
 LOWEST     26           100 PM
 AVERAGE    40

..........................................................


THE BILLINGS MT CLIMATE NORMALS FOR TOMORROW
                         NORMAL    RECORD    YEAR
 MAXIMUM TEMPERATURE (F)   37        63      1967
 MINIMUM TEMPERATURE (F)   19       -22      1951


SUNRISE AND SUNSET
JANUARY 27 2015.......SUNRISE   742 AM MST   SUNSET   513 PM MST
JANUARY 28 2015.......SUNRISE   741 AM MST   SUNSET   514 PM MST


-  INDICATES NEGATIVE NUMBERS.
R  INDICATES RECORD WAS SET OR TIED.
MM INDICATES DATA IS MISSING.
T  INDICATES TRACE AMOUNT.




$$
