000
CDUS45 KBYZ 250721
CLIBIL


CLIMATE REPORT
NATIONAL WEATHER SERVICE BILLINGS MT
1220 AM MST SUN FEB 25 2018


...................................

...THE BILLINGS MT CLIMATE SUMMARY FOR FEBRUARY 24 2018...

CLIMATE NORMAL PERIOD 1981 TO 2010
CLIMATE RECORD PERIOD 1934 TO 2018


WEATHER ITEM   OBSERVED TIME   RECORD YEAR NORMAL DEPARTURE LAST
                VALUE   (LST)  VALUE       VALUE  FROM      YEAR
                                                  NORMAL
..................................................................
TEMPERATURE (F)
 YESTERDAY
  MAXIMUM         32    228 PM  71    1995  43    -11       30
  MINIMUM         11    131 AM -17    2003  22    -11       22
  AVERAGE         22                        32    -10       26

PRECIPITATION (IN)
  YESTERDAY        0.00          0.45 1978   0.02  -0.02     0.04
  MONTH TO DATE    1.66                      0.40   1.26     0.83
  SINCE OCT 1      5.91                      3.19   2.72     7.02
  SINCE JAN 1      2.26                      0.88   1.38     1.46

SNOWFALL (IN)
  YESTERDAY        0.0           7.7  1978   0.3   -0.3      0.6
  MONTH TO DATE   32.4                       5.2   27.2     12.4
  SINCE DEC 1     64.7                      21.8   42.9     55.0
  SINCE JUL 1     76.9                      33.5   43.4     60.3
  SNOW DEPTH       9

DEGREE DAYS
 HEATING
  YESTERDAY       43                        33     10       39
  MONTH TO DATE 1213                       841    372      831
  SINCE DEC 1   3639                      3209    430     3677
  SINCE JUL 1   5241                      4837    404     4936

 COOLING
  YESTERDAY        0                         0      0        0
  MONTH TO DATE    0                         0      0        0
  SINCE DEC 1      0                         0      0        0
  SINCE JAN 1      0                         0      0        0
..................................................................


WIND (MPH)
  HIGHEST WIND SPEED    28   HIGHEST WIND DIRECTION     W (270)
  HIGHEST GUST SPEED    31   HIGHEST GUST DIRECTION     W (280)
  AVERAGE WIND SPEED    14.9


SKY COVER
  POSSIBLE SUNSHINE  MM
  AVERAGE SKY COVER 0.5


WEATHER CONDITIONS
 THE FOLLOWING WEATHER WAS RECORDED YESTERDAY.
  NO SIGNIFICANT WEATHER WAS OBSERVED.


RELATIVE HUMIDITY (PERCENT)
 HIGHEST    68          1100 PM
 LOWEST     49           200 PM
 AVERAGE    59

..........................................................


THE BILLINGS MT CLIMATE NORMALS FOR TODAY
                         NORMAL    RECORD    YEAR
 MAXIMUM TEMPERATURE (F)   43        69      1995
 MINIMUM TEMPERATURE (F)   22       -14      2011


SUNRISE AND SUNSET
FEBRUARY 25 2018......SUNRISE   700 AM MST   SUNSET   555 PM MST
FEBRUARY 26 2018......SUNRISE   658 AM MST   SUNSET   557 PM MST


-  INDICATES NEGATIVE NUMBERS.
R  INDICATES RECORD WAS SET OR TIED.
MM INDICATES DATA IS MISSING.
T  INDICATES TRACE AMOUNT.




$$
