000
CDUS45 KBYZ 010937
CLIBIL


CLIMATE REPORT
NATIONAL WEATHER SERVICE BILLINGS MT
336 AM MDT TUE SEP 1 2015


...................................

...THE BILLINGS MT CLIMATE SUMMARY FOR AUGUST 31 2015...

CLIMATE NORMAL PERIOD 1981 TO 2010
CLIMATE RECORD PERIOD 1934 TO 2015


WEATHER ITEM   OBSERVED TIME   RECORD YEAR NORMAL DEPARTURE LAST
                VALUE   (LST)  VALUE       VALUE  FROM      YEAR
                                                  NORMAL
..................................................................
TEMPERATURE (F)
 YESTERDAY
  MAXIMUM         84    531 PM 101    1955  81      3       74
  MINIMUM         51    510 AM  40    1993  53     -2       56
  AVERAGE         68                        67      1       65

PRECIPITATION (IN)
  YESTERDAY        0.00          0.87 2008   0.03  -0.03      T
  MONTH TO DATE    0.91                      0.75   0.16     1.97
  SINCE OCT 1     11.41                     12.36  -0.95    16.78
  SINCE JAN 1      9.84                     10.05  -0.21    11.89

SNOWFALL (IN)
  YESTERDAY        0.0           T    1951   0.0    0.0      0.0
  MONTH TO DATE    0.0                       0.0    0.0      0.0
  SINCE JUN 1      T                         0.0    0.0       T
  SINCE JUL 1      T                         0.0    0.0      0.0
  SNOW DEPTH       0

DEGREE DAYS
 HEATING
  YESTERDAY        0                         2     -2        0
  MONTH TO DATE   42                        20     22       47
  SINCE JUN 1     61                       133    -72      137
  SINCE JUL 1     43                        37      6       48

 COOLING
  YESTERDAY        3                         4     -1        0
  MONTH TO DATE  235                       224     11      213
  SINCE JUN 1    649                       565     84      536
  SINCE JAN 1    652                       582     70      552
..................................................................


WIND (MPH)
  HIGHEST WIND SPEED    15   HIGHEST WIND DIRECTION     N (360)
  HIGHEST GUST SPEED    18   HIGHEST GUST DIRECTION     N (360)
  AVERAGE WIND SPEED     5.4


SKY COVER
  POSSIBLE SUNSHINE  MM
  AVERAGE SKY COVER 0.4


WEATHER CONDITIONS
 THE FOLLOWING WEATHER WAS RECORDED YESTERDAY.
  NO SIGNIFICANT WEATHER WAS OBSERVED.


RELATIVE HUMIDITY (PERCENT)
 HIGHEST    66           400 AM
 LOWEST     15           500 PM
 AVERAGE    41

..........................................................


THE BILLINGS MT CLIMATE NORMALS FOR TODAY
                         NORMAL    RECORD    YEAR
 MAXIMUM TEMPERATURE (F)   81       103      1983
 MINIMUM TEMPERATURE (F)   53        41      1942


SUNRISE AND SUNSET
SEPTEMBER  1 2015.....SUNRISE   635 AM MDT   SUNSET   752 PM MDT
SEPTEMBER  2 2015.....SUNRISE   636 AM MDT   SUNSET   751 PM MDT


-  INDICATES NEGATIVE NUMBERS.
R  INDICATES RECORD WAS SET OR TIED.
MM INDICATES DATA IS MISSING.
T  INDICATES TRACE AMOUNT.





&&

...THE CLIMATE SUMMARY FOR SOUTHWEST BILLINGS FOR 31 AUGUST 2015...

HIGH TEMPERATURE........................86
LOW TEMPERATURE.........................49

PRECIPITATION...........................0.00
MONTHLY PRECIPITATION TOTAL.............0.95
YEARLY PRECIPITATION TOTAL..............11.56

SNOWFALL................................0.0
MONTHLY SNOWFALL TOTAL..................0.0
TOTAL SNOWFALL SINCE JULY 1.............0.0

SNOW DEPTH AT MIDNIGHT..................0

$$
