000
CDUS45 KBYZ 032225
CLIBIL


CLIMATE REPORT
NATIONAL WEATHER SERVICE BILLINGS MT
424 PM MDT FRI JUL 3 2015


...................................

...THE BILLINGS MT CLIMATE SUMMARY FOR JULY 3 2015...
VALID TODAY AS OF 0400 PM LOCAL TIME.

CLIMATE NORMAL PERIOD 1981 TO 2010
CLIMATE RECORD PERIOD 1934 TO 2015


WEATHER ITEM   OBSERVED TIME   RECORD YEAR NORMAL DEPARTURE LAST
                VALUE   (LST)  VALUE       VALUE  FROM      YEAR
                                                  NORMAL
..................................................................
TEMPERATURE (F)
 TODAY
  MAXIMUM         92    310 PM 103    2012  84      8       87
  MINIMUM         61    435 AM  47    1972  57      4       55
  AVERAGE         77                        70      7       71

PRECIPITATION (IN)
  TODAY            0.00          2.06 1993   0.05  -0.05      T
  MONTH TO DATE    0.00                      0.16  -0.16     0.02
  SINCE OCT 1      8.84                     10.45  -1.61    14.49
  SINCE JAN 1      7.27                      8.14  -0.87     9.60

SNOWFALL (IN)
  TODAY            0.0           0.0  2002   0.0    0.0      0.0
                                      2001
                                      2000
  MONTH TO DATE    0.0                       0.0    0.0      0.0
  SINCE JUN 1      0.0                       0.0    0.0       T
  SINCE JUL 1      0.0                       0.0    0.0      0.0
  SNOW DEPTH       0

DEGREE DAYS
 HEATING
  TODAY            0                         1     -1        0
  MONTH TO DATE    0                         3     -3        0
  SINCE JUN 1     18                        99    -81       89
  SINCE JUL 1      0                         3     -3        0

 COOLING
  TODAY           12                         6      6        6
  MONTH TO DATE   35                        18     17        9
  SINCE JUN 1    208                       103    105       28
  SINCE JAN 1    211                       120     91       44
..................................................................


WIND (MPH)
  HIGHEST WIND SPEED    12   HIGHEST WIND DIRECTION     E (90)
  HIGHEST GUST SPEED    17   HIGHEST GUST DIRECTION     E (100)
  AVERAGE WIND SPEED     3.2


SKY COVER
  POSSIBLE SUNSHINE  MM
  AVERAGE SKY COVER 0.1


WEATHER CONDITIONS
 THE FOLLOWING WEATHER WAS RECORDED TODAY.
  HAZE


RELATIVE HUMIDITY (PERCENT)
 HIGHEST    65           500 AM
 LOWEST     23           300 PM
 AVERAGE    44

..........................................................


THE BILLINGS MT CLIMATE NORMALS FOR TOMORROW
                         NORMAL    RECORD    YEAR
 MAXIMUM TEMPERATURE (F)   84       106      1937
 MINIMUM TEMPERATURE (F)   57        41      1972


SUNRISE AND SUNSET
JULY  3 2015..........SUNRISE   529 AM MDT   SUNSET   907 PM MDT
JULY  4 2015..........SUNRISE   530 AM MDT   SUNSET   907 PM MDT


-  INDICATES NEGATIVE NUMBERS.
R  INDICATES RECORD WAS SET OR TIED.
MM INDICATES DATA IS MISSING.
T  INDICATES TRACE AMOUNT.




$$
