000
CDUS45 KBYZ 281034
CLIBIL


CLIMATE REPORT
NATIONAL WEATHER SERVICE BILLINGS MT
331 AM MST FRI NOV 28 2014


...................................

...THE BILLINGS MT CLIMATE SUMMARY FOR NOVEMBER 27 2014...

CLIMATE NORMAL PERIOD 1981 TO 2010
CLIMATE RECORD PERIOD 1934 TO 2014


WEATHER ITEM   OBSERVED TIME   RECORD YEAR NORMAL DEPARTURE LAST
                VALUE   (LST)  VALUE       VALUE  FROM      YEAR
                                                  NORMAL
..................................................................
TEMPERATURE (F)
 YESTERDAY
  MAXIMUM         52    236 PM  66    1949  39     13       52
  MINIMUM         27    524 AM -17    1985  22      5       26
  AVERAGE         40                        31      9       39

PRECIPITATION (IN)
  YESTERDAY        0.00          0.34 1991   0.02  -0.02     0.00
  MONTH TO DATE    0.53                      0.58  -0.05     0.34
  SINCE OCT 1      0.69                      1.76  -1.07     2.91
  SINCE JAN 1     13.15                     13.11   0.04    14.72

SNOWFALL (IN)
  YESTERDAY        0.0           3.4  1991   0.2   -0.2      0.0
  MONTH TO DATE    8.6                       5.7    2.9      6.0
  SINCE SEP 1      8.6                      10.9   -2.3     11.1
  SINCE JUL 1      8.6                      10.9   -2.3     11.1
  SNOW DEPTH       6

DEGREE DAYS
 HEATING
  YESTERDAY       25                        34     -9       26
  MONTH TO DATE  899                       771    128      790
  SINCE SEP 1   1426                      1486    -60     1527
  SINCE JUL 1   1474                      1523    -49     1527

 COOLING
  YESTERDAY        0                         0      0        0
  MONTH TO DATE    0                         0      0        0
  SINCE SEP 1     66                        54     12      103
  SINCE JAN 1    618                       636    -18      840
..................................................................


WIND (MPH)
  HIGHEST WIND SPEED    28   HIGHEST WIND DIRECTION    SW (240)
  HIGHEST GUST SPEED    33   HIGHEST GUST DIRECTION    SW (240)
  AVERAGE WIND SPEED    14.1


SKY COVER
  POSSIBLE SUNSHINE  MM
  AVERAGE SKY COVER 0.7


WEATHER CONDITIONS
 THE FOLLOWING WEATHER WAS RECORDED YESTERDAY.
  FOG
  FOG W/VISIBILITY <= 1/4 MILE


RELATIVE HUMIDITY (PERCENT)
 HIGHEST   100          1200 AM
 LOWEST     44           300 PM
 AVERAGE    72

..........................................................


THE BILLINGS MT CLIMATE NORMALS FOR TODAY
                         NORMAL    RECORD    YEAR
 MAXIMUM TEMPERATURE (F)   39        57      1951
                                             1935
 MINIMUM TEMPERATURE (F)   22       -16      1985


SUNRISE AND SUNSET
NOVEMBER 28 2014......SUNRISE   731 AM MST   SUNSET   433 PM MST
NOVEMBER 29 2014......SUNRISE   733 AM MST   SUNSET   432 PM MST


-  INDICATES NEGATIVE NUMBERS.
R  INDICATES RECORD WAS SET OR TIED.
MM INDICATES DATA IS MISSING.
T  INDICATES TRACE AMOUNT.





&&

...THE CLIMATE SUMMARY FOR SOUTHWEST BILLINGS FOR 27 NOVEMBER 2014...

HIGH TEMPERATURE........................49
LOW TEMPERATURE.........................26

PRECIPITATION...........................0.00
MONTHLY PRECIPITATION TOTAL.............0.67
YEARLY PRECIPITATION TOTAL..............14.55

SNOWFALL................................0.0
MONTHLY SNOWFALL TOTAL..................9.3
TOTAL SNOWFALL SINCE JULY 1.............9.3

SNOW DEPTH AT MIDNIGHT..................1

$$
