000
CDUS45 KBYZ 290931
CLIBIL


CLIMATE REPORT
NATIONAL WEATHER SERVICE BILLINGS MT
330 AM MDT SUN MAY 29 2016


...................................

...THE BILLINGS MT CLIMATE SUMMARY FOR MAY 28 2016...

CLIMATE NORMAL PERIOD 1981 TO 2010
CLIMATE RECORD PERIOD 1934 TO 2016


WEATHER ITEM   OBSERVED TIME   RECORD YEAR NORMAL DEPARTURE LAST
                VALUE   (LST)  VALUE       VALUE  FROM      YEAR
                                                  NORMAL
..................................................................
TEMPERATURE (F)
 YESTERDAY
  MAXIMUM         68    414 PM  91    1958  71     -3       69
  MINIMUM         50    632 AM  27    1947  47      3       49
  AVERAGE         59                        59      0       59

PRECIPITATION (IN)
  YESTERDAY        T             0.51 1982   0.07  -0.07     0.42
  MONTH TO DATE    1.87                      1.95  -0.08     2.43
  SINCE OCT 1      8.08                      7.94   0.14     7.24
  SINCE JAN 1      5.23                      5.63  -0.40     5.67

SNOWFALL (IN)
  YESTERDAY        0.0           T    1989   0.0    0.0      0.0
  MONTH TO DATE    T                         2.0   -2.0       T
  SINCE MAR 1      3.7                      20.5  -16.8     11.3
  SINCE JUL 1     28.1                      55.0  -26.9     55.4
  SNOW DEPTH       0

DEGREE DAYS
 HEATING
  YESTERDAY        6                         7     -1        6
  MONTH TO DATE  260                       290    -30      330
  SINCE MAR 1   1393                      1702   -309     1396
  SINCE JUL 1   5654                      6667  -1013     6037

 COOLING
  YESTERDAY        0                         1     -1        0
  MONTH TO DATE    8                        10     -2        0
  SINCE MAR 1     11                        11      0        0
  SINCE JAN 1     11                        11      0        0
..................................................................


WIND (MPH)
  HIGHEST WIND SPEED    16   HIGHEST WIND DIRECTION    NW (300)
  HIGHEST GUST SPEED    21   HIGHEST GUST DIRECTION    NW (320)
  AVERAGE WIND SPEED     6.6


SKY COVER
  POSSIBLE SUNSHINE  MM
  AVERAGE SKY COVER 0.6


WEATHER CONDITIONS
 THE FOLLOWING WEATHER WAS RECORDED YESTERDAY.
  LIGHT RAIN


RELATIVE HUMIDITY (PERCENT)
 HIGHEST    86           400 AM
 LOWEST     34           100 PM
 AVERAGE    60

..........................................................


THE BILLINGS MT CLIMATE NORMALS FOR TODAY
                         NORMAL    RECORD    YEAR
 MAXIMUM TEMPERATURE (F)   71        94      2003
 MINIMUM TEMPERATURE (F)   48        35      1959


SUNRISE AND SUNSET
MAY 29 2016...........SUNRISE   529 AM MDT   SUNSET   855 PM MDT
MAY 30 2016...........SUNRISE   529 AM MDT   SUNSET   855 PM MDT


-  INDICATES NEGATIVE NUMBERS.
R  INDICATES RECORD WAS SET OR TIED.
MM INDICATES DATA IS MISSING.
T  INDICATES TRACE AMOUNT.





&&

...THE CLIMATE SUMMARY FOR SOUTHWEST BILLINGS FOR 28 MAY 2016...

HIGH TEMPERATURE........................69
LOW TEMPERATURE.........................50

PRECIPITATION...........................0.01
MONTHLY PRECIPITATION TOTAL.............2.73
YEARLY PRECIPITATION TOTAL..............5.73

SNOWFALL................................0.0
MONTHLY SNOWFALL TOTAL..................0.0
TOTAL SNOWFALL SINCE JULY 1.............25.8

SNOW DEPTH AT MIDNIGHT..................0

$$
