000
CDUS43 KBIS 260737
CLIBIS


CLIMATE REPORT
NATIONAL WEATHER SERVICE BISMARCK ND
237 AM CDT SUN MAR 26 2017


...................................

...THE BISMARCK ND CLIMATE SUMMARY FOR MARCH 25 2017...

CLIMATE NORMAL PERIOD 1981 TO 2010
CLIMATE RECORD PERIOD 1875 TO 2017


WEATHER ITEM   OBSERVED TIME   RECORD YEAR NORMAL DEPARTURE LAST
                VALUE   (LST)  VALUE       VALUE  FROM      YEAR
                                                  NORMAL
..................................................................
TEMPERATURE (F)
 YESTERDAY
  MAXIMUM         56    527 PM  81    2007  45     11       45
  MINIMUM         29    144 AM -15    1893  23      6       22
  AVERAGE         43                        34      9       34

PRECIPITATION (IN)
  YESTERDAY        T             0.44 1942   0.03  -0.03     0.03
  MONTH TO DATE    0.52                      0.68  -0.16     0.22
  SINCE MAR 1      0.52                      0.68  -0.16     0.22
  SINCE JAN 1      1.92                      1.62   0.30     0.86

SNOWFALL (IN)
  YESTERDAY        0.0           3.6  1904   0.3   -0.3      0.4
  MONTH TO DATE    8.7                       7.6    1.1      2.8
  SINCE MAR 1      8.7                       7.6    1.1      2.8
  SINCE JUL 1     71.6                      45.1   26.5     23.4
  SNOW DEPTH       T

DEGREE DAYS
 HEATING
  YESTERDAY       22                        31     -9       31
  MONTH TO DATE  941                       912     29      666
  SINCE MAR 1    941                       912     29      666
  SINCE JUL 1   6943                      7343   -400     5986

 COOLING
  YESTERDAY        0                         0      0        0
  MONTH TO DATE    0                         0      0        0
  SINCE MAR 1      0                         0      0        0
  SINCE JAN 1      0                         0      0        0
..................................................................


WIND (MPH)
  HIGHEST WIND SPEED    22   HIGHEST WIND DIRECTION     S (180)
  HIGHEST GUST SPEED    26   HIGHEST GUST DIRECTION    SE (150)
  AVERAGE WIND SPEED    10.6


SKY COVER
  POSSIBLE SUNSHINE  MM
  AVERAGE SKY COVER 0.6


WEATHER CONDITIONS
 THE FOLLOWING WEATHER WAS RECORDED YESTERDAY.
  FOG


RELATIVE HUMIDITY (PERCENT)
 HIGHEST   100           400 AM
 LOWEST     38           500 PM
 AVERAGE    69

..........................................................


THE BISMARCK ND CLIMATE NORMALS FOR TODAY
                         NORMAL    RECORD    YEAR
 MAXIMUM TEMPERATURE (F)   46        74      1960
 MINIMUM TEMPERATURE (F)   23       -13      1996
                                             1964


SUNRISE AND SUNSET
MARCH 26 2017.........SUNRISE   734 AM CDT   SUNSET   804 PM CDT
MARCH 27 2017.........SUNRISE   732 AM CDT   SUNSET   806 PM CDT


-  INDICATES NEGATIVE NUMBERS.
R  INDICATES RECORD WAS SET OR TIED.
MM INDICATES DATA IS MISSING.
T  INDICATES TRACE AMOUNT.




$$
