000
CDUS43 KBIS 050018
CLIBIS


CLIMATE REPORT
NATIONAL WEATHER SERVICE BISMARCK ND
718 PM CDT TUE AUG 4 2015


...................................

...THE BISMARCK ND CLIMATE SUMMARY FOR AUGUST 4 2015...
VALID TODAY AS OF 0700 PM LOCAL TIME.

CLIMATE NORMAL PERIOD 1981 TO 2010
CLIMATE RECORD PERIOD 1875 TO 2015


WEATHER ITEM   OBSERVED TIME   RECORD YEAR NORMAL DEPARTURE LAST
                VALUE   (LST)  VALUE       VALUE  FROM      YEAR
                                                  NORMAL
..................................................................
TEMPERATURE (F)
 TODAY
  MAXIMUM         87    420 PM 104    1947  86      1       75
  MINIMUM         49    449 AM  39    1974  58     -9       58
  AVERAGE         68                        72     -4       67

PRECIPITATION (IN)
  TODAY            0.00          1.15 1919   0.08  -0.08     0.16
  MONTH TO DATE    0.01                      0.32  -0.31     1.78
  SINCE JUN 1      6.50                      6.38   0.12     5.53
  SINCE JAN 1     13.77                     11.85   1.92     9.72

SNOWFALL (IN)
  TODAY            0.0           0.0  2002   0.0    0.0      0.0
                                      2001
  MONTH TO DATE    0.0                       0.0    0.0      0.0
  SINCE JUN 1      0.0                       0.0    0.0      0.0
  SINCE JUL 1      0.0                       0.0    0.0      0.0
  SNOW DEPTH       0

DEGREE DAYS
 HEATING
  TODAY            0                         1     -1        0
  MONTH TO DATE    0                         1     -1        0
  SINCE JUN 1     50                       111    -61      122
  SINCE JUL 1      7                        18    -11       28

 COOLING
  TODAY            3                         7     -4        2
  MONTH TO DATE   17                        28    -11       26
  SINCE JUN 1    336                       315     21      227
  SINCE JAN 1    342                       332     10      278
..................................................................


WIND (MPH)
  RESULTANT WIND SPEED   4   RESULTANT WIND DIRECTION   E (110)
  HIGHEST WIND SPEED    13   HIGHEST WIND DIRECTION     S (160)
  HIGHEST GUST SPEED    17   HIGHEST GUST DIRECTION    SE (150)
  AVERAGE WIND SPEED     5.6


SKY COVER
  POSSIBLE SUNSHINE  MM
  AVERAGE SKY COVER 0.0


WEATHER CONDITIONS
 THE FOLLOWING WEATHER WAS RECORDED TODAY.
  NO SIGNIFICANT WEATHER WAS OBSERVED.


RELATIVE HUMIDITY (PERCENT)
 HIGHEST    93           500 AM
 LOWEST     32           300 PM
 AVERAGE    63

..........................................................


THE BISMARCK ND CLIMATE NORMALS FOR TOMORROW
                         NORMAL    RECORD    YEAR
 MAXIMUM TEMPERATURE (F)   86       109      1941
 MINIMUM TEMPERATURE (F)   58        43      1992
                                             1974


SUNRISE AND SUNSET
AUGUST  4 2015........SUNRISE   627 AM CDT   SUNSET   911 PM CDT
AUGUST  5 2015........SUNRISE   628 AM CDT   SUNSET   909 PM CDT


-  INDICATES NEGATIVE NUMBERS.
R  INDICATES RECORD WAS SET OR TIED.
MM INDICATES DATA IS MISSING.
T  INDICATES TRACE AMOUNT.




$$
