740
CDUS43 KBIS 031235
CLIBIS


CLIMATE REPORT
NATIONAL WEATHER SERVICE BISMARCK ND
634 AM CST SAT DEC 3 2016


...................................

...THE BISMARCK ND CLIMATE SUMMARY FOR DECEMBER 2 2016...

CLIMATE NORMAL PERIOD 1981 TO 2010
CLIMATE RECORD PERIOD 1875 TO 2016


WEATHER ITEM   OBSERVED TIME   RECORD YEAR NORMAL DEPARTURE LAST
                VALUE   (LST)  VALUE       VALUE  FROM      YEAR
                                                  NORMAL
..................................................................
TEMPERATURE (F)
 YESTERDAY
  MAXIMUM         27    408 PM  60    1949  31     -4       40
  MINIMUM         15    900 PM -24    1985  11      4        4
  AVERAGE         21                        21      0       22

PRECIPITATION (IN)
  YESTERDAY        T             0.65 1889   0.01  -0.01     0.00
  MONTH TO DATE    0.02                      0.03  -0.01     0.15
  SINCE DEC 1      0.02                      0.03  -0.01     0.15
  SINCE JAN 1     21.44                     17.39   4.05    16.97

SNOWFALL (IN)
  YESTERDAY        T             6.5  1889   0.3   -0.3      0.0
  MONTH TO DATE    T                         0.6   -0.6      1.9
  SINCE DEC 1      T                         0.6   -0.6      1.9
  SINCE JUL 1     19.0                      11.8    7.2      3.7
  SNOW DEPTH       9

DEGREE DAYS
 HEATING
  YESTERDAY       44                        44      0       43
  MONTH TO DATE   80                        88     -8       80
  SINCE DEC 1     80                        88     -8       80
  SINCE JUL 1   1560                      2074   -514     1665

 COOLING
  YESTERDAY        0                         0      0        0
  MONTH TO DATE    0                         0      0        0
  SINCE DEC 1      0                         0      0        0
  SINCE JAN 1    548                       520     28      622
..................................................................


WIND (MPH)
  HIGHEST WIND SPEED    12   HIGHEST WIND DIRECTION     S (160)
  HIGHEST GUST SPEED    13   HIGHEST GUST DIRECTION     S (170)
  AVERAGE WIND SPEED     5.2


SKY COVER
  POSSIBLE SUNSHINE  MM
  AVERAGE SKY COVER 1.0


WEATHER CONDITIONS
 THE FOLLOWING WEATHER WAS RECORDED YESTERDAY.
  NO SIGNIFICANT WEATHER WAS OBSERVED.


RELATIVE HUMIDITY (PERCENT)
 HIGHEST    92           100 AM
 LOWEST     68           100 PM
 AVERAGE    80

..........................................................


THE BISMARCK ND CLIMATE NORMALS FOR TODAY
                         NORMAL    RECORD    YEAR
 MAXIMUM TEMPERATURE (F)   30        60      1916
 MINIMUM TEMPERATURE (F)   10       -20      1897


SUNRISE AND SUNSET
DECEMBER  3 2016......SUNRISE   810 AM CST   SUNSET   456 PM CST
DECEMBER  4 2016......SUNRISE   811 AM CST   SUNSET   455 PM CST


-  INDICATES NEGATIVE NUMBERS.
R  INDICATES RECORD WAS SET OR TIED.
MM INDICATES DATA IS MISSING.
T  INDICATES TRACE AMOUNT.




$$
