000
CDUS43 KBIS 100739
CLIBIS


CLIMATE REPORT
NATIONAL WEATHER SERVICE BISMARCK ND
139 AM CST WED FEB 10 2016


...................................

...THE BISMARCK ND CLIMATE SUMMARY FOR FEBRUARY 9 2016...

CLIMATE NORMAL PERIOD 1981 TO 2010
CLIMATE RECORD PERIOD 1875 TO 2016


WEATHER ITEM   OBSERVED TIME   RECORD YEAR NORMAL DEPARTURE LAST
                VALUE   (LST)  VALUE       VALUE  FROM      YEAR
                                                  NORMAL
..................................................................
TEMPERATURE (F)
 YESTERDAY
  MAXIMUM         41    419 PM  56    1996  27     14       28
  MINIMUM         25    835 AM -43    1994   6     19       20
  AVERAGE         33                        16     17       24

PRECIPITATION (IN)
  YESTERDAY        0.00          0.44 1875   0.01  -0.01      T
  MONTH TO DATE    0.02                      0.12  -0.10     0.20
  SINCE DEC 1      1.14                      1.04   0.10     1.06
  SINCE JAN 1      0.23                      0.55  -0.32     0.95

SNOWFALL (IN)
  YESTERDAY        0.0           4.3  1966   0.3   -0.3      0.0
  MONTH TO DATE    0.4                       2.3   -1.9      2.5
  SINCE DEC 1     16.2                      20.5   -4.3     12.1
  SINCE JUL 1     18.0                      31.7  -13.7     20.0
  SNOW DEPTH       T

DEGREE DAYS
 HEATING
  YESTERDAY       32                        49    -17       41
  MONTH TO DATE  298                       448   -150      451
  SINCE DEC 1   3098                      3580   -482     3264
  SINCE JUL 1   4683                      5566   -883     5336

 COOLING
  YESTERDAY        0                         0      0        0
  MONTH TO DATE    0                         0      0        0
  SINCE DEC 1      0                         0      0        0
  SINCE JAN 1      0                         0      0        0
..................................................................


WIND (MPH)
  HIGHEST WIND SPEED    13   HIGHEST WIND DIRECTION     E (70)
  HIGHEST GUST SPEED    16   HIGHEST GUST DIRECTION     N (350)
  AVERAGE WIND SPEED     6.5


SKY COVER
  POSSIBLE SUNSHINE  MM
  AVERAGE SKY COVER 0.9


WEATHER CONDITIONS
 THE FOLLOWING WEATHER WAS RECORDED YESTERDAY.
  NO SIGNIFICANT WEATHER WAS OBSERVED.


RELATIVE HUMIDITY (PERCENT)
 HIGHEST    63          1100 PM
 LOWEST     34           200 PM
 AVERAGE    49

..........................................................


THE BISMARCK ND CLIMATE NORMALS FOR TODAY
                         NORMAL    RECORD    YEAR
 MAXIMUM TEMPERATURE (F)   27        54      1918
 MINIMUM TEMPERATURE (F)    6       -31      1899


SUNRISE AND SUNSET
FEBRUARY 10 2016......SUNRISE   755 AM CST   SUNSET   600 PM CST
FEBRUARY 11 2016......SUNRISE   754 AM CST   SUNSET   601 PM CST


-  INDICATES NEGATIVE NUMBERS.
R  INDICATES RECORD WAS SET OR TIED.
MM INDICATES DATA IS MISSING.
T  INDICATES TRACE AMOUNT.




$$
