000
CDUS43 KBIS 300727
CLIBIS


CLIMATE REPORT
NATIONAL WEATHER SERVICE BISMARCK ND
227 AM CDT WED JUL 30 2014


...................................

...THE BISMARCK ND CLIMATE SUMMARY FOR JULY 29 2014...

CLIMATE NORMAL PERIOD 1981 TO 2010
CLIMATE RECORD PERIOD 1875 TO 2014


WEATHER ITEM   OBSERVED TIME   RECORD YEAR NORMAL DEPARTURE LAST
                VALUE   (LST)  VALUE       VALUE  FROM      YEAR
                                                  NORMAL
..................................................................
TEMPERATURE (F)
 YESTERDAY
  MAXIMUM         81    537 PM 104    1999  86     -5       74
                                      1975
  MINIMUM         48    510 AM  41    1899  58    -10       54
  AVERAGE         65                        72     -7       64

PRECIPITATION (IN)
  YESTERDAY        0.00          1.28 1887   0.09  -0.09      T
  MONTH TO DATE    0.73                      2.72  -1.99     1.37
  SINCE JUN 1      3.75                      5.89  -2.14     4.08
  SINCE JAN 1      7.94                     11.36  -3.42    14.68

SNOWFALL (IN)
  YESTERDAY        0.0           0.0  2002   0.0    0.0      0.0
                                      2001
  MONTH TO DATE    0.0                       0.0    0.0      0.0
  SINCE JUN 1      0.0                       0.0    0.0      0.0
  SINCE JUL 1      0.0                       0.0    0.0      0.0
  SNOW DEPTH       0

DEGREE DAYS
 HEATING
  YESTERDAY        0                         0      0        1
  MONTH TO DATE   28                        13     15       19
  SINCE JUN 1    122                       106     16      105
  SINCE JUL 1     28                        13     15       19

 COOLING
  YESTERDAY        0                         7     -7        0
  MONTH TO DATE  137                       186    -49      181
  SINCE JUN 1    190                       269    -79      265
  SINCE JAN 1    241                       286    -45      277
..................................................................


WIND (MPH)
  HIGHEST WIND SPEED    13   HIGHEST WIND DIRECTION     E (100)
  HIGHEST GUST SPEED    20   HIGHEST GUST DIRECTION    SW (210)
  AVERAGE WIND SPEED     4.2


SKY COVER
  POSSIBLE SUNSHINE  MM
  AVERAGE SKY COVER 0.2


WEATHER CONDITIONS
 THE FOLLOWING WEATHER WAS RECORDED YESTERDAY.
  FOG


RELATIVE HUMIDITY (PERCENT)
 HIGHEST    96           400 AM
 LOWEST     42           100 PM
 AVERAGE    69

..........................................................


THE BISMARCK ND CLIMATE NORMALS FOR TODAY
                         NORMAL    RECORD    YEAR
 MAXIMUM TEMPERATURE (F)   86       112      2006
 MINIMUM TEMPERATURE (F)   58        35      1971


SUNRISE AND SUNSET
JULY 30 2014..........SUNRISE   621 AM CDT   SUNSET   917 PM CDT
JULY 31 2014..........SUNRISE   622 AM CDT   SUNSET   916 PM CDT


-  INDICATES NEGATIVE NUMBERS.
R  INDICATES RECORD WAS SET OR TIED.
MM INDICATES DATA IS MISSING.
T  INDICATES TRACE AMOUNT.




$$
