000
CDUS43 KBIS 280726
CLIBIS


CLIMATE REPORT
NATIONAL WEATHER SERVICE BISMARCK ND
225 AM CDT FRI APR 28 2017


...................................

...THE BISMARCK ND CLIMATE SUMMARY FOR APRIL 27 2017...

CLIMATE NORMAL PERIOD 1981 TO 2010
CLIMATE RECORD PERIOD 1875 TO 2017


WEATHER ITEM   OBSERVED TIME   RECORD YEAR NORMAL DEPARTURE LAST
                VALUE   (LST)  VALUE       VALUE  FROM      YEAR
                                                  NORMAL
..................................................................
TEMPERATURE (F)
 YESTERDAY
  MAXIMUM         54    508 PM  92    1952  62     -8       49
  MINIMUM         30    551 AM  18    1994  35     -5       40
                                      1909
  AVERAGE         42                        49     -7       45

PRECIPITATION (IN)
  YESTERDAY        0.00          1.12 1984   0.05  -0.05     0.15
                                      1935
  MONTH TO DATE    0.96                      1.09  -0.13     4.14
  SINCE MAR 1      1.48                      1.96  -0.48     4.57
  SINCE JAN 1      2.88                      2.90  -0.02     5.21

SNOWFALL (IN)
  YESTERDAY        0.0          11.9  1984   0.0    0.0      0.0
  MONTH TO DATE    0.0                       4.0   -4.0      0.2
  SINCE MAR 1      8.7                      13.1   -4.4      3.5
  SINCE JUL 1     71.6                      50.6   21.0     24.1
  SNOW DEPTH       0

DEGREE DAYS
 HEATING
  YESTERDAY       23                        16      7       20
  MONTH TO DATE  523                       590    -67      544
  SINCE MAR 1   1566                      1678   -112     1342
  SINCE JUL 1   7568                      8109   -541     6662

 COOLING
  YESTERDAY        0                         0      0        0
  MONTH TO DATE    0                         0      0        0
  SINCE MAR 1      0                         0      0        0
  SINCE JAN 1      0                         0      0        0
..................................................................


WIND (MPH)
  HIGHEST WIND SPEED    16   HIGHEST WIND DIRECTION    NE (30)
  HIGHEST GUST SPEED    20   HIGHEST GUST DIRECTION    NE (30)
  AVERAGE WIND SPEED     7.6


SKY COVER
  POSSIBLE SUNSHINE  MM
  AVERAGE SKY COVER 0.3


WEATHER CONDITIONS
 THE FOLLOWING WEATHER WAS RECORDED YESTERDAY.
  NO SIGNIFICANT WEATHER WAS OBSERVED.


RELATIVE HUMIDITY (PERCENT)
 HIGHEST    78           400 AM
 LOWEST     35           300 PM
 AVERAGE    57

..........................................................


THE BISMARCK ND CLIMATE NORMALS FOR TODAY
                         NORMAL    RECORD    YEAR
 MAXIMUM TEMPERATURE (F)   63        92      1952
 MINIMUM TEMPERATURE (F)   36        18      2008


SUNRISE AND SUNSET
APRIL 28 2017.........SUNRISE   632 AM CDT   SUNSET   849 PM CDT
APRIL 29 2017.........SUNRISE   631 AM CDT   SUNSET   851 PM CDT


-  INDICATES NEGATIVE NUMBERS.
R  INDICATES RECORD WAS SET OR TIED.
MM INDICATES DATA IS MISSING.
T  INDICATES TRACE AMOUNT.




$$
