000
CDUS43 KBIS 180024
CLIBIS


CLIMATE REPORT
NATIONAL WEATHER SERVICE BISMARCK ND
724 PM CDT WED SEP 17 2014


...................................

...THE BISMARCK ND CLIMATE SUMMARY FOR SEPTEMBER 17 2014...
VALID TODAY AS OF 0700 PM LOCAL TIME.

CLIMATE NORMAL PERIOD 1981 TO 2010
CLIMATE RECORD PERIOD 1875 TO 2014


WEATHER ITEM   OBSERVED TIME   RECORD YEAR NORMAL DEPARTURE LAST
                VALUE   (LST)  VALUE       VALUE  FROM      YEAR
                                                  NORMAL
..................................................................
TEMPERATURE (F)
 TODAY
  MAXIMUM         76    407 PM  96    1989  71      5       80
  MINIMUM         35    633 AM  27    1993  44     -9       53
                                      1973
  AVERAGE         56                        58     -2       67

PRECIPITATION (IN)
  TODAY            0.00          0.85 1942   0.05  -0.05     0.00
  MONTH TO DATE    0.23                      0.97  -0.74     3.87
  SINCE SEP 1      0.23                      0.97  -0.74     3.87
  SINCE JAN 1     12.92                     14.78  -1.86    20.18

SNOWFALL (IN)
  TODAY            0.0           T    2010   0.0    0.0      0.0
  MONTH TO DATE    0.0                       0.0    0.0      0.0
  SINCE SEP 1      0.0                       0.0    0.0      0.0
  SINCE JUL 1      0.0                       0.0    0.0      0.0
  SNOW DEPTH       0

DEGREE DAYS
 HEATING
  TODAY            9                         8      1        0
  MONTH TO DATE  144                        92     52       25
  SINCE SEP 1    144                        92     52       25
  SINCE JUL 1    206                       147     59       53

 COOLING
  TODAY            0                         1     -1        2
  MONTH TO DATE    7                        32    -25       69
  SINCE SEP 1      7                        32    -25       69
  SINCE JAN 1    413                       513   -100      549
..................................................................


WIND (MPH)
  RESULTANT WIND SPEED   3   RESULTANT WIND DIRECTION   E (110)
  HIGHEST WIND SPEED    12   HIGHEST WIND DIRECTION     E (100)
  HIGHEST GUST SPEED    14   HIGHEST GUST DIRECTION     E (90)
  AVERAGE WIND SPEED     2.8


SKY COVER
  POSSIBLE SUNSHINE  MM
  AVERAGE SKY COVER 0.0


WEATHER CONDITIONS
 THE FOLLOWING WEATHER WAS RECORDED TODAY.
  FOG


RELATIVE HUMIDITY (PERCENT)
 HIGHEST   100           200 AM
 LOWEST     36           300 PM
 AVERAGE    68

..........................................................


THE BISMARCK ND CLIMATE NORMALS FOR TOMORROW
                         NORMAL    RECORD    YEAR
 MAXIMUM TEMPERATURE (F)   71        97      1933
 MINIMUM TEMPERATURE (F)   44        22      1901
                                             1886


SUNRISE AND SUNSET
SEPTEMBER 17 2014.....SUNRISE   723 AM CDT   SUNSET   751 PM CDT
SEPTEMBER 18 2014.....SUNRISE   725 AM CDT   SUNSET   749 PM CDT


-  INDICATES NEGATIVE NUMBERS.
R  INDICATES RECORD WAS SET OR TIED.
MM INDICATES DATA IS MISSING.
T  INDICATES TRACE AMOUNT.




$$
