000
CDUS43 KBIS 050924
CLIBIS


CLIMATE REPORT
NATIONAL WEATHER SERVICE BISMARCK ND
423 AM CDT SUN JUL 5 2015


...................................

...THE BISMARCK ND CLIMATE SUMMARY FOR JULY 4 2015...

CLIMATE NORMAL PERIOD 1981 TO 2010
CLIMATE RECORD PERIOD 1875 TO 2015


WEATHER ITEM   OBSERVED TIME   RECORD YEAR NORMAL DEPARTURE LAST
                VALUE   (LST)  VALUE       VALUE  FROM      YEAR
                                                  NORMAL
..................................................................
TEMPERATURE (F)
 YESTERDAY
  MAXIMUM         90    455 PM 102    1989  83      7       85
  MINIMUM         63    515 AM  36    1967  56      7       60
  AVERAGE         77                        69      8       73

PRECIPITATION (IN)
  YESTERDAY        0.00          1.14 1901   0.10  -0.10     0.09
  MONTH TO DATE    0.56                      0.39   0.17     0.14
  SINCE JUN 1      5.54                      3.56   1.98     3.16
  SINCE JAN 1     12.81                      9.03   3.78     7.35

SNOWFALL (IN)
  YESTERDAY        0.0           0.0  2002   0.0    0.0      0.0
                                      2001
  MONTH TO DATE    0.0                       0.0    0.0      0.0
  SINCE JUN 1      0.0                       0.0    0.0      0.0
  SINCE JUL 1      0.0                       0.0    0.0      0.0
  SNOW DEPTH       0

DEGREE DAYS
 HEATING
  YESTERDAY        0                         1     -1        0
  MONTH TO DATE    0                         4     -4       12
  SINCE JUN 1     43                        97    -54      106
  SINCE JUL 1      0                         4     -4       12

 COOLING
  YESTERDAY       12                         5      7        8
  MONTH TO DATE   32                        20     12        8
  SINCE JUN 1    126                       103     23       61
  SINCE JAN 1    132                       120     12      112
..................................................................


WIND (MPH)
  HIGHEST WIND SPEED    15   HIGHEST WIND DIRECTION     S (160)
  HIGHEST GUST SPEED    20   HIGHEST GUST DIRECTION     S (180)
  AVERAGE WIND SPEED     7.4


SKY COVER
  POSSIBLE SUNSHINE  MM
  AVERAGE SKY COVER 0.2


WEATHER CONDITIONS
 THE FOLLOWING WEATHER WAS RECORDED YESTERDAY.
  FOG
  HAZE


RELATIVE HUMIDITY (PERCENT)
 HIGHEST   100           500 AM
 LOWEST     50           200 PM
 AVERAGE    75

..........................................................


THE BISMARCK ND CLIMATE NORMALS FOR TODAY
                         NORMAL    RECORD    YEAR
 MAXIMUM TEMPERATURE (F)   83       106      1936
 MINIMUM TEMPERATURE (F)   56        33      1884


SUNRISE AND SUNSET
JULY  5 2015..........SUNRISE   555 AM CDT   SUNSET   939 PM CDT
JULY  6 2015..........SUNRISE   556 AM CDT   SUNSET   939 PM CDT


-  INDICATES NEGATIVE NUMBERS.
R  INDICATES RECORD WAS SET OR TIED.
MM INDICATES DATA IS MISSING.
T  INDICATES TRACE AMOUNT.




$$
