000
CDUS43 KBIS 250730
CLIBIS


CLIMATE REPORT
NATIONAL WEATHER SERVICE BISMARCK ND
230 AM CDT FRI APR 25 2014


...................................

...THE BISMARCK ND CLIMATE SUMMARY FOR APRIL 24 2014...

CLIMATE NORMAL PERIOD 1981 TO 2010
CLIMATE RECORD PERIOD 1875 TO 2014


WEATHER ITEM   OBSERVED TIME   RECORD YEAR NORMAL DEPARTURE LAST
                VALUE   (LST)  VALUE       VALUE  FROM      YEAR
                                                  NORMAL
..................................................................
TEMPERATURE (F)
 YESTERDAY
  MAXIMUM         65    413 PM  91    1962  61      4       40
  MINIMUM         34   1155 PM  19    1934  34      0       22
                                      1919
  AVERAGE         50                        48      2       31

PRECIPITATION (IN)
  YESTERDAY        0.00          1.00 1953   0.05  -0.05     0.07
  MONTH TO DATE    0.29                      0.93  -0.64     1.49
  SINCE MAR 1      1.11                      1.80  -0.69     2.32
  SINCE JAN 1      1.68                      2.74  -1.06     2.91

SNOWFALL (IN)
  YESTERDAY        0.0           6.2  1909   0.1   -0.1      0.3
  MONTH TO DATE    3.9                       3.8    0.1     21.8
  SINCE MAR 1     15.0                      12.9    2.1     28.7
  SINCE JUL 1     40.2                      50.4  -10.2     57.3
  SNOW DEPTH       0

DEGREE DAYS
 HEATING
  YESTERDAY       15                        18     -3       34
  MONTH TO DATE  589                       540     49      810
  SINCE MAR 1   1753                      1628    125     2117
  SINCE JUL 1   8605                      8059    546     8439

 COOLING
  YESTERDAY        0                         0      0        0
  MONTH TO DATE    0                         0      0        0
  SINCE MAR 1      0                         0      0        0
  SINCE JAN 1      0                         0      0        0
..................................................................


WIND (MPH)
  HIGHEST WIND SPEED    28   HIGHEST WIND DIRECTION     W (290)
  HIGHEST GUST SPEED    39   HIGHEST GUST DIRECTION     W (270)
  AVERAGE WIND SPEED     8.9


SKY COVER
  POSSIBLE SUNSHINE  MM
  AVERAGE SKY COVER 0.1


WEATHER CONDITIONS
 THE FOLLOWING WEATHER WAS RECORDED YESTERDAY.
  NO SIGNIFICANT WEATHER WAS OBSERVED.


RELATIVE HUMIDITY (PERCENT)
 HIGHEST    76          1100 PM
 LOWEST     17           300 PM
 AVERAGE    47

..........................................................


THE BISMARCK ND CLIMATE NORMALS FOR TODAY
                         NORMAL    RECORD    YEAR
 MAXIMUM TEMPERATURE (F)   62        90      1891
 MINIMUM TEMPERATURE (F)   34        15      1907


SUNRISE AND SUNSET
APRIL 25 2014.........SUNRISE   638 AM CDT   SUNSET   845 PM CDT
APRIL 26 2014.........SUNRISE   636 AM CDT   SUNSET   846 PM CDT


-  INDICATES NEGATIVE NUMBERS.
R  INDICATES RECORD WAS SET OR TIED.
MM INDICATES DATA IS MISSING.
T  INDICATES TRACE AMOUNT.




$$
