000
CDUS43 KGRR 192124
CLIBIV


CLIMATE REPORT
NATIONAL WEATHER SERVICE GRAND RAPIDS, MI
524 PM EDT SAT APR 19 2014


...................................

...THE HOLLAND/TULIP CITY MI CLIMATE SUMMARY FOR APRIL 19 2014...
VALID TODAY AS OF 0500 PM LOCAL TIME.

CLIMATE NORMAL PERIOD 1981 TO 2010
CLIMATE RECORD PERIOD 9999 TO 9999


WEATHER ITEM   OBSERVED TIME   RECORD YEAR NORMAL DEPARTURE LAST
                VALUE   (LST)  VALUE       VALUE  FROM      YEAR
                                                  NORMAL
..................................................................
TEMPERATURE (F)
 TODAY
  MAXIMUM         65    352 PM  MM      MM  60      5       47
  MINIMUM         35    635 AM  MM      MM  40     -5       36
  AVERAGE         50                        50      0       42

PRECIPITATION (IN)
  TODAY            0.00         MM      MM   0.11  -0.11     0.09
  MONTH TO DATE    1.37                      1.82  -0.45     8.37
  SINCE MAR 1      2.51                      4.09  -1.58     9.37
  SINCE JAN 1      6.47                      7.98  -1.51    15.13

DEGREE DAYS
 HEATING
  TODAY           15                        15      0       23
  MONTH TO DATE  375                       358     17      404
  SINCE MAR 1   1501                      1232    269     1394
  SINCE JUL 1   6659                      5732    927     5646

 COOLING
  TODAY            0                         0      0        0
  MONTH TO DATE    0                         0      0        0
  SINCE MAR 1      0                         0      0        0
  SINCE JAN 1      0                         0      0        0
..................................................................


WIND (MPH)
  RESULTANT WIND SPEED   9   RESULTANT WIND DIRECTION   E (80)
  HIGHEST WIND SPEED    18   HIGHEST WIND DIRECTION     E (90)
  HIGHEST GUST SPEED    24   HIGHEST GUST DIRECTION    SE (130)
  AVERAGE WIND SPEED    10.0



WEATHER CONDITIONS
 THE FOLLOWING WEATHER WAS RECORDED TODAY.
  NO SIGNIFICANT WEATHER WAS OBSERVED.


RELATIVE HUMIDITY (PERCENT)
 HIGHEST    75           600 AM
 LOWEST     26           400 PM
 AVERAGE    51

..........................................................




SUNRISE AND SUNSET
APRIL 19 2014.........SUNRISE   657 AM EDT   SUNSET   832 PM EDT
APRIL 20 2014.........SUNRISE   655 AM EDT   SUNSET   833 PM EDT


-  INDICATES NEGATIVE NUMBERS.
R  INDICATES RECORD WAS SET OR TIED.
MM INDICATES DATA IS MISSING.
T  INDICATES TRACE AMOUNT.




$$
