000
CDUS43 KGRR 010521
CLIBIV


CLIMATE REPORT
NATIONAL WEATHER SERVICE GRAND RAPIDS, MI
119 AM EDT SAT NOV 1 2014


...................................

...THE HOLLAND/TULIP CITY MI CLIMATE SUMMARY FOR OCTOBER 31 2014...

CLIMATE NORMAL PERIOD 1981 TO 2010
CLIMATE RECORD PERIOD 1996 TO 2014


WEATHER ITEM   OBSERVED TIME   NORMAL DEPARTURE LAST
                VALUE   (LST)  VALUE  FROM      YEAR
                                      NORMAL
......................................................
TEMPERATURE (F)
 YESTERDAY
  MAXIMUM         50    120 AM  56     -6       64
  MINIMUM         33   1159 PM  39     -6       52
  AVERAGE         42            48     -6       58

PRECIPITATION (IN)
  YESTERDAY        0.35          0.12   0.23     1.14
  MONTH TO DATE    3.99          3.59   0.40     5.17
  SINCE SEP 1      7.93          7.49   0.44     6.35
  SINCE JAN 1     28.96         30.70  -1.74    34.36

DEGREE DAYS
 HEATING
  YESTERDAY       23            17      6        7
  MONTH TO DATE  380           394    -14      362
  SINCE SEP 1    515           510      5      475
  SINCE JUL 1    551           525     26      494

 COOLING
  YESTERDAY        0             0      0        0
  MONTH TO DATE    1            11    -10       14
  SINCE SEP 1     53            75    -22      104
  SINCE JAN 1    570           693   -123      811
......................................................


WIND (MPH)
  RESULTANT WIND SPEED   9   RESULTANT WIND DIRECTION   N (360)
  HIGHEST WIND SPEED    22   HIGHEST WIND DIRECTION     N (20)
  HIGHEST GUST SPEED    33   HIGHEST GUST DIRECTION     N (10)
  AVERAGE WIND SPEED    11.1


SKY COVER
  AVERAGE SKY COVER 1.0


WEATHER CONDITIONS
 THE FOLLOWING WEATHER WAS RECORDED YESTERDAY.
  RAIN
  LIGHT RAIN
  LIGHT SNOW
  FOG
  HAZE


RELATIVE HUMIDITY (PERCENT)
 HIGHEST    89           500 AM
 LOWEST     59           600 PM
 AVERAGE    74

..........................................................


THE HOLLAND/TULIP CITY MI CLIMATE NORMALS FOR TODAY
                         NORMAL
 MAXIMUM TEMPERATURE (F)   56
 MINIMUM TEMPERATURE (F)   39


SUNRISE AND SUNSET
NOVEMBER  1 2014......SUNRISE   819 AM EDT   SUNSET   637 PM EDT
NOVEMBER  2 2014......SUNRISE   720 AM EST   SUNSET   536 PM EST


-  INDICATES NEGATIVE NUMBERS.
R  INDICATES RECORD WAS SET OR TIED.
MM INDICATES DATA IS MISSING.
T  INDICATES TRACE AMOUNT.




$$
