000
CDUS43 KGRR 290523
CLIBIV


CLIMATE REPORT
NATIONAL WEATHER SERVICE GRAND RAPIDS, MI
122 AM EDT FRI MAY 29 2015


...................................

...THE HOLLAND/TULIP CITY MI CLIMATE SUMMARY FOR MAY 28 2015...

CLIMATE NORMAL PERIOD 1981 TO 2010
CLIMATE RECORD PERIOD 1996 TO 2015


WEATHER ITEM   OBSERVED TIME   NORMAL DEPARTURE LAST
                VALUE   (LST)  VALUE  FROM      YEAR
                                      NORMAL
......................................................
TEMPERATURE (F)
 YESTERDAY
  MAXIMUM         81    556 PM  73      8       77
  MINIMUM         52    131 AM  53     -1       54
  AVERAGE         67            63      4       66

PRECIPITATION (IN)
  YESTERDAY        0.00          0.09  -0.09     0.00
  MONTH TO DATE    4.06          2.94   1.12     2.03
  SINCE MAR 1      8.60          8.46   0.14     5.57
  SINCE JAN 1     10.08         12.35  -2.27     9.53

DEGREE DAYS
 HEATING
  YESTERDAY        0             5     -5        0
  MONTH TO DATE  184           220    -36      228
  SINCE MAR 1   1654          1599     55     1867
  SINCE JUL 1   6621          6099    522     7025

 COOLING
  YESTERDAY        2             2      0        1
  MONTH TO DATE   41            30     11       26
  SINCE MAR 1     41            34      7       26
  SINCE JAN 1     41            34      7       26
......................................................


WIND (MPH)
  RESULTANT WIND SPEED   3   RESULTANT WIND DIRECTION  SW (210)
  HIGHEST WIND SPEED    17   HIGHEST WIND DIRECTION     W (250)
  HIGHEST GUST SPEED    22   HIGHEST GUST DIRECTION     W (250)
  AVERAGE WIND SPEED     4.8


SKY COVER
  AVERAGE SKY COVER 0.0


WEATHER CONDITIONS
 THE FOLLOWING WEATHER WAS RECORDED YESTERDAY.
  HAZE


RELATIVE HUMIDITY (PERCENT)
 HIGHEST    93          1200 AM
 LOWEST     49           600 PM
 AVERAGE    71

..........................................................


THE HOLLAND/TULIP CITY MI CLIMATE NORMALS FOR TODAY
                         NORMAL
 MAXIMUM TEMPERATURE (F)   73
 MINIMUM TEMPERATURE (F)   53


SUNRISE AND SUNSET
MAY 29 2015...........SUNRISE   611 AM EDT   SUNSET   914 PM EDT
MAY 30 2015...........SUNRISE   610 AM EDT   SUNSET   915 PM EDT


-  INDICATES NEGATIVE NUMBERS.
R  INDICATES RECORD WAS SET OR TIED.
MM INDICATES DATA IS MISSING.
T  INDICATES TRACE AMOUNT.




$$
