000
CDUS43 KGRR 032127
CLIBIV


CLIMATE REPORT
NATIONAL WEATHER SERVICE GRAND RAPIDS, MI
527 PM EDT THU SEP 3 2015


...................................

...THE HOLLAND/TULIP CITY MI CLIMATE SUMMARY FOR SEPTEMBER 3 2015...
VALID TODAY AS OF 0500 PM LOCAL TIME.

CLIMATE NORMAL PERIOD 1981 TO 2010
CLIMATE RECORD PERIOD 1996 TO 2015


WEATHER ITEM   OBSERVED TIME   NORMAL DEPARTURE LAST
                VALUE   (LST)  VALUE  FROM      YEAR
                                      NORMAL
......................................................
TEMPERATURE (F)
 TODAY
  MAXIMUM         83    100 PM  78      5       80
  MINIMUM         68    210 AM  57     11       59
  AVERAGE         76            68      8       70

PRECIPITATION (IN)
  TODAY            0.07          0.12  -0.05     0.00
  MONTH TO DATE    0.19          0.34  -0.15     0.12
  SINCE SEP 1      0.19          0.34  -0.15     0.12
  SINCE JAN 1     17.45         23.55  -6.10    21.15

DEGREE DAYS
 HEATING
  TODAY            0             1     -1        0
  MONTH TO DATE    0             3     -3        0
  SINCE SEP 1      0             3     -3        0
  SINCE JUL 1     22            18      4       36

 COOLING
  TODAY           11             4      7        5
  MONTH TO DATE   37            12     25       20
  SINCE SEP 1     37            12     25       20
  SINCE JAN 1    513           630   -117      537
......................................................


WIND (MPH)
  RESULTANT WIND SPEED   6   RESULTANT WIND DIRECTION  SW (240)
  HIGHEST WIND SPEED    16   HIGHEST WIND DIRECTION    SW (230)
  HIGHEST GUST SPEED    21   HIGHEST GUST DIRECTION    SW (220)
  AVERAGE WIND SPEED     7.0


SKY COVER
  AVERAGE SKY COVER 0.2


WEATHER CONDITIONS
 THE FOLLOWING WEATHER WAS RECORDED TODAY.
  THUNDERSTORM
  RAIN
  LIGHT RAIN
  FOG
  HAZE


RELATIVE HUMIDITY (PERCENT)
 HIGHEST    90           300 AM
 LOWEST     69          1200 PM
 AVERAGE    80

..........................................................


THE HOLLAND/TULIP CITY MI CLIMATE NORMALS FOR TOMORROW
                         NORMAL
 MAXIMUM TEMPERATURE (F)   78
 MINIMUM TEMPERATURE (F)   57


SUNRISE AND SUNSET
SEPTEMBER  3 2015.....SUNRISE   711 AM EDT   SUNSET   816 PM EDT
SEPTEMBER  4 2015.....SUNRISE   712 AM EDT   SUNSET   814 PM EDT


-  INDICATES NEGATIVE NUMBERS.
R  INDICATES RECORD WAS SET OR TIED.
MM INDICATES DATA IS MISSING.
T  INDICATES TRACE AMOUNT.




$$
