444
CDUS43 KGRR 100521
CLIBIV


CLIMATE REPORT
NATIONAL WEATHER SERVICE GRAND RAPIDS, MI
1219 AM EST WED FEB 10 2016


...................................

...THE HOLLAND/TULIP CITY MI CLIMATE SUMMARY FOR FEBRUARY 9 2016...

CLIMATE NORMAL PERIOD 1981 TO 2010
CLIMATE RECORD PERIOD 1996 TO 2016


WEATHER ITEM   OBSERVED TIME   NORMAL DEPARTURE LAST
                VALUE   (LST)  VALUE  FROM      YEAR
                                      NORMAL
......................................................
TEMPERATURE (F)
 YESTERDAY
  MAXIMUM         33    123 AM  34     -1       29
  MINIMUM         20   1137 PM  21     -1       17
  AVERAGE         27            27      0       23

PRECIPITATION (IN)
  YESTERDAY        0.09          0.05   0.04     0.00
  MONTH TO DATE    1.37          0.46   0.91     0.43
  SINCE DEC 1      6.57          4.85   1.72     2.46
  SINCE JAN 1      2.99          2.55   0.44     1.07

DEGREE DAYS
 HEATING
  YESTERDAY       38            38      0       42
  MONTH TO DATE  301           347    -46      375
  SINCE DEC 1   2239          2598   -359     2585
  SINCE JUL 1   3269          3821   -552     3976

 COOLING
  YESTERDAY        0             0      0        0
  MONTH TO DATE    0             0      0        0
  SINCE DEC 1      0             0      0        0
  SINCE JAN 1      0             0      0        0
......................................................


WIND (MPH)
  RESULTANT WIND SPEED  10   RESULTANT WIND DIRECTION  NW (320)
  HIGHEST WIND SPEED    18   HIGHEST WIND DIRECTION    NW (310)
  HIGHEST GUST SPEED    28   HIGHEST GUST DIRECTION     N (340)
  AVERAGE WIND SPEED    10.6


SKY COVER
  AVERAGE SKY COVER 1.0


WEATHER CONDITIONS
 THE FOLLOWING WEATHER WAS RECORDED YESTERDAY.
  SNOW
  LIGHT SNOW
  FOG
  FOG W/VISIBILITY <= 1/4 MILE


RELATIVE HUMIDITY (PERCENT)
 HIGHEST    92           200 AM
 LOWEST     74           800 PM
 AVERAGE    83

..........................................................


THE HOLLAND/TULIP CITY MI CLIMATE NORMALS FOR TODAY
                         NORMAL
 MAXIMUM TEMPERATURE (F)   34
 MINIMUM TEMPERATURE (F)   21


SUNRISE AND SUNSET
FEBRUARY 10 2016......SUNRISE   749 AM EST   SUNSET   609 PM EST
FEBRUARY 11 2016......SUNRISE   748 AM EST   SUNSET   610 PM EST


-  INDICATES NEGATIVE NUMBERS.
R  INDICATES RECORD WAS SET OR TIED.
MM INDICATES DATA IS MISSING.
T  INDICATES TRACE AMOUNT.




$$

63
