000
CDUS43 KGRR 250529
CLIBIV


CLIMATE REPORT
NATIONAL WEATHER SERVICE GRAND RAPIDS, MI
127 AM EDT TUE JUL 25 2017


...................................

...THE HOLLAND/TULIP CITY MI CLIMATE SUMMARY FOR JULY 24 2017...

CLIMATE NORMAL PERIOD 1981 TO 2010
CLIMATE RECORD PERIOD 1996 TO 2017


WEATHER ITEM   OBSERVED TIME   NORMAL DEPARTURE LAST
                VALUE   (LST)  VALUE  FROM      YEAR
                                      NORMAL
......................................................
TEMPERATURE (F)
 YESTERDAY
  MAXIMUM         79    340 PM  82     -3       91
  MINIMUM         59   1159 PM  63     -4       69
  AVERAGE         69            72     -3       80

PRECIPITATION (IN)
  YESTERDAY        0.00          0.08  -0.08    MM
  MONTH TO DATE    3.27          2.21   1.06     1.17
  SINCE JUN 1      6.58          6.43   0.15     3.45
  SINCE JAN 1     21.75         19.02   2.73    16.58

DEGREE DAYS
 HEATING
  YESTERDAY        0             0      0        0
  MONTH TO DATE    1             0      1        7
  SINCE JUN 1     21            48    -27       43
  SINCE JUL 1      1             0      1        7

 COOLING
  YESTERDAY        4             8     -4       15
  MONTH TO DATE  158           186    -28      190
  SINCE JUN 1    311           332    -21      322
  SINCE JAN 1    342           374    -32      381
......................................................


WIND (MPH)
  RESULTANT WIND SPEED   3   RESULTANT WIND DIRECTION   N (20)
  HIGHEST WIND SPEED    13   HIGHEST WIND DIRECTION    NE (30)
  HIGHEST GUST SPEED    20   HIGHEST GUST DIRECTION    NE (30)
  AVERAGE WIND SPEED     5.3


SKY COVER
  AVERAGE SKY COVER 0.4


WEATHER CONDITIONS
 THE FOLLOWING WEATHER WAS RECORDED YESTERDAY.
  NO SIGNIFICANT WEATHER WAS OBSERVED.


RELATIVE HUMIDITY (PERCENT)
 HIGHEST    93           400 AM
 LOWEST     47           100 PM
 AVERAGE    70

..........................................................


THE HOLLAND/TULIP CITY MI CLIMATE NORMALS FOR TODAY
                         NORMAL
 MAXIMUM TEMPERATURE (F)   82
 MINIMUM TEMPERATURE (F)   63


SUNRISE AND SUNSET
JULY 25 2017..........SUNRISE   629 AM EDT   SUNSET   913 PM EDT
JULY 26 2017..........SUNRISE   630 AM EDT   SUNSET   912 PM EDT


-  INDICATES NEGATIVE NUMBERS.
R  INDICATES RECORD WAS SET OR TIED.
MM INDICATES DATA IS MISSING.
T  INDICATES TRACE AMOUNT.




$$
