000
CDUS46 KBOI 070930
CLIBKE


CLIMATE REPORT
NATIONAL WEATHER SERVICE BOISE ID
330 AM MDT TUE JUL 7 2015


...................................

...THE BAKER OR CLIMATE SUMMARY FOR JULY 6 2015...

CLIMATE NORMAL PERIOD 1981 TO 2010
CLIMATE RECORD PERIOD 1948 TO 2015


WEATHER ITEM   OBSERVED TIME   RECORD YEAR NORMAL DEPARTURE LAST
                VALUE   (LST)  VALUE       VALUE  FROM      YEAR
                                                  NORMAL
..................................................................
TEMPERATURE (F)
 YESTERDAY
  MAXIMUM         92    334 PM  99    1985  81     11       88
  MINIMUM         48    431 AM  35    1986  45      3       47
  AVERAGE         70                        63      7       68

PRECIPITATION (IN)
  YESTERDAY        0.00          0.57 2006   0.02  -0.02     0.00
  MONTH TO DATE    0.00                      0.15  -0.15      T
  SINCE OCT 1      6.74                      8.37  -1.63     6.04
  SINCE JAN 1      4.54                      5.86  -1.32     4.87

DEGREE DAYS
 HEATING
  YESTERDAY        0                         3     -3        0
  MONTH TO DATE    0                        23    -23        0
  SINCE JUN 1     84                       249   -165      233
  SINCE JUL 1      0                        23    -23        0

 COOLING
  YESTERDAY        5                         2      3        3
  MONTH TO DATE   40                         8     32       24
  SINCE JUN 1    108                        24     84       24
  SINCE JAN 1    109                        26     83       24
..................................................................


WIND (MPH)
  RESULTANT WIND SPEED   2   RESULTANT WIND DIRECTION  NW (300)
  HIGHEST WIND SPEED    15   HIGHEST WIND DIRECTION    NW (330)
  HIGHEST GUST SPEED    20   HIGHEST GUST DIRECTION    NW (310)
  AVERAGE WIND SPEED     5.1


SKY COVER
  AVERAGE SKY COVER 0.0


WEATHER CONDITIONS
 THE FOLLOWING WEATHER WAS RECORDED YESTERDAY.
  HAZE


RELATIVE HUMIDITY (PERCENT)
 HIGHEST    83           200 AM
 LOWEST     17           500 PM
 AVERAGE    50

..........................................................


THE BAKER OR CLIMATE NORMALS FOR TODAY
                         NORMAL    RECORD    YEAR
 MAXIMUM TEMPERATURE (F)   82        98      1985
 MINIMUM TEMPERATURE (F)   45        32      1977


SUNRISE AND SUNSET
JULY  7 2015..........SUNRISE   513 AM PDT   SUNSET   839 PM PDT
JULY  8 2015..........SUNRISE   513 AM PDT   SUNSET   839 PM PDT


-  INDICATES NEGATIVE NUMBERS.
R  INDICATES RECORD WAS SET OR TIED.
MM INDICATES DATA IS MISSING.
T  INDICATES TRACE AMOUNT.




$$
