000
CDUS46 KBOI 250947
CLIBKE


CLIMATE REPORT
NATIONAL WEATHER SERVICE BOISE ID
347 AM MDT THU MAY 25 2017


...................................

...THE BAKER OR CLIMATE SUMMARY FOR MAY 24 2017...

CLIMATE NORMAL PERIOD 1981 TO 2010
CLIMATE RECORD PERIOD 1928 TO 2017


WEATHER ITEM   OBSERVED TIME   RECORD YEAR NORMAL DEPARTURE LAST
                VALUE   (LST)  VALUE       VALUE  FROM      YEAR
                                                  NORMAL
..................................................................
TEMPERATURE (F)
 YESTERDAY
  MAXIMUM         62   1205 PM  91    2003  68     -6       64
  MINIMUM         38   1122 PM  28    2002  38      0       34
                                      1950
  AVERAGE         50                        53     -3       49

PRECIPITATION (IN)
  YESTERDAY        0.00          1.03 1973   0.05  -0.05     0.00
  MONTH TO DATE    0.33                      1.11  -0.78     1.07
  SINCE OCT 1      6.48                      6.67  -0.19     4.88
  SINCE JAN 1      3.74                      4.16  -0.42     2.34

DEGREE DAYS
 HEATING
  YESTERDAY       15                        12      3       16
  MONTH TO DATE  380                       356     24      294
  SINCE MAR 1   1800                      1849    -49     1559
  SINCE JUL 1   7628                      7369    259     6603

 COOLING
  YESTERDAY        0                         0      0        0
  MONTH TO DATE    0                         0      0        0
  SINCE MAR 1      0                         0      0        0
  SINCE JAN 1      0                         0      0        0
..................................................................


WIND (MPH)
  RESULTANT WIND SPEED  14   RESULTANT WIND DIRECTION  NW (330)
  HIGHEST WIND SPEED    33   HIGHEST WIND DIRECTION     N (340)
  HIGHEST GUST SPEED    39   HIGHEST GUST DIRECTION    NW (330)
  AVERAGE WIND SPEED    15.5


SKY COVER
  AVERAGE SKY COVER 0.0


WEATHER CONDITIONS
 THE FOLLOWING WEATHER WAS RECORDED YESTERDAY.
  NO SIGNIFICANT WEATHER WAS OBSERVED.


RELATIVE HUMIDITY (PERCENT)
 HIGHEST    73          1100 PM
 LOWEST     27          1200 PM
 AVERAGE    50

..........................................................


THE BAKER OR CLIMATE NORMALS FOR TODAY
                         NORMAL    RECORD    YEAR
 MAXIMUM TEMPERATURE (F)   68        90      1961
                                             1928
 MINIMUM TEMPERATURE (F)   39        25      1975


SUNRISE AND SUNSET
MAY 25 2017...........SUNRISE   513 AM PDT   SUNSET   824 PM PDT
MAY 26 2017...........SUNRISE   512 AM PDT   SUNSET   825 PM PDT


-  INDICATES NEGATIVE NUMBERS.
R  INDICATES RECORD WAS SET OR TIED.
MM INDICATES DATA IS MISSING.
T  INDICATES TRACE AMOUNT.




$$
