000
CDUS46 KBOI 200936
CLIBKE


CLIMATE REPORT
NATIONAL WEATHER SERVICE BOISE ID
336 AM MDT SAT SEP 20 2014


...................................

...THE BAKER OR CLIMATE SUMMARY FOR SEPTEMBER 19 2014...

CLIMATE NORMAL PERIOD 1981 TO 2010
CLIMATE RECORD PERIOD 1948 TO 2014


WEATHER ITEM   OBSERVED TIME   RECORD YEAR NORMAL DEPARTURE LAST
                VALUE   (LST)  VALUE       VALUE  FROM      YEAR
                                                  NORMAL
..................................................................
TEMPERATURE (F)
 YESTERDAY
  MAXIMUM         77    404 PM  90    1979  73      4       70
  MINIMUM         46    217 AM  22    1965  35     11       26
  AVERAGE         62                        54      8       48

PRECIPITATION (IN)
  YESTERDAY        0.00          0.70 1982   0.02  -0.02     0.00
  MONTH TO DATE    T                         0.37  -0.37     0.72
  SINCE OCT 1      6.79                      9.95  -3.16     9.05
  SINCE JAN 1      5.62                      7.44  -1.82     6.87

DEGREE DAYS
 HEATING
  YESTERDAY        3                        11     -8       17
  MONTH TO DATE  142                       148     -6       68
  SINCE SEP 1    142                       148     -6       68
  SINCE JUL 1    219                       299    -80      100

 COOLING
  YESTERDAY        0                         0      0        0
  MONTH TO DATE   11                         7      4       28
  SINCE SEP 1     11                         7      4       28
  SINCE JAN 1    246                       167     79      258
..................................................................


WIND (MPH)
  RESULTANT WIND SPEED   4   RESULTANT WIND DIRECTION   W (250)
  HIGHEST WIND SPEED    13   HIGHEST WIND DIRECTION    NW (320)
  HIGHEST GUST SPEED    17   HIGHEST GUST DIRECTION    NW (320)
  AVERAGE WIND SPEED     6.1


SKY COVER
  AVERAGE SKY COVER 0.2


WEATHER CONDITIONS
 THE FOLLOWING WEATHER WAS RECORDED YESTERDAY.
  NO SIGNIFICANT WEATHER WAS OBSERVED.


RELATIVE HUMIDITY (PERCENT)
 HIGHEST    93           300 AM
 LOWEST     31           300 PM
 AVERAGE    62

..........................................................


THE BAKER OR CLIMATE NORMALS FOR TODAY
                         NORMAL    RECORD    YEAR
 MAXIMUM TEMPERATURE (F)   73        90      1979
 MINIMUM TEMPERATURE (F)   35        21      1983


SUNRISE AND SUNSET
SEPTEMBER 20 2014.....SUNRISE   636 AM PDT   SUNSET   652 PM PDT
SEPTEMBER 21 2014.....SUNRISE   637 AM PDT   SUNSET   650 PM PDT


-  INDICATES NEGATIVE NUMBERS.
R  INDICATES RECORD WAS SET OR TIED.
MM INDICATES DATA IS MISSING.
T  INDICATES TRACE AMOUNT.




$$
