000
CDUS46 KBOI 290931
CLIBKE


CLIMATE REPORT
NATIONAL WEATHER SERVICE BOISE ID
331 AM MDT SAT AUG 29 2015


...................................

...THE BAKER OR CLIMATE SUMMARY FOR AUGUST 28 2015...

CLIMATE NORMAL PERIOD 1981 TO 2010
CLIMATE RECORD PERIOD 1948 TO 2015


WEATHER ITEM   OBSERVED TIME   RECORD YEAR NORMAL DEPARTURE LAST
                VALUE   (LST)  VALUE       VALUE  FROM      YEAR
                                                  NORMAL
..................................................................
TEMPERATURE (F)
 YESTERDAY
  MAXIMUM         80    314 PM  98    1998  81     -1       88
  MINIMUM         47    504 AM  28    1960  43      4       46
  AVERAGE         64                        62      2       67

PRECIPITATION (IN)
  YESTERDAY        0.00          0.32 1951   0.02  -0.02     0.00
  MONTH TO DATE    0.02                      0.63  -0.61     0.51
  SINCE OCT 1      9.48                      9.50  -0.02     6.60
  SINCE JAN 1      7.28                      6.99   0.29     5.43

DEGREE DAYS
 HEATING
  YESTERDAY        1                         4     -3        0
  MONTH TO DATE   39                        66    -27       46
  SINCE JUN 1    163                       362   -199      292
  SINCE JUL 1     79                       136    -57       59

 COOLING
  YESTERDAY        0                         1     -1        2
  MONTH TO DATE   68                        63      5       70
  SINCE JUN 1    219                       154     65      235
  SINCE JAN 1    220                       156     64      235
..................................................................


WIND (MPH)
  RESULTANT WIND SPEED   2   RESULTANT WIND DIRECTION   W (270)
  HIGHEST WIND SPEED    10   HIGHEST WIND DIRECTION    NW (300)
  HIGHEST GUST SPEED    13   HIGHEST GUST DIRECTION     W (270)
  AVERAGE WIND SPEED     2.7


SKY COVER
  AVERAGE SKY COVER 0.0


WEATHER CONDITIONS
 THE FOLLOWING WEATHER WAS RECORDED YESTERDAY.
  FOG
  HAZE


RELATIVE HUMIDITY (PERCENT)
 HIGHEST    86           500 AM
 LOWEST     30          1200 PM
 AVERAGE    58

..........................................................


THE BAKER OR CLIMATE NORMALS FOR TODAY
                         NORMAL    RECORD    YEAR
 MAXIMUM TEMPERATURE (F)   81        95      1999
 MINIMUM TEMPERATURE (F)   42        32      1980


SUNRISE AND SUNSET
AUGUST 29 2015........SUNRISE   610 AM PDT   SUNSET   734 PM PDT
AUGUST 30 2015........SUNRISE   611 AM PDT   SUNSET   732 PM PDT


-  INDICATES NEGATIVE NUMBERS.
R  INDICATES RECORD WAS SET OR TIED.
MM INDICATES DATA IS MISSING.
T  INDICATES TRACE AMOUNT.




$$
