871
CDUS46 KBOI 180931
CLIBKE


CLIMATE REPORT
NATIONAL WEATHER SERVICE BOISE ID
231 AM MST SAT NOV 18 2017


...................................

...THE BAKER OR CLIMATE SUMMARY FOR NOVEMBER 17 2017...

CLIMATE NORMAL PERIOD 1981 TO 2010
CLIMATE RECORD PERIOD 1928 TO 2017


WEATHER ITEM   OBSERVED TIME   RECORD YEAR NORMAL DEPARTURE LAST
                VALUE   (LST)  VALUE       VALUE  FROM      YEAR
                                                  NORMAL
..................................................................
TEMPERATURE (F)
 YESTERDAY
  MAXIMUM         47    234 PM  61    1932  43      4       41
  MINIMUM         21    534 AM  -3    2014  22     -1       21
  AVERAGE         34                        32      2       31

PRECIPITATION (IN)
  YESTERDAY        0.00          0.44 1979   0.03  -0.03     0.00
  MONTH TO DATE    0.26                      0.49  -0.23     0.33
  SINCE OCT 1      0.82                      1.12  -0.30     1.66
  SINCE JAN 1      6.56                      8.74  -2.18     5.36

DEGREE DAYS
 HEATING
  YESTERDAY       31                        33     -2       34
  MONTH TO DATE  436                       500    -64      356
  SINCE SEP 1   1294                      1428   -134     1239
  SINCE JUL 1   1306                      1579   -273     1385

 COOLING
  YESTERDAY        0                         0      0        0
  MONTH TO DATE    0                         0      0        0
  SINCE SEP 1     53                         9     44        0
  SINCE JAN 1    357                       169    188      132
..................................................................


WIND (MPH)
  RESULTANT WIND SPEED   2   RESULTANT WIND DIRECTION   W (290)
  HIGHEST WIND SPEED    21   HIGHEST WIND DIRECTION    NW (300)
  HIGHEST GUST SPEED    27   HIGHEST GUST DIRECTION    NW (300)
  AVERAGE WIND SPEED     5.6


SKY COVER
  AVERAGE SKY COVER 0.5


WEATHER CONDITIONS
 THE FOLLOWING WEATHER WAS RECORDED YESTERDAY.
  NO SIGNIFICANT WEATHER WAS OBSERVED.


RELATIVE HUMIDITY (PERCENT)
 HIGHEST    88           300 AM
 LOWEST     31           200 PM
 AVERAGE    60

..........................................................


THE BAKER OR CLIMATE NORMALS FOR TODAY
                         NORMAL    RECORD    YEAR
 MAXIMUM TEMPERATURE (F)   42        58      1936
 MINIMUM TEMPERATURE (F)   22        -3      2014


SUNRISE AND SUNSET
NOVEMBER 18 2017......SUNRISE   653 AM PST   SUNSET   420 PM PST
NOVEMBER 19 2017......SUNRISE   654 AM PST   SUNSET   419 PM PST


-  INDICATES NEGATIVE NUMBERS.
R  INDICATES RECORD WAS SET OR TIED.
MM INDICATES DATA IS MISSING.
T  INDICATES TRACE AMOUNT.




$$
