000
CDUS46 KBOI 230931
CLIBKE


CLIMATE REPORT
NATIONAL WEATHER SERVICE BOISE ID
331 AM MDT SAT JUL 23 2016


...................................

...THE BAKER OR CLIMATE SUMMARY FOR JULY 22 2016...

CLIMATE NORMAL PERIOD 1981 TO 2010
CLIMATE RECORD PERIOD 1948 TO 2016


WEATHER ITEM   OBSERVED TIME   RECORD YEAR NORMAL DEPARTURE LAST
                VALUE   (LST)  VALUE       VALUE  FROM      YEAR
                                                  NORMAL
..................................................................
TEMPERATURE (F)
 YESTERDAY
  MAXIMUM         80    346 PM 102    1980  86     -6       82
  MINIMUM         49   1159 PM  34    1965  47      2       50
  AVERAGE         65                        66     -1       66

PRECIPITATION (IN)
  YESTERDAY        0.00          0.61 1955   0.02  -0.02      T
  MONTH TO DATE    0.80                      0.49   0.31     2.72
  SINCE OCT 1      6.05                      8.71  -2.66     9.46
  SINCE JAN 1      3.51                      6.20  -2.69     7.26

DEGREE DAYS
 HEATING
  YESTERDAY        0                         1     -1        0
  MONTH TO DATE   81                        58     23       15
  SINCE JUN 1    273                       284    -11       99
  SINCE JUL 1     81                        58     23       15

 COOLING
  YESTERDAY        0                         3     -3        1
  MONTH TO DATE    3                        47    -44       68
  SINCE JUN 1     49                        63    -14      136
  SINCE JAN 1     49                        65    -16      137
..................................................................


WIND (MPH)
  RESULTANT WIND SPEED  11   RESULTANT WIND DIRECTION  NW (320)
  HIGHEST WIND SPEED    23   HIGHEST WIND DIRECTION    NW (320)
  HIGHEST GUST SPEED    32   HIGHEST GUST DIRECTION     N (350)
  AVERAGE WIND SPEED    12.4


SKY COVER
  AVERAGE SKY COVER 0.1


WEATHER CONDITIONS
 THE FOLLOWING WEATHER WAS RECORDED YESTERDAY.
  NO SIGNIFICANT WEATHER WAS OBSERVED.


RELATIVE HUMIDITY (PERCENT)
 HIGHEST    72           300 AM
 LOWEST     28           300 PM
 AVERAGE    50

..........................................................


THE BAKER OR CLIMATE NORMALS FOR TODAY
                         NORMAL    RECORD    YEAR
 MAXIMUM TEMPERATURE (F)   86       101      2006
 MINIMUM TEMPERATURE (F)   47        36      2011


SUNRISE AND SUNSET
JULY 23 2016..........SUNRISE   528 AM PDT   SUNSET   827 PM PDT
JULY 24 2016..........SUNRISE   529 AM PDT   SUNSET   826 PM PDT


-  INDICATES NEGATIVE NUMBERS.
R  INDICATES RECORD WAS SET OR TIED.
MM INDICATES DATA IS MISSING.
T  INDICATES TRACE AMOUNT.




$$
