000
CDUS46 KBOI 270931
CLIBKE


CLIMATE REPORT
NATIONAL WEATHER SERVICE BOISE ID
331 AM MDT MON JUL 27 2015


...................................

...THE BAKER OR CLIMATE SUMMARY FOR JULY 26 2015...

CLIMATE NORMAL PERIOD 1981 TO 2010
CLIMATE RECORD PERIOD 1948 TO 2015


WEATHER ITEM   OBSERVED TIME   RECORD YEAR NORMAL DEPARTURE LAST
                VALUE   (LST)  VALUE       VALUE  FROM      YEAR
                                                  NORMAL
..................................................................
TEMPERATURE (F)
 YESTERDAY
  MAXIMUM         74    237 PM  99    1996  87    -13       89
  MINIMUM         50    314 AM  37    1966  47      3       39
  AVERAGE         62                        67     -5       64

PRECIPITATION (IN)
  YESTERDAY        0.00          0.48 1984   0.02  -0.02     0.00
  MONTH TO DATE    2.72                      0.56   2.16     0.05
  SINCE OCT 1      9.46                      8.78   0.68     6.09
  SINCE JAN 1      7.26                      6.27   0.99     4.92

DEGREE DAYS
 HEATING
  YESTERDAY        3                         1      2        1
  MONTH TO DATE   20                        62    -42       13
  SINCE JUN 1    104                       288   -184      246
  SINCE JUL 1     20                        62    -42       13

 COOLING
  YESTERDAY        0                         3     -3        0
  MONTH TO DATE   71                        59     12      122
  SINCE JUN 1    139                        75     64      122
  SINCE JAN 1    140                        77     63      122
..................................................................


WIND (MPH)
  RESULTANT WIND SPEED  11   RESULTANT WIND DIRECTION  NW (310)
  HIGHEST WIND SPEED    25   HIGHEST WIND DIRECTION    NW (330)
  HIGHEST GUST SPEED    31   HIGHEST GUST DIRECTION    NW (330)
  AVERAGE WIND SPEED    11.7


SKY COVER
  AVERAGE SKY COVER 0.2


WEATHER CONDITIONS
 THE FOLLOWING WEATHER WAS RECORDED YESTERDAY.
  NO SIGNIFICANT WEATHER WAS OBSERVED.


RELATIVE HUMIDITY (PERCENT)
 HIGHEST    83           200 AM
 LOWEST     35           200 PM
 AVERAGE    59

..........................................................


THE BAKER OR CLIMATE NORMALS FOR TODAY
                         NORMAL    RECORD    YEAR
 MAXIMUM TEMPERATURE (F)   87       102      1999
 MINIMUM TEMPERATURE (F)   47        39      2005


SUNRISE AND SUNSET
JULY 27 2015..........SUNRISE   531 AM PDT   SUNSET   824 PM PDT
JULY 28 2015..........SUNRISE   532 AM PDT   SUNSET   822 PM PDT


-  INDICATES NEGATIVE NUMBERS.
R  INDICATES RECORD WAS SET OR TIED.
MM INDICATES DATA IS MISSING.
T  INDICATES TRACE AMOUNT.




$$
