000
CDUS46 KBOI 190932
CLIBKE


CLIMATE REPORT
NATIONAL WEATHER SERVICE BOISE ID
231 AM MST SUN FEB 19 2017


...................................

...THE BAKER OR CLIMATE SUMMARY FOR FEBRUARY 18 2017...

CLIMATE NORMAL PERIOD 1981 TO 2010
CLIMATE RECORD PERIOD 1948 TO 2017


WEATHER ITEM   OBSERVED TIME   RECORD YEAR NORMAL DEPARTURE LAST
                VALUE   (LST)  VALUE       VALUE  FROM      YEAR
                                                  NORMAL
..................................................................
TEMPERATURE (F)
 YESTERDAY
  MAXIMUM         46    408 PM  60    1977  41      5       49
  MINIMUM         33   1150 PM  -3    2006  19     14       35
  AVERAGE         40                        30     10       42

PRECIPITATION (IN)
  YESTERDAY        0.13          0.26 1986   0.02   0.11      T
  MONTH TO DATE    0.70                      0.37   0.33     0.21
  SINCE OCT 1      4.12                      3.68   0.44     3.14
  SINCE JAN 1      1.38                      1.17   0.21     0.60

DEGREE DAYS
 HEATING
  YESTERDAY       25                        35    -10       23
  MONTH TO DATE  577                       663    -86      582
  SINCE DEC 1   3731                      3149    582     2877
  SINCE JUL 1   5505                      5186    319     4728

 COOLING
  YESTERDAY        0                         0      0        0
  MONTH TO DATE    0                         0      0        0
  SINCE DEC 1      0                         0      0        0
  SINCE JAN 1      0                         0      0        0
..................................................................


WIND (MPH)
  RESULTANT WIND SPEED   7   RESULTANT WIND DIRECTION   E (110)
  HIGHEST WIND SPEED    15   HIGHEST WIND DIRECTION    SE (140)
  HIGHEST GUST SPEED    21   HIGHEST GUST DIRECTION    SE (130)
  AVERAGE WIND SPEED     7.6


SKY COVER
  AVERAGE SKY COVER 0.9


WEATHER CONDITIONS
 THE FOLLOWING WEATHER WAS RECORDED YESTERDAY.
  LIGHT RAIN


RELATIVE HUMIDITY (PERCENT)
 HIGHEST   100          1000 PM
 LOWEST     71           400 PM
 AVERAGE    86

..........................................................


THE BAKER OR CLIMATE NORMALS FOR TODAY
                         NORMAL    RECORD    YEAR
 MAXIMUM TEMPERATURE (F)   41        60      1977
 MINIMUM TEMPERATURE (F)   20        -2      2006


SUNRISE AND SUNSET
FEBRUARY 19 2017......SUNRISE   645 AM PST   SUNSET   526 PM PST
FEBRUARY 20 2017......SUNRISE   643 AM PST   SUNSET   527 PM PST


-  INDICATES NEGATIVE NUMBERS.
R  INDICATES RECORD WAS SET OR TIED.
MM INDICATES DATA IS MISSING.
T  INDICATES TRACE AMOUNT.




$$
