000
CDUS46 KBOI 220931
CLIBKE


CLIMATE REPORT
NATIONAL WEATHER SERVICE BOISE ID
231 AM MST MON JAN 22 2018


...................................

...THE BAKER OR CLIMATE SUMMARY FOR JANUARY 21 2018...

CLIMATE NORMAL PERIOD 1981 TO 2010
CLIMATE RECORD PERIOD 1928 TO 2018


WEATHER ITEM   OBSERVED TIME   RECORD YEAR NORMAL DEPARTURE LAST
                VALUE   (LST)  VALUE       VALUE  FROM      YEAR
                                                  NORMAL
..................................................................
TEMPERATURE (F)
 YESTERDAY
  MAXIMUM         37   1229 PM  49    1981  34      3       35
                                      1972
  MINIMUM         21    532 AM -23    1962  17      4       24
  AVERAGE         29                        25      4       30

PRECIPITATION (IN)
  YESTERDAY        T             0.45 1943   0.03  -0.03      T
  MONTH TO DATE    0.65                      0.58   0.07     0.47
  SINCE OCT 1      1.91                      3.09  -1.18     3.21
  SINCE JAN 1      0.65                      0.58   0.07     0.47

DEGREE DAYS
 HEATING
  YESTERDAY       36                        40     -4       35
  MONTH TO DATE  630                       849   -219     1144
  SINCE DEC 1   1869                      2097   -228     2697
  SINCE JUL 1   3499                      4134   -635     4471

 COOLING
  YESTERDAY        0                         0      0        0
  MONTH TO DATE    0                         0      0        0
  SINCE DEC 1      0                         0      0        0
  SINCE JAN 1      0                         0      0        0
..................................................................


WIND (MPH)
  RESULTANT WIND SPEED  10   RESULTANT WIND DIRECTION   E (100)
  HIGHEST WIND SPEED    25   HIGHEST WIND DIRECTION     E (100)
  HIGHEST GUST SPEED    32   HIGHEST GUST DIRECTION     E (100)
  AVERAGE WIND SPEED    11.7


SKY COVER
  AVERAGE SKY COVER 0.5


WEATHER CONDITIONS
 THE FOLLOWING WEATHER WAS RECORDED YESTERDAY.
  LIGHT SNOW
  FOG


RELATIVE HUMIDITY (PERCENT)
 HIGHEST    89           800 PM
 LOWEST     59           100 PM
 AVERAGE    74

..........................................................


THE BAKER OR CLIMATE NORMALS FOR TODAY
                         NORMAL    RECORD    YEAR
 MAXIMUM TEMPERATURE (F)   34        53      1934
 MINIMUM TEMPERATURE (F)   17       -28      1962


SUNRISE AND SUNSET
JANUARY 22 2018.......SUNRISE   720 AM PST   SUNSET   446 PM PST
JANUARY 23 2018.......SUNRISE   720 AM PST   SUNSET   447 PM PST


-  INDICATES NEGATIVE NUMBERS.
R  INDICATES RECORD WAS SET OR TIED.
MM INDICATES DATA IS MISSING.
T  INDICATES TRACE AMOUNT.




$$
