010
CDUS46 KBOI 310933
CLIBKE


CLIMATE REPORT
NATIONAL WEATHER SERVICE BOISE ID
333 AM MDT TUE MAY 31 2016


...................................

...THE BAKER OR CLIMATE SUMMARY FOR MAY 30 2016...

CLIMATE NORMAL PERIOD 1981 TO 2010
CLIMATE RECORD PERIOD 1948 TO 2016


WEATHER ITEM   OBSERVED TIME   RECORD YEAR NORMAL DEPARTURE LAST
                VALUE   (LST)  VALUE       VALUE  FROM      YEAR
                                                  NORMAL
..................................................................
TEMPERATURE (F)
 YESTERDAY
  MAXIMUM         71    346 PM  94    1986  69      2       75
  MINIMUM         41    446 AM  28    2010  40      1       55
  AVERAGE         56                        54      2       65

PRECIPITATION (IN)
  YESTERDAY        0.00          1.23 2003   0.06  -0.06     0.09
  MONTH TO DATE    1.07                      1.43  -0.36     1.98
  SINCE OCT 1      4.88                      6.99  -2.11     6.42
  SINCE JAN 1      2.34                      4.48  -2.14     4.22

DEGREE DAYS
 HEATING
  YESTERDAY        9                        11     -2        0
  MONTH TO DATE  365                       424    -59      336
  SINCE MAR 1   1630                      1917   -287     1702
  SINCE JUL 1   6674                      7437   -763     6378

 COOLING
  YESTERDAY        0                         0      0        0
  MONTH TO DATE    0                         0      0        0
  SINCE MAR 1      0                         0      0        0
  SINCE JAN 1      0                         0      0        0
..................................................................


WIND (MPH)
  RESULTANT WIND SPEED  10   RESULTANT WIND DIRECTION  NW (310)
  HIGHEST WIND SPEED    20   HIGHEST WIND DIRECTION    NW (330)
  HIGHEST GUST SPEED    26   HIGHEST GUST DIRECTION    NW (320)
  AVERAGE WIND SPEED    10.0


SKY COVER
  AVERAGE SKY COVER 0.0


WEATHER CONDITIONS
 THE FOLLOWING WEATHER WAS RECORDED YESTERDAY.
  NO SIGNIFICANT WEATHER WAS OBSERVED.


RELATIVE HUMIDITY (PERCENT)
 HIGHEST    76           300 AM
 LOWEST     24           300 PM
 AVERAGE    50

..........................................................


THE BAKER OR CLIMATE NORMALS FOR TODAY
                         NORMAL    RECORD    YEAR
 MAXIMUM TEMPERATURE (F)   70        91      1986
 MINIMUM TEMPERATURE (F)   40        28      1955


SUNRISE AND SUNSET
MAY 31 2016...........SUNRISE   509 AM PDT   SUNSET   830 PM PDT
JUNE  1 2016..........SUNRISE   508 AM PDT   SUNSET   831 PM PDT


-  INDICATES NEGATIVE NUMBERS.
R  INDICATES RECORD WAS SET OR TIED.
MM INDICATES DATA IS MISSING.
T  INDICATES TRACE AMOUNT.




$$
