000
CDUS41 KRLX 070717
CLIBKW


CLIMATE REPORT
NATIONAL WEATHER SERVICE CHARLESTON WV
316 AM EDT TUE JUL 7 2015


...................................

...THE BECKLEY WV CLIMATE SUMMARY FOR JULY 6 2015...

CLIMATE NORMAL PERIOD 1981 TO 2010
CLIMATE RECORD PERIOD 1963 TO 2015


WEATHER ITEM   OBSERVED TIME   RECORD YEAR NORMAL DEPARTURE LAST
                VALUE   (LST)  VALUE       VALUE  FROM      YEAR
                                                  NORMAL
..................................................................
TEMPERATURE (F)
 YESTERDAY
  MAXIMUM         73    351 PM  94    1900  80     -7       80
  MINIMUM         63   1035 PM  41    1951  61      2       56
  AVERAGE         68                        71     -3       68

PRECIPITATION (IN)
  YESTERDAY        T             2.50 1910   0.15  -0.15     0.00
  MONTH TO DATE    3.82                      0.90   2.92     0.08
  SINCE JAN 1     29.13                     22.06   7.07    18.06

SNOWFALL (IN)
  YESTERDAY        0.0
  MONTH TO DATE    0.0
  SINCE SEP 1     66.2
  SNOW DEPTH       0

DEGREE DAYS
 HEATING
  YESTERDAY        0                         0      0        0
  MONTH TO DATE    0                         0      0        3
  SINCE JUN 1     10                        39    -29       15
  SINCE JUL 1      0                         0      0        3

 COOLING
  YESTERDAY        3                         6     -3        3
  MONTH TO DATE   16                        36    -20       30
  SINCE JUN 1    204                       147     57      201
  SINCE JAN 1    310                       188    122      276
..................................................................


WIND (MPH)
  HIGHEST WIND SPEED    15   HIGHEST WIND DIRECTION     W (260)
  HIGHEST GUST SPEED    19   HIGHEST GUST DIRECTION     W (260)
  AVERAGE WIND SPEED     5.8


SKY COVER
  POSSIBLE SUNSHINE  MM
  AVERAGE SKY COVER 0.7


WEATHER CONDITIONS
 THE FOLLOWING WEATHER WAS RECORDED YESTERDAY.
  FOG


RELATIVE HUMIDITY (PERCENT)
 HIGHEST    93           200 AM
 LOWEST     73           300 PM
 AVERAGE    83

..........................................................


THE BECKLEY WV CLIMATE NORMALS FOR TODAY
                         NORMAL    RECORD    YEAR
 MAXIMUM TEMPERATURE (F)   80        92      2012
                                             1900
 MINIMUM TEMPERATURE (F)   61        41      1972


SUNRISE AND SUNSET
JULY  7 2015..........SUNRISE   609 AM EDT   SUNSET   849 PM EDT
JULY  8 2015..........SUNRISE   610 AM EDT   SUNSET   849 PM EDT


-  INDICATES NEGATIVE NUMBERS.
R  INDICATES RECORD WAS SET OR TIED.
MM INDICATES DATA IS MISSING.
T  INDICATES TRACE AMOUNT.




$$
