890
CDUS41 KRLX 240815
CLIBKW


CLIMATE REPORT
NATIONAL WEATHER SERVICE CHARLESTON WV
315 AM EST FRI NOV 24 2017


...................................

...THE BECKLEY WV CLIMATE SUMMARY FOR NOVEMBER 23 2017...

CLIMATE NORMAL PERIOD 1981 TO 2010
CLIMATE RECORD PERIOD 1963 TO 2017


WEATHER ITEM   OBSERVED TIME   RECORD YEAR NORMAL DEPARTURE LAST
                VALUE   (LST)  VALUE       VALUE  FROM      YEAR
                                                  NORMAL
..................................................................
TEMPERATURE (F)
 YESTERDAY
  MAXIMUM         48    258 PM  72    1931  50     -2       56
  MINIMUM         18    558 AM  -1    1937  33    -15       32
  AVERAGE         33                        41     -8       44

PRECIPITATION (IN)
  YESTERDAY        0.00          1.21 1907   0.10  -0.10      T
  MONTH TO DATE    1.36                      2.25  -0.89     0.81
  SINCE JAN 1     41.10                     37.49   3.61    41.22

SNOWFALL (IN)
  YESTERDAY        0.0           3.0  1957   0.1   -0.1      0.0
  MONTH TO DATE    T                         1.5   -1.5      0.2
  SINCE SEP 1      T                         1.9   -1.9      0.2
  SNOW DEPTH       0

DEGREE DAYS
 HEATING
  YESTERDAY       32                        24      8       21
  MONTH TO DATE  462                       456      6      404
  SINCE SEP 1    831                       941   -110      649
  SINCE JUL 1    848                       962   -114      649

 COOLING
  YESTERDAY        0                         0      0        0
  MONTH TO DATE    0                         0      0        1
  SINCE SEP 1     81                        63     18      143
  SINCE JAN 1    594                       556     38      844
..................................................................


WIND (MPH)
  HIGHEST WIND SPEED     9   HIGHEST WIND DIRECTION    NW (300)
  HIGHEST GUST SPEED    12   HIGHEST GUST DIRECTION    NW (310)
  AVERAGE WIND SPEED     2.0


SKY COVER
  POSSIBLE SUNSHINE  MM
  AVERAGE SKY COVER 0.0


WEATHER CONDITIONS
 THE FOLLOWING WEATHER WAS RECORDED YESTERDAY.
  NO SIGNIFICANT WEATHER WAS OBSERVED.


RELATIVE HUMIDITY (PERCENT)
 HIGHEST    92           100 AM
 LOWEST     23           200 PM
 AVERAGE    58

..........................................................


THE BECKLEY WV CLIMATE NORMALS FOR TODAY
                         NORMAL    RECORD    YEAR
 MAXIMUM TEMPERATURE (F)   49        73      1973
 MINIMUM TEMPERATURE (F)   32         5      1970
                                             1956


SUNRISE AND SUNSET
NOVEMBER 24 2017......SUNRISE   714 AM EST   SUNSET   508 PM EST
NOVEMBER 25 2017......SUNRISE   715 AM EST   SUNSET   507 PM EST


-  INDICATES NEGATIVE NUMBERS.
R  INDICATES RECORD WAS SET OR TIED.
MM INDICATES DATA IS MISSING.
T  INDICATES TRACE AMOUNT.




$$
