000
CDUS41 KRLX 240736
CLIBKW


CLIMATE REPORT
NATIONAL WEATHER SERVICE CHARLESTON WV
327 AM EDT SUN MAY 24 2015


...................................

...THE BECKLEY WV CLIMATE SUMMARY FOR MAY 23 2015...

CLIMATE NORMAL PERIOD 1981 TO 2010
CLIMATE RECORD PERIOD 1963 TO 2015


WEATHER ITEM   OBSERVED TIME   RECORD YEAR NORMAL DEPARTURE LAST
                VALUE   (LST)  VALUE       VALUE  FROM      YEAR
                                                  NORMAL
..................................................................
TEMPERATURE (F)
 YESTERDAY
  MAXIMUM         74    456 PM  88    1902  72      2       71
  MINIMUM         45    543 AM  30    1907  51     -6       53
  AVERAGE         60                        61     -1       62

PRECIPITATION (IN)
  YESTERDAY        0.00          2.10 1927   0.15  -0.15     0.00
  MONTH TO DATE    0.91                      3.42  -2.51     3.84
  SINCE JAN 1     19.71                     15.92   3.79    14.09

SNOWFALL (IN)
  YESTERDAY        0.0
  MONTH TO DATE    0.0
  SINCE SEP 1     66.2
  SNOW DEPTH       0

DEGREE DAYS
 HEATING
  YESTERDAY        5                         5      0        3
  MONTH TO DATE   88                       160    -72       94
  SINCE MAR 1   1111                      1268   -157     1212
  SINCE JUL 1   5444                      5269    175     5420

 COOLING
  YESTERDAY        0                         1     -1        0
  MONTH TO DATE   53                        17     36       49
  SINCE MAR 1     56                        27     29       54
  SINCE JAN 1     56                        27     29       54
..................................................................


WIND (MPH)
  HIGHEST WIND SPEED    13   HIGHEST WIND DIRECTION     W (260)
  HIGHEST GUST SPEED    18   HIGHEST GUST DIRECTION     W (290)
  AVERAGE WIND SPEED     4.7


SKY COVER
  POSSIBLE SUNSHINE  MM
  AVERAGE SKY COVER 0.1


WEATHER CONDITIONS
 THE FOLLOWING WEATHER WAS RECORDED YESTERDAY.
  NO SIGNIFICANT WEATHER WAS OBSERVED.


RELATIVE HUMIDITY (PERCENT)
 HIGHEST    82           600 AM
 LOWEST     27           500 PM
 AVERAGE    55

..........................................................


THE BECKLEY WV CLIMATE NORMALS FOR TODAY
                         NORMAL    RECORD    YEAR
 MAXIMUM TEMPERATURE (F)   72        90      1939
 MINIMUM TEMPERATURE (F)   51        31      1961


SUNRISE AND SUNSET
MAY 24 2015...........SUNRISE   608 AM EDT   SUNSET   835 PM EDT
MAY 25 2015...........SUNRISE   608 AM EDT   SUNSET   836 PM EDT


-  INDICATES NEGATIVE NUMBERS.
R  INDICATES RECORD WAS SET OR TIED.
MM INDICATES DATA IS MISSING.
T  INDICATES TRACE AMOUNT.




$$
