000
CDUS41 KRLX 310739
CLIBKW


CLIMATE REPORT
NATIONAL WEATHER SERVICE CHARLESTON WV
335 AM EDT THU JUL 31 2014


...................................

...THE BECKLEY WV CLIMATE SUMMARY FOR JULY 30 2014...

CLIMATE NORMAL PERIOD 1981 TO 2010
CLIMATE RECORD PERIOD 1963 TO 2014


WEATHER ITEM   OBSERVED TIME   RECORD YEAR NORMAL DEPARTURE LAST
                VALUE   (LST)  VALUE       VALUE  FROM      YEAR
                                                  NORMAL
..................................................................
TEMPERATURE (F)
 YESTERDAY
  MAXIMUM         73    304 PM  92    1931  80     -7       78
                                      1917
  MINIMUM         49    518 AM  47    1932  61    -12       51
  AVERAGE         61                        70     -9       65

PRECIPITATION (IN)
  YESTERDAY        0.00          1.59 1982   0.17  -0.17     0.00
  MONTH TO DATE    2.50                      4.86  -2.36     4.45
  SINCE JAN 1     20.48                     26.02  -5.54    24.65

SNOWFALL (IN)
  YESTERDAY        0.0
  MONTH TO DATE    0.0
  SINCE SEP 1     76.3
  SNOW DEPTH       0

DEGREE DAYS
 HEATING
  YESTERDAY        4                         0      4        0
  MONTH TO DATE   22                         0     22        3
  SINCE JUN 1     34                        39     -5       10
  SINCE JUL 1     22                         0     22        3

 COOLING
  YESTERDAY        0                         6     -6        0
  MONTH TO DATE  150                       180    -30      205
  SINCE JUN 1    321                       291     30      330
  SINCE JAN 1    396                       332     64      397
..................................................................


WIND (MPH)
  HIGHEST WIND SPEED    12   HIGHEST WIND DIRECTION    SW (220)
  HIGHEST GUST SPEED    15   HIGHEST GUST DIRECTION     W (260)
  AVERAGE WIND SPEED     2.8


SKY COVER
  POSSIBLE SUNSHINE  MM
  AVERAGE SKY COVER 0.2


WEATHER CONDITIONS
 THE FOLLOWING WEATHER WAS RECORDED YESTERDAY.
  FOG


RELATIVE HUMIDITY (PERCENT)
 HIGHEST    93           500 AM
 LOWEST     49           300 PM
 AVERAGE    71

..........................................................


THE BECKLEY WV CLIMATE NORMALS FOR TODAY
                         NORMAL    RECORD    YEAR
 MAXIMUM TEMPERATURE (F)   80        93      1926
 MINIMUM TEMPERATURE (F)   61        45      1936


SUNRISE AND SUNSET
JULY 31 2014..........SUNRISE   627 AM EDT   SUNSET   834 PM EDT
AUGUST  1 2014........SUNRISE   628 AM EDT   SUNSET   833 PM EDT


-  INDICATES NEGATIVE NUMBERS.
R  INDICATES RECORD WAS SET OR TIED.
MM INDICATES DATA IS MISSING.
T  INDICATES TRACE AMOUNT.




$$
