000
CDUS41 KRLX 280816
CLIBKW


CLIMATE REPORT
NATIONAL WEATHER SERVICE CHARLESTON WV
316 AM EST TUE FEB 28 2017


...................................

...THE BECKLEY WV CLIMATE SUMMARY FOR FEBRUARY 27 2017...

CLIMATE NORMAL PERIOD 1981 TO 2010
CLIMATE RECORD PERIOD 1963 TO 2017


WEATHER ITEM   OBSERVED TIME   RECORD YEAR NORMAL DEPARTURE LAST
                VALUE   (LST)  VALUE       VALUE  FROM      YEAR
                                                  NORMAL
..................................................................
TEMPERATURE (F)
 YESTERDAY
  MAXIMUM         51    328 PM  75    1917  46      5       42
  MINIMUM         34    707 AM  -8    1963  28      6       26
  AVERAGE         43                        37      6       34

PRECIPITATION (IN)
  YESTERDAY        T             1.44 1902   0.10  -0.10     0.00
  MONTH TO DATE    1.28                      2.65  -1.37     3.37
  SINCE JAN 1      5.99                      5.46   0.53     5.79

SNOWFALL (IN)
  YESTERDAY        0.0
  MONTH TO DATE    0.5
  SINCE SEP 1     18.8
  SNOW DEPTH       0

DEGREE DAYS
 HEATING
  YESTERDAY       22                        28     -6       31
  MONTH TO DATE  607                       829   -222      842
  SINCE DEC 1   2346                      2833   -487     2479
  SINCE JUL 1   3121                      3973   -852     3338

 COOLING
  YESTERDAY        0                         0      0        0
  MONTH TO DATE    0                         0      0        0
  SINCE DEC 1      0                         0      0        0
  SINCE JAN 1      0                         0      0        0
..................................................................


WIND (MPH)
  HIGHEST WIND SPEED    14   HIGHEST WIND DIRECTION     S (160)
  HIGHEST GUST SPEED    19   HIGHEST GUST DIRECTION    SE (150)
  AVERAGE WIND SPEED     6.6


SKY COVER
  POSSIBLE SUNSHINE  MM
  AVERAGE SKY COVER 0.9


WEATHER CONDITIONS
 THE FOLLOWING WEATHER WAS RECORDED YESTERDAY.
  LIGHT RAIN


RELATIVE HUMIDITY (PERCENT)
 HIGHEST    56           600 AM
 LOWEST     30           400 AM
 AVERAGE    43

..........................................................


THE BECKLEY WV CLIMATE NORMALS FOR TODAY
                         NORMAL    RECORD    YEAR
 MAXIMUM TEMPERATURE (F)   46        69      1918
 MINIMUM TEMPERATURE (F)   28        -8      1934


SUNRISE AND SUNSET
FEBRUARY 28 2017......SUNRISE   657 AM EST   SUNSET   617 PM EST
MARCH  1 2017.........SUNRISE   656 AM EST   SUNSET   618 PM EST


-  INDICATES NEGATIVE NUMBERS.
R  INDICATES RECORD WAS SET OR TIED.
MM INDICATES DATA IS MISSING.
T  INDICATES TRACE AMOUNT.




$$
