000
CDUS41 KRLX 202216
CLIBKW


CLIMATE REPORT
NATIONAL WEATHER SERVICE CHARLESTON WV
516 PM EST SAT DEC 20 2014


...................................

...THE BECKLEY WV CLIMATE SUMMARY FOR DECEMBER 20 2014...
VALID TODAY AS OF 0500 PM LOCAL TIME.

CLIMATE NORMAL PERIOD 1981 TO 2010
CLIMATE RECORD PERIOD 1963 TO 2014


WEATHER ITEM   OBSERVED TIME   RECORD YEAR NORMAL DEPARTURE LAST
                VALUE   (LST)  VALUE       VALUE  FROM      YEAR
                                                  NORMAL
..................................................................
TEMPERATURE (F)
 TODAY
  MAXIMUM         36    359 PM  63    1967  41     -5       61
                                      1949
  MINIMUM         23    159 AM  -5    2004  25     -2       38
  AVERAGE         30                        33     -3       50

PRECIPITATION (IN)
  TODAY            T             0.80 1939   0.09  -0.09      T
  MONTH TO DATE    1.88                      1.96  -0.08     3.68
  SINCE DEC 1      1.88                      1.96  -0.08     3.68
  SINCE JAN 1     36.10                     40.15  -4.05    40.16

DEGREE DAYS
 HEATING
  TODAY           35                        32      3       15
  MONTH TO DATE  559                       592    -33      551
  SINCE DEC 1    559                       592    -33      551
  SINCE JUL 1   1800                      1732     68     1733

 COOLING
  TODAY            0                         0      0        0
  MONTH TO DATE    0                         0      0        0
  SINCE DEC 1      0                         0      0        0
  SINCE JAN 1    602                       557     45      615
..................................................................


WIND (MPH)
  HIGHEST WIND SPEED     8   HIGHEST WIND DIRECTION    SE (150)
  HIGHEST GUST SPEED    11   HIGHEST GUST DIRECTION    SE (140)
  AVERAGE WIND SPEED     2.4


SKY COVER
  POSSIBLE SUNSHINE  MM
  AVERAGE SKY COVER 0.8


WEATHER CONDITIONS
 THE FOLLOWING WEATHER WAS RECORDED TODAY.
  LIGHT SNOW
  FOG
  HAZE


RELATIVE HUMIDITY (PERCENT)
 HIGHEST    88           200 AM
 LOWEST     70           100 PM
 AVERAGE    79

..........................................................


THE BECKLEY WV CLIMATE NORMALS FOR TOMORROW
                         NORMAL    RECORD    YEAR
 MAXIMUM TEMPERATURE (F)   41        67      2013
 MINIMUM TEMPERATURE (F)   25        -7      1942


SUNRISE AND SUNSET
DECEMBER 20 2014......SUNRISE   736 AM EST   SUNSET   509 PM EST
DECEMBER 21 2014......SUNRISE   736 AM EST   SUNSET   509 PM EST


-  INDICATES NEGATIVE NUMBERS.
R  INDICATES RECORD WAS SET OR TIED.
MM INDICATES DATA IS MISSING.
T  INDICATES TRACE AMOUNT.




$$
