000
CDUS41 KRLX 250819
CLIBKW


CLIMATE REPORT
NATIONAL WEATHER SERVICE CHARLESTON WV
317 AM EST SUN JAN 25 2015


...................................

...THE BECKLEY WV CLIMATE SUMMARY FOR JANUARY 24 2015...

CLIMATE NORMAL PERIOD 1981 TO 2010
CLIMATE RECORD PERIOD 1963 TO 2015


WEATHER ITEM   OBSERVED TIME   RECORD YEAR NORMAL DEPARTURE LAST
                VALUE   (LST)  VALUE       VALUE  FROM      YEAR
                                                  NORMAL
..................................................................
TEMPERATURE (F)
 YESTERDAY
  MAXIMUM         34    152 AM  70    1950  40     -6       19
                                      1943
                                      1909
  MINIMUM         28    129 PM -18    1963  23      5       -8
  AVERAGE         31                        31      0        6

PRECIPITATION (IN)
  YESTERDAY        0.06          1.00 1910   0.09  -0.03      T
  MONTH TO DATE    1.78                      2.18  -0.40     1.81
  SINCE JAN 1      1.78                      2.18  -0.40     1.81

SNOWFALL (IN)
  YESTERDAY        0.4
  MONTH TO DATE    6.6
  SINCE SEP 1     11.0
  SNOW DEPTH       T

DEGREE DAYS
 HEATING
  YESTERDAY       34                        34      0       59
  MONTH TO DATE  818                       816      2      913
  SINCE DEC 1   1670                      1769    -99     1769
  SINCE JUL 1   2911                      2909      2     2951

 COOLING
  YESTERDAY        0                         0      0        0
  MONTH TO DATE    0                         0      0        0
  SINCE DEC 1      0                         0      0        0
  SINCE JAN 1      0                         0      0        0
..................................................................


WIND (MPH)
  HIGHEST WIND SPEED    18   HIGHEST WIND DIRECTION     W (280)
  HIGHEST GUST SPEED    26   HIGHEST GUST DIRECTION     W (290)
  AVERAGE WIND SPEED     9.8


SKY COVER
  POSSIBLE SUNSHINE  MM
  AVERAGE SKY COVER 0.9


WEATHER CONDITIONS
 THE FOLLOWING WEATHER WAS RECORDED YESTERDAY.
  LIGHT RAIN
  LT FREEZING RAIN
  LIGHT SNOW
  FOG
  FOG W/VISIBILITY <= 1/4 MILE
  HAZE


RELATIVE HUMIDITY (PERCENT)
 HIGHEST    92           600 AM
 LOWEST     69           300 PM
 AVERAGE    81

..........................................................


THE BECKLEY WV CLIMATE NORMALS FOR TODAY
                         NORMAL    RECORD    YEAR
 MAXIMUM TEMPERATURE (F)   40        74      1950
 MINIMUM TEMPERATURE (F)   23       -15      1961


SUNRISE AND SUNSET
JANUARY 25 2015.......SUNRISE   734 AM EST   SUNSET   540 PM EST
JANUARY 26 2015.......SUNRISE   733 AM EST   SUNSET   541 PM EST


-  INDICATES NEGATIVE NUMBERS.
R  INDICATES RECORD WAS SET OR TIED.
MM INDICATES DATA IS MISSING.
T  INDICATES TRACE AMOUNT.




$$
