000
CDUS41 KRLX 262116
CLIBKW


CLIMATE REPORT
NATIONAL WEATHER SERVICE CHARLESTON WV
516 PM EDT FRI MAY 26 2017


...................................

...THE BECKLEY WV CLIMATE SUMMARY FOR MAY 26 2017...
VALID TODAY AS OF 0500 PM LOCAL TIME.

CLIMATE NORMAL PERIOD 1981 TO 2010
CLIMATE RECORD PERIOD 1963 TO 2017


WEATHER ITEM   OBSERVED TIME   RECORD YEAR NORMAL DEPARTURE LAST
                VALUE   (LST)  VALUE       VALUE  FROM      YEAR
                                                  NORMAL
..................................................................
TEMPERATURE (F)
 TODAY
  MAXIMUM         71    359 PM  90    1926  72     -1       75
  MINIMUM         54    701 AM  30    1934  52      2       61
                                      1897
  AVERAGE         63                        62      1       68

PRECIPITATION (IN)
  TODAY            0.01          1.88 1917   0.16  -0.15     0.07
  MONTH TO DATE    6.50                      3.89   2.61     6.59
  SINCE MAR 1     13.89                     10.82   3.07    11.25
  SINCE JAN 1     20.26                     16.39   3.87    17.11

DEGREE DAYS
 HEATING
  TODAY            2                         4     -2        0
  MONTH TO DATE  166                       174     -8      200
  SINCE MAR 1   1082                      1282   -200     1004
  SINCE JUL 1   4216                      5283  -1067     4379

 COOLING
  TODAY            0                         1     -1        3
  MONTH TO DATE   29                        20      9       10
  SINCE MAR 1     60                        30     30       18
  SINCE JAN 1     60                        30     30       18
..................................................................


WIND (MPH)
  HIGHEST WIND SPEED    20   HIGHEST WIND DIRECTION     W (290)
  HIGHEST GUST SPEED    28   HIGHEST GUST DIRECTION     W (280)
  AVERAGE WIND SPEED    13.6


SKY COVER
  POSSIBLE SUNSHINE  MM
  AVERAGE SKY COVER 0.6


WEATHER CONDITIONS
 THE FOLLOWING WEATHER WAS RECORDED TODAY.
  LIGHT RAIN
  FOG


RELATIVE HUMIDITY (PERCENT)
 HIGHEST    93           300 AM
 LOWEST     51           200 PM
 AVERAGE    72

..........................................................


THE BECKLEY WV CLIMATE NORMALS FOR TOMORROW
                         NORMAL    RECORD    YEAR
 MAXIMUM TEMPERATURE (F)   72        88      1919
 MINIMUM TEMPERATURE (F)   52        28      1897


SUNRISE AND SUNSET
MAY 26 2017...........SUNRISE   607 AM EDT   SUNSET   837 PM EDT
MAY 27 2017...........SUNRISE   606 AM EDT   SUNSET   837 PM EDT


-  INDICATES NEGATIVE NUMBERS.
R  INDICATES RECORD WAS SET OR TIED.
MM INDICATES DATA IS MISSING.
T  INDICATES TRACE AMOUNT.




$$
