000
CDUS41 KRLX 182117
CLIBKW


CLIMATE REPORT
NATIONAL WEATHER SERVICE CHARLESTON WV
515 PM EDT THU SEP 18 2014


...................................

...THE BECKLEY WV CLIMATE SUMMARY FOR SEPTEMBER 18 2014...
VALID TODAY AS OF 0500 PM LOCAL TIME.

CLIMATE NORMAL PERIOD 1981 TO 2010
CLIMATE RECORD PERIOD 1963 TO 2014


WEATHER ITEM   OBSERVED TIME   RECORD YEAR NORMAL DEPARTURE LAST
                VALUE   (LST)  VALUE       VALUE  FROM      YEAR
                                                  NORMAL
..................................................................
TEMPERATURE (F)
 TODAY
  MAXIMUM         71    327 PM  90    1931  72     -1       69
  MINIMUM         55    557 AM  29    1937  53      2       51
  AVERAGE         63                        62      1       60

PRECIPITATION (IN)
  TODAY            0.00          1.90 2012   0.11  -0.11      T
  MONTH TO DATE    2.08                      1.86   0.22     0.79
  SINCE SEP 1      2.08                      1.86   0.22     0.79
  SINCE JAN 1     26.58                     31.52  -4.94    30.76

DEGREE DAYS
 HEATING
  TODAY            2                         4     -2        5
  MONTH TO DATE   27                        41    -14       42
  SINCE SEP 1     27                        41    -14       42
  SINCE JUL 1     56                        62     -6       62

 COOLING
  TODAY            0                         1     -1        0
  MONTH TO DATE   74                        47     27       53
  SINCE SEP 1     74                        47     27       53
  SINCE JAN 1    598                       540     58      596
..................................................................


WIND (MPH)
  HIGHEST WIND SPEED    10   HIGHEST WIND DIRECTION    NW (330)
  HIGHEST GUST SPEED    14   HIGHEST GUST DIRECTION    NW (330)
  AVERAGE WIND SPEED     3.0


SKY COVER
  POSSIBLE SUNSHINE  MM
  AVERAGE SKY COVER 0.6


WEATHER CONDITIONS
 THE FOLLOWING WEATHER WAS RECORDED TODAY.
  FOG
  FOG W/VISIBILITY <= 1/4 MILE


RELATIVE HUMIDITY (PERCENT)
 HIGHEST    93          1200 AM
 LOWEST     44           300 PM
 AVERAGE    69

..........................................................


THE BECKLEY WV CLIMATE NORMALS FOR TOMORROW
                         NORMAL    RECORD    YEAR
 MAXIMUM TEMPERATURE (F)   72        89      1953
 MINIMUM TEMPERATURE (F)   52        31      1959


SUNRISE AND SUNSET
SEPTEMBER 18 2014.....SUNRISE   709 AM EDT   SUNSET   728 PM EDT
SEPTEMBER 19 2014.....SUNRISE   710 AM EDT   SUNSET   726 PM EDT


-  INDICATES NEGATIVE NUMBERS.
R  INDICATES RECORD WAS SET OR TIED.
MM INDICATES DATA IS MISSING.
T  INDICATES TRACE AMOUNT.




$$
