000
CDUS41 KRLX 130852
CLIBKW


CLIMATE REPORT
NATIONAL WEATHER SERVICE CHARLESTON WV
349 AM EST SAT FEB 13 2016


...................................

...THE BECKLEY WV CLIMATE SUMMARY FOR FEBRUARY 12 2016...

CLIMATE NORMAL PERIOD 1981 TO 2010
CLIMATE RECORD PERIOD 1963 TO 2016


WEATHER ITEM   OBSERVED TIME   RECORD YEAR NORMAL DEPARTURE LAST
                VALUE   (LST)  VALUE       VALUE  FROM      YEAR
                                                  NORMAL
..................................................................
TEMPERATURE (F)
 YESTERDAY
  MAXIMUM         29   1211 PM  72    1932  42    -13       33
                                      1916
  MINIMUM          8    342 AM  -8    1936  25    -17       12
  AVERAGE         19                        34    -15       23

PRECIPITATION (IN)
  YESTERDAY        0.04          1.50 1923   0.10  -0.06     0.05
  MONTH TO DATE    0.82                      1.16  -0.34     1.05
  SINCE JAN 1      3.24                      3.97  -0.73     3.28

SNOWFALL (IN)
  YESTERDAY        2.5
  MONTH TO DATE    7.3
  SINCE SEP 1     26.0
  SNOW DEPTH       0

DEGREE DAYS
 HEATING
  YESTERDAY       46                        31     15       42
  MONTH TO DATE  392                       386      6      387
  SINCE DEC 1   2029                      2390   -361     2318
  SINCE JUL 1   2888                      3530   -642     3559

 COOLING
  YESTERDAY        0                         0      0        0
  MONTH TO DATE    0                         0      0        0
  SINCE DEC 1      0                         0      0        0
  SINCE JAN 1      0                         0      0        0
..................................................................


WIND (MPH)
  HIGHEST WIND SPEED    28   HIGHEST WIND DIRECTION    NW (320)
  HIGHEST GUST SPEED    38   HIGHEST GUST DIRECTION    NW (330)
  AVERAGE WIND SPEED     7.4


SKY COVER
  POSSIBLE SUNSHINE  MM
  AVERAGE SKY COVER 0.8


WEATHER CONDITIONS
 THE FOLLOWING WEATHER WAS RECORDED YESTERDAY.
  HEAVY SNOW
  SNOW
  LIGHT SNOW
  FOG


RELATIVE HUMIDITY (PERCENT)
 HIGHEST    84          1000 PM
 LOWEST     50          1100 AM
 AVERAGE    67

..........................................................


THE BECKLEY WV CLIMATE NORMALS FOR TODAY
                         NORMAL    RECORD    YEAR
 MAXIMUM TEMPERATURE (F)   43        70      1932
 MINIMUM TEMPERATURE (F)   25       -12      1899


SUNRISE AND SUNSET
FEBRUARY 13 2016......SUNRISE   717 AM EST   SUNSET   601 PM EST
FEBRUARY 14 2016......SUNRISE   716 AM EST   SUNSET   602 PM EST


-  INDICATES NEGATIVE NUMBERS.
R  INDICATES RECORD WAS SET OR TIED.
MM INDICATES DATA IS MISSING.
T  INDICATES TRACE AMOUNT.




$$
