000
CDUS41 KRNK 241011
CLIBLF


CLIMATE REPORT
NATIONAL WEATHER SERVICE BLACKSBURG VA
508 AM EST MON NOV 24 2014


...................................

...THE BLUEFIELD WV CLIMATE SUMMARY FOR NOVEMBER 23 2014...

CLIMATE NORMAL PERIOD 1981 TO 2010
CLIMATE RECORD PERIOD 1959 TO 2014


WEATHER ITEM   OBSERVED TIME   RECORD YEAR NORMAL DEPARTURE LAST
                VALUE   (LST)  VALUE       VALUE  FROM      YEAR
                                                  NORMAL
..................................................................
TEMPERATURE (F)
 YESTERDAY
  MAXIMUM         59   1155 PM  67    2003  53      6       50
  MINIMUM         42    346 AM   9    1970  36      6       26
  AVERAGE         51                        44      7

PRECIPITATION (IN)
  YESTERDAY        0.55          1.32 1961   0.09   0.46      T
  MONTH TO DATE    1.89                      2.03  -0.14     1.18
  SINCE SEP 1      9.67                      7.67   2.00     4.80
  SINCE JAN 1     34.29                     36.06  -1.77    35.02

SNOWFALL (IN)
  YESTERDAY        0.0
  MONTH TO DATE    1.6
  SINCE SEP 1      1.6
  SINCE JUL 1      1.6
  SNOW DEPTH       0

DEGREE DAYS
 HEATING
  YESTERDAY       14                        21     -7
  MONTH TO DATE  570                       385    185
  SINCE SEP 1    911                       743    168
  SINCE JUL 1    921                       749    172

 COOLING
  YESTERDAY        0                         0      0
  MONTH TO DATE    0                         0      0
  SINCE SEP 1    114                       117     -3
  SINCE JAN 1    827                       851    -24
..................................................................


WIND (MPH)
  HIGHEST WIND SPEED    31   HIGHEST WIND DIRECTION     S (180)
  HIGHEST GUST SPEED    45   HIGHEST GUST DIRECTION     S (170)
  AVERAGE WIND SPEED    10.2


SKY COVER
  POSSIBLE SUNSHINE  MM
  AVERAGE SKY COVER 0.6


WEATHER CONDITIONS
 THE FOLLOWING WEATHER WAS RECORDED YESTERDAY.
  RAIN
  LIGHT RAIN
  FOG


RELATIVE HUMIDITY (PERCENT)
 HIGHEST    83           500 PM
 LOWEST     33          1200 AM
 AVERAGE    58

..........................................................


THE BLUEFIELD WV CLIMATE NORMALS FOR TODAY
                         NORMAL    RECORD    YEAR
 MAXIMUM TEMPERATURE (F)   52        72      1973
 MINIMUM TEMPERATURE (F)   36         7      1970


SUNRISE AND SUNSET
NOVEMBER 24 2014......SUNRISE   713 AM EST   SUNSET   509 PM EST
NOVEMBER 25 2014......SUNRISE   714 AM EST   SUNSET   509 PM EST


-  INDICATES NEGATIVE NUMBERS.
R  INDICATES RECORD WAS SET OR TIED.
MM INDICATES DATA IS MISSING.
T  INDICATES TRACE AMOUNT.

REMARKS:
DUE TO A POWER FAILURE CAUSING A MISSING LOW TEMPERATURE ON
MAY 30...THE SEASONAL TOTAL AND DEPARTURE FROM NORMAL FOR CDD
WILL BE CALCULATED WITHOUT DATA FROM THAT DATE.


$$
