000
CDUS41 KRNK 200924
CLIBLF


CLIMATE REPORT
NATIONAL WEATHER SERVICE BLACKSBURG VA
522 AM EDT THU JUL 20 2017


...................................

...THE BLUEFIELD WV CLIMATE SUMMARY FOR JULY 19 2017...

CLIMATE NORMAL PERIOD 1981 TO 2010
CLIMATE RECORD PERIOD 1959 TO 2017


WEATHER ITEM   OBSERVED TIME   RECORD YEAR NORMAL DEPARTURE LAST
                VALUE   (LST)  VALUE       VALUE  FROM      YEAR
                                                  NORMAL
..................................................................
TEMPERATURE (F)
 YESTERDAY
  MAXIMUM         83    431 PM  91    2006  81      2       81
  MINIMUM         60    529 AM  50    2009  65     -5       65
  AVERAGE         72                        73     -1       73

PRECIPITATION (IN)
  YESTERDAY        0.00          1.85 1964   0.14  -0.14     0.00
  MONTH TO DATE    2.15                      2.63  -0.48     4.01
  SINCE JUN 1      6.31                      6.77  -0.46     7.41
  SINCE JAN 1     27.11                     23.59   3.52    22.17

SNOWFALL (IN)
  YESTERDAY        0.0                                       0.0
  MONTH TO DATE    0.0                                       0.0
  SINCE JUN 1      0.0                                       0.0
  SINCE JUL 1      0.0                                       0.0
  SNOW DEPTH       0

DEGREE DAYS
 HEATING
  YESTERDAY        0                         0      0        0
  MONTH TO DATE    0                         0      0        0
  SINCE JUN 1     45                        22     23       16
  SINCE JUL 1      0                         0      0        0

 COOLING
  YESTERDAY        7                         8     -1        8
  MONTH TO DATE  120                       152    -32      123
  SINCE JUN 1    195                       318   -123      246
  SINCE JAN 1    247                       409   -162      273
..................................................................


WIND (MPH)
  HIGHEST WIND SPEED    10   HIGHEST WIND DIRECTION    NW (300)
  HIGHEST GUST SPEED    15   HIGHEST GUST DIRECTION     N (340)
  AVERAGE WIND SPEED     3.5


SKY COVER
  AVERAGE SKY COVER 0.1


WEATHER CONDITIONS
 THE FOLLOWING WEATHER WAS RECORDED YESTERDAY.
  FOG
  FOG W/VISIBILITY <= 1/4 MILE


RELATIVE HUMIDITY (PERCENT)
 HIGHEST    97           300 AM
 LOWEST     43           400 PM
 AVERAGE    70

..........................................................


THE BLUEFIELD WV CLIMATE NORMALS FOR TODAY
                         NORMAL    RECORD    YEAR
 MAXIMUM TEMPERATURE (F)   81        89      2011
                                             1994
 MINIMUM TEMPERATURE (F)   65        56      2000


SUNRISE AND SUNSET
JULY 20 2017..........SUNRISE   620 AM EDT   SUNSET   842 PM EDT
JULY 21 2017..........SUNRISE   621 AM EDT   SUNSET   841 PM EDT


-  INDICATES NEGATIVE NUMBERS.
R  INDICATES RECORD WAS SET OR TIED.
MM INDICATES DATA IS MISSING.
T  INDICATES TRACE AMOUNT.

$$

RAB
