000
CDUS41 KRNK 260715
CLIBLF


CLIMATE REPORT
NATIONAL WEATHER SERVICE BLACKSBURG VA
313 AM EDT TUE MAY 26 2015


...................................

...THE BLUEFIELD WV CLIMATE SUMMARY FOR MAY 25 2015...

CLIMATE NORMAL PERIOD 1981 TO 2010
CLIMATE RECORD PERIOD 1959 TO 2015


WEATHER ITEM   OBSERVED TIME   RECORD YEAR NORMAL DEPARTURE LAST
                VALUE   (LST)  VALUE       VALUE  FROM      YEAR
                                                  NORMAL
..................................................................
TEMPERATURE (F)
 YESTERDAY
  MAXIMUM         84    428 PM  85    2012  74     10       77
                                      1991
  MINIMUM         61    540 AM  35    1979  55      6       50
  AVERAGE         73                        65      8       64

PRECIPITATION (IN)
  YESTERDAY        0.00          0.72 2009   0.15  -0.15     0.00
  MONTH TO DATE    1.70                      3.40  -1.70     2.52
  SINCE MAR 1     12.11                     10.25   1.86     7.25
  SINCE JAN 1     15.67                     15.91  -0.24    11.38

SNOWFALL (IN)
  YESTERDAY        0.0                                       0.0
  MONTH TO DATE    0.0                                       0.0
  SINCE MAR 1      3.1                                       9.4
  SINCE JUL 1     39.7                                      47.0
  SNOW DEPTH       0

DEGREE DAYS
 HEATING
  YESTERDAY        0                         3     -3        1
  MONTH TO DATE   63                       121    -58       89
  SINCE MAR 1    915                      1058   -143     1017
  SINCE JUL 1   4835                      4551    284     4652

 COOLING
  YESTERDAY        8                         3      5        0
  MONTH TO DATE   95                        44     51       79
  SINCE MAR 1    106                        72     34       99
  SINCE JAN 1    106                        72     34       99
..................................................................


WIND (MPH)
  HIGHEST WIND SPEED    14   HIGHEST WIND DIRECTION     S (160)
  HIGHEST GUST SPEED    20   HIGHEST GUST DIRECTION     S (160)
  AVERAGE WIND SPEED     6.3


SKY COVER
  AVERAGE SKY COVER 0.0


WEATHER CONDITIONS
 THE FOLLOWING WEATHER WAS RECORDED YESTERDAY.
  NO SIGNIFICANT WEATHER WAS OBSERVED.


RELATIVE HUMIDITY (PERCENT)
 HIGHEST    60           400 AM
 LOWEST     31           300 PM
 AVERAGE    46

..........................................................


THE BLUEFIELD WV CLIMATE NORMALS FOR TODAY
                         NORMAL    RECORD    YEAR
 MAXIMUM TEMPERATURE (F)   74        86      2012
                                             1991
 MINIMUM TEMPERATURE (F)   56        35      1988


SUNRISE AND SUNSET
MAY 26 2015...........SUNRISE   609 AM EDT   SUNSET   835 PM EDT
MAY 27 2015...........SUNRISE   608 AM EDT   SUNSET   836 PM EDT


-  INDICATES NEGATIVE NUMBERS.
R  INDICATES RECORD WAS SET OR TIED.
MM INDICATES DATA IS MISSING.
T  INDICATES TRACE AMOUNT.




$$
