000
CDUS41 KRNK 010912
CLIBLF


CLIMATE REPORT
NATIONAL WEATHER SERVICE BLACKSBURG VA
508 AM EDT FRI AUG 1 2014


...................................

...THE BLUEFIELD WV CLIMATE SUMMARY FOR JULY 31 2014...

CLIMATE NORMAL PERIOD 1981 TO 2010
CLIMATE RECORD PERIOD 1959 TO 2014


WEATHER ITEM   OBSERVED TIME   RECORD YEAR NORMAL DEPARTURE LAST
                VALUE   (LST)  VALUE       VALUE  FROM      YEAR
                                                  NORMAL
..................................................................
TEMPERATURE (F)
 YESTERDAY
  MAXIMUM         80    203 PM  93    1999  81     -1       67
  MINIMUM         58    545 AM  49    1997  65     -7       63
  AVERAGE         69                        73     -4

PRECIPITATION (IN)
  YESTERDAY        0.09          1.13 1989   0.12  -0.03     0.37
  MONTH TO DATE    2.95                      4.17  -1.22     4.12
  SINCE JUN 1      6.55                      8.31  -1.76     8.95
  SINCE JAN 1     18.21                     25.13  -6.92    27.48

SNOWFALL (IN)
  YESTERDAY        0.0
  MONTH TO DATE    0.0
  SINCE JUN 1      0.0
  SINCE JUL 1      0.0
  SNOW DEPTH       0

DEGREE DAYS
 HEATING
  YESTERDAY        0                         0      0
  MONTH TO DATE    8                         0      8
  SINCE JUN 1     10                        24    -14
  SINCE JUL 1      8                         2      6

 COOLING
  YESTERDAY        4                         8     -4
  MONTH TO DATE  194                       248    -54
  SINCE JUN 1    415                       414      1
  SINCE JAN 1    544                       505     39
..................................................................


WIND (MPH)
  HIGHEST WIND SPEED    13   HIGHEST WIND DIRECTION    SW (220)
  HIGHEST GUST SPEED    18   HIGHEST GUST DIRECTION    SW (230)
  AVERAGE WIND SPEED     3.5


SKY COVER
  POSSIBLE SUNSHINE  MM
  AVERAGE SKY COVER 0.3


WEATHER CONDITIONS
 THE FOLLOWING WEATHER WAS RECORDED YESTERDAY.
  THUNDERSTORM
  HEAVY RAIN
  RAIN
  LIGHT RAIN
  FOG
  HAZE


RELATIVE HUMIDITY (PERCENT)
 HIGHEST    87           800 PM
 LOWEST     43           100 PM
 AVERAGE    65

..........................................................


THE BLUEFIELD WV CLIMATE NORMALS FOR TODAY
                         NORMAL    RECORD    YEAR
 MAXIMUM TEMPERATURE (F)   81        90      2011
                                             1995
 MINIMUM TEMPERATURE (F)   65        55      1992


SUNRISE AND SUNSET
AUGUST  1 2014........SUNRISE   629 AM EDT   SUNSET   832 PM EDT
AUGUST  2 2014........SUNRISE   630 AM EDT   SUNSET   831 PM EDT


-  INDICATES NEGATIVE NUMBERS.
R  INDICATES RECORD WAS SET OR TIED.
MM INDICATES DATA IS MISSING.
T  INDICATES TRACE AMOUNT.

REMARKS:
DUE TO A POWER FAILURE CAUSING A MISSING LOW TEMPERATURE ON
MAY 30...THE SEASONAL TOTAL AND DEPARTURE FROM NORMAL FOR CDD
WILL BE CALCULATED WITHOUT DATA FROM THAT DATE.


$$
