000
CDUS41 KRNK 170918
CLIBLF


CLIMATE REPORT
NATIONAL WEATHER SERVICE BLACKSBURG VA
417 AM EST SAT FEB 17 2018


...................................

...THE BLUEFIELD WV CLIMATE SUMMARY FOR FEBRUARY 16 2018...

CLIMATE NORMAL PERIOD 1981 TO 2010
CLIMATE RECORD PERIOD 1959 TO 2018


WEATHER ITEM   OBSERVED TIME   RECORD YEAR NORMAL DEPARTURE LAST
                VALUE   (LST)  VALUE       VALUE  FROM      YEAR
                                                  NORMAL
..................................................................
TEMPERATURE (F)
 YESTERDAY
  MAXIMUM         60    843 AM  64    2006  46     14       36
                                      2000
  MINIMUM         34   1159 PM  -2    1991  29      5       23
  AVERAGE         47                        38      9       30

PRECIPITATION (IN)
  YESTERDAY        0.47          0.88 1987   0.10   0.37     0.00
  MONTH TO DATE    3.95                      1.54   2.41     0.70
  SINCE DEC 1      6.40                      7.35  -0.95     8.15
  SINCE JAN 1      5.44                      4.44   1.00     4.95

SNOWFALL (IN)
  YESTERDAY        0.0                                       0.0
  MONTH TO DATE    5.5                                       0.9
  SINCE DEC 1     14.4                                      17.2
  SINCE JUL 1     14.7                                      17.2
  SNOW DEPTH       0

DEGREE DAYS
 HEATING
  YESTERDAY       18                        27     -9       35
  MONTH TO DATE  436                       461    -25      421
  SINCE DEC 1   2563                      2278    285     2162
  SINCE JUL 1   3590                      3181    409     2938

 COOLING
  YESTERDAY        0                         0      0        0
  MONTH TO DATE    0                         0      0        0
  SINCE DEC 1      0                         0      0        0
  SINCE JAN 1      0                         0      0        0
..................................................................


WIND (MPH)
  HIGHEST WIND SPEED    29   HIGHEST WIND DIRECTION     W (260)
  HIGHEST GUST SPEED    40   HIGHEST GUST DIRECTION     W (260)
  AVERAGE WIND SPEED    12.0


SKY COVER
  AVERAGE SKY COVER 1.0


WEATHER CONDITIONS
 THE FOLLOWING WEATHER WAS RECORDED YESTERDAY.
  RAIN
  LIGHT RAIN
  FOG


RELATIVE HUMIDITY (PERCENT)
 HIGHEST    96          1100 AM
 LOWEST     72          1200 AM
 AVERAGE    84

..........................................................


THE BLUEFIELD WV CLIMATE NORMALS FOR TODAY
                         NORMAL    RECORD    YEAR
 MAXIMUM TEMPERATURE (F)   46        66      2011
 MINIMUM TEMPERATURE (F)   29        -1      1973


SUNRISE AND SUNSET
FEBRUARY 17 2018......SUNRISE   711 AM EST   SUNSET   607 PM EST
FEBRUARY 18 2018......SUNRISE   710 AM EST   SUNSET   608 PM EST


-  INDICATES NEGATIVE NUMBERS.
R  INDICATES RECORD WAS SET OR TIED.
MM INDICATES DATA IS MISSING.
T  INDICATES TRACE AMOUNT.




$$
