000
CDUS41 KRNK 180917
CLIBLF


CLIMATE REPORT
NATIONAL WEATHER SERVICE BLACKSBURG VA
515 AM EDT FRI APR 18 2014


...................................

...THE BLUEFIELD WV CLIMATE SUMMARY FOR APRIL 17 2014...

CLIMATE NORMAL PERIOD 1981 TO 2010
CLIMATE RECORD PERIOD 1959 TO 2014


WEATHER ITEM   OBSERVED TIME   RECORD YEAR NORMAL DEPARTURE LAST
                VALUE   (LST)  VALUE       VALUE  FROM      YEAR
                                                  NORMAL
..................................................................
TEMPERATURE (F)
 YESTERDAY
  MAXIMUM         60    439 PM  83    1976  66     -6       72
  MINIMUM         35    633 AM  25    2001  46    -11       59
  AVERAGE         48                        56     -8

PRECIPITATION (IN)
  YESTERDAY        0.00          1.55 1998   0.11  -0.11     0.43
  MONTH TO DATE    1.58                      1.82  -0.24     2.96
  SINCE MAR 1      3.54                      5.33  -1.79     6.38
  SINCE JAN 1      7.67                     10.99  -3.32    14.05

SNOWFALL (IN)
  YESTERDAY        0.0
  MONTH TO DATE    0.4
  SINCE MAR 1      9.4
  SINCE JUL 1     47.0
  SNOW DEPTH       0

DEGREE DAYS
 HEATING
  YESTERDAY       17                        10      7
  MONTH TO DATE  158                       212    -54
  SINCE MAR 1    860                       828     32
  SINCE JUL 1   4495                      4321    174

 COOLING
  YESTERDAY        0                         1     -1
  MONTH TO DATE   15                        15      0
  SINCE MAR 1     15                        19     -4
  SINCE JAN 1     15                        19     -4
..................................................................


WIND (MPH)
  HIGHEST WIND SPEED    20   HIGHEST WIND DIRECTION    SE (140)
  HIGHEST GUST SPEED    30   HIGHEST GUST DIRECTION    SE (140)
  AVERAGE WIND SPEED     8.5


SKY COVER
  POSSIBLE SUNSHINE  MM
  AVERAGE SKY COVER 0.0


WEATHER CONDITIONS
 THE FOLLOWING WEATHER WAS RECORDED YESTERDAY.
  NO SIGNIFICANT WEATHER WAS OBSERVED.


RELATIVE HUMIDITY (PERCENT)
 HIGHEST    44          1200 AM
 LOWEST     24           200 PM
 AVERAGE    34

..........................................................


THE BLUEFIELD WV CLIMATE NORMALS FOR TODAY
                         NORMAL    RECORD    YEAR
 MAXIMUM TEMPERATURE (F)   66        88      1976
 MINIMUM TEMPERATURE (F)   46        23      1983


SUNRISE AND SUNSET
APRIL 18 2014.........SUNRISE   646 AM EDT   SUNSET   803 PM EDT
APRIL 19 2014.........SUNRISE   645 AM EDT   SUNSET   804 PM EDT


-  INDICATES NEGATIVE NUMBERS.
R  INDICATES RECORD WAS SET OR TIED.
MM INDICATES DATA IS MISSING.
T  INDICATES TRACE AMOUNT.




$$
