000
CDUS41 KRNK 210717
CLIBLF


CLIMATE REPORT
NATIONAL WEATHER SERVICE BLACKSBURG VA
215 AM EST TUE NOV 21 2017


...................................

...THE BLUEFIELD WV CLIMATE SUMMARY FOR NOVEMBER 20 2017...

CLIMATE NORMAL PERIOD 1981 TO 2010
CLIMATE RECORD PERIOD 1959 TO 2017


WEATHER ITEM   OBSERVED TIME   RECORD YEAR NORMAL DEPARTURE LAST
                VALUE   (LST)  VALUE       VALUE  FROM      YEAR
                                                  NORMAL
..................................................................
TEMPERATURE (F)
 YESTERDAY
  MAXIMUM         45    357 PM  74    1991  54     -9       33
  MINIMUM         24    756 AM  18    1987  37    -13       25
  AVERAGE         35                        46    -11       29

PRECIPITATION (IN)
  YESTERDAY        0.00          0.65 1974   0.10  -0.10      T
  MONTH TO DATE    1.31                      1.75  -0.44     0.41
  SINCE SEP 1      7.21                      7.39  -0.18     2.83
  SINCE JAN 1     39.27                     35.78   3.49    29.72

SNOWFALL (IN)
  YESTERDAY        0.0                                        T
  MONTH TO DATE    T                                          T
  SINCE SEP 1      0.3                                        T
  SINCE JUL 1      0.3                                        T
  SNOW DEPTH       0

DEGREE DAYS
 HEATING
  YESTERDAY       30                        20     10       36
  MONTH TO DATE  388                       324     64      291
  SINCE SEP 1    787                       682    105      557
  SINCE JUL 1    813                       688    125      557

 COOLING
  YESTERDAY        0                         0      0        0
  MONTH TO DATE    0                         0      0        1
  SINCE SEP 1     64                       117    -53      129
  SINCE JAN 1    488                       851   -363      737
..................................................................


WIND (MPH)
  HIGHEST WIND SPEED    20   HIGHEST WIND DIRECTION    NW (300)
  HIGHEST GUST SPEED    31   HIGHEST GUST DIRECTION     W (290)
  AVERAGE WIND SPEED     7.3


SKY COVER
  AVERAGE SKY COVER 0.3


WEATHER CONDITIONS
 THE FOLLOWING WEATHER WAS RECORDED YESTERDAY.
  NO SIGNIFICANT WEATHER WAS OBSERVED.


RELATIVE HUMIDITY (PERCENT)
 HIGHEST    81           500 AM
 LOWEST     33           300 PM
 AVERAGE    57

..........................................................


THE BLUEFIELD WV CLIMATE NORMALS FOR TODAY
                         NORMAL    RECORD    YEAR
 MAXIMUM TEMPERATURE (F)   53        69      1999
 MINIMUM TEMPERATURE (F)   37        14      1964


SUNRISE AND SUNSET
NOVEMBER 21 2017......SUNRISE   710 AM EST   SUNSET   511 PM EST
NOVEMBER 22 2017......SUNRISE   712 AM EST   SUNSET   510 PM EST


-  INDICATES NEGATIVE NUMBERS.
R  INDICATES RECORD WAS SET OR TIED.
MM INDICATES DATA IS MISSING.
T  INDICATES TRACE AMOUNT.

$$
RCS
