000
CDUS41 KRNK 232109
CLIBLF


CLIMATE REPORT
NATIONAL WEATHER SERVICE BLACKSBURG VA
507 PM EDT SUN APR 23 2017


...................................

...THE BLUEFIELD WV CLIMATE SUMMARY FOR APRIL 23 2017...
VALID TODAY AS OF 0500 PM LOCAL TIME.

CLIMATE NORMAL PERIOD 1981 TO 2010
CLIMATE RECORD PERIOD 1959 TO 2017


WEATHER ITEM   OBSERVED TIME   RECORD YEAR NORMAL DEPARTURE LAST
                VALUE   (LST)  VALUE       VALUE  FROM      YEAR
                                                  NORMAL
..................................................................
TEMPERATURE (F)
 TODAY
  MAXIMUM         48    232 AM  83    2001  67    -19       57
  MINIMUM         42   1237 PM  24    1986  48     -6       43
  AVERAGE         45                        57    -12       50

PRECIPITATION (IN)
  TODAY            0.79          1.34 1987   0.11   0.68      T
  MONTH TO DATE    3.69                      2.51   1.18     1.36
  SINCE MAR 1      7.31                      6.02   1.29     2.82
  SINCE JAN 1     13.12                     11.68   1.44     7.64

SNOWFALL (IN)
  TODAY           MM                                         0.0
  MONTH TO DATE    0.1                                       1.7
  SINCE MAR 1      3.3                                       2.6
  SINCE JUL 1     20.5                                      34.8
  SNOW DEPTH       0

DEGREE DAYS
 HEATING
  TODAY           20                         9     11       15
  MONTH TO DATE  204                       268    -64      338
  SINCE MAR 1    910                       884     26      801
  SINCE JUL 1   4042                      4377   -335     3614

 COOLING
  TODAY            0                         1     -1        0
  MONTH TO DATE    2                        21    -19        2
  SINCE MAR 1      2                        25    -23        3
  SINCE JAN 1      2                        25    -23        3
..................................................................


WIND (MPH)
  HIGHEST WIND SPEED    13   HIGHEST WIND DIRECTION     E (80)
  HIGHEST GUST SPEED    22   HIGHEST GUST DIRECTION     E (70)
  AVERAGE WIND SPEED     7.3


SKY COVER
  AVERAGE SKY COVER 0.9


WEATHER CONDITIONS
 THE FOLLOWING WEATHER WAS RECORDED TODAY.
  RAIN
  LIGHT RAIN
  FOG
  FOG W/VISIBILITY <= 1/4 MILE


RELATIVE HUMIDITY (PERCENT)
 HIGHEST   100           100 AM
 LOWEST     89          1200 PM
 AVERAGE    95

..........................................................


THE BLUEFIELD WV CLIMATE NORMALS FOR TOMORROW
                         NORMAL    RECORD    YEAR
 MAXIMUM TEMPERATURE (F)   68        82      2009
 MINIMUM TEMPERATURE (F)   48        28      2005


SUNRISE AND SUNSET
APRIL 23 2017.........SUNRISE   639 AM EDT   SUNSET   807 PM EDT
APRIL 24 2017.........SUNRISE   638 AM EDT   SUNSET   808 PM EDT



R  INDICATES RECORD WAS SET OR TIED.
MM INDICATES DATA IS MISSING.
T  INDICATES TRACE AMOUNT.

REMARKS:
DUE TO A POWER OUTAGE CAUSING A MISSING HIGH TEMPERATURE ON NOVEMBER
10...THE SEASONAL HEATING DEGREE DAY TOTAL AND DEPARTURE FROM
NORMAL WILL BE CALCULATED WITHOUT DATA FROM THIS DATE.


$$
