000
CDUS41 KRNK 230805
CLIBLF


CLIMATE REPORT
NATIONAL WEATHER SERVICE BLACKSBURG VA
403 AM EDT SAT JUL 23 2016


...................................

...THE BLUEFIELD WV CLIMATE SUMMARY FOR JULY 22 2016...

CLIMATE NORMAL PERIOD 1981 TO 2010
CLIMATE RECORD PERIOD 1959 TO 2016


WEATHER ITEM   OBSERVED TIME   RECORD YEAR NORMAL DEPARTURE LAST
                VALUE   (LST)  VALUE       VALUE  FROM      YEAR
                                                  NORMAL
..................................................................
TEMPERATURE (F)
 YESTERDAY
  MAXIMUM         83    109 PM  92    2011  81      2       81
  MINIMUM         62    555 AM  56    2007  65     -3       65
                                      1970
  AVERAGE         73                        73      0       73

PRECIPITATION (IN)
  YESTERDAY        0.00          0.88 1962   0.13  -0.13     0.00
  MONTH TO DATE    4.01                      3.02   0.99     4.80
  SINCE JUN 1      7.41                      7.16   0.25     8.03
  SINCE JAN 1     22.17                     23.98  -1.81    23.82

SNOWFALL (IN)
  YESTERDAY        0.0                                       0.0
  MONTH TO DATE    0.0                                       0.0
  SINCE JUN 1      0.0                                       0.0
  SINCE JUL 1      0.0                                       0.0
  SNOW DEPTH       0

DEGREE DAYS
 HEATING
  YESTERDAY        0                         0      0        0
  MONTH TO DATE    0                         0      0        0
  SINCE JUN 1     16                        22     -6        3
  SINCE JUL 1      0                         0      0        0

 COOLING
  YESTERDAY        8                         8      0        8
  MONTH TO DATE  145                       176    -31      188
  SINCE JUN 1    268                       342    -74      428
  SINCE JAN 1    295                       433   -138      585
..................................................................


WIND (MPH)
  HIGHEST WIND SPEED    12   HIGHEST WIND DIRECTION    NW (310)
  HIGHEST GUST SPEED    17   HIGHEST GUST DIRECTION    NW (330)
  AVERAGE WIND SPEED     4.0


SKY COVER
  AVERAGE SKY COVER 0.0


WEATHER CONDITIONS
 THE FOLLOWING WEATHER WAS RECORDED YESTERDAY.
  NO SIGNIFICANT WEATHER WAS OBSERVED.


RELATIVE HUMIDITY (PERCENT)
 HIGHEST    84           600 AM
 LOWEST     43           200 PM
 AVERAGE    64

..........................................................


THE BLUEFIELD WV CLIMATE NORMALS FOR TODAY
                         NORMAL    RECORD    YEAR
 MAXIMUM TEMPERATURE (F)   81        90      1999
 MINIMUM TEMPERATURE (F)   65        55      1981


SUNRISE AND SUNSET
JULY 23 2016..........SUNRISE   623 AM EDT   SUNSET   840 PM EDT
JULY 24 2016..........SUNRISE   623 AM EDT   SUNSET   839 PM EDT


-  INDICATES NEGATIVE NUMBERS.
R  INDICATES RECORD WAS SET OR TIED.
MM INDICATES DATA IS MISSING.
T  INDICATES TRACE AMOUNT.

$$

RAB
