000
CDUS41 KRNK 150917
CLIBLF


CLIMATE REPORT
NATIONAL WEATHER SERVICE BLACKSBURG VA
513 AM EDT MON SEP 15 2014


...................................

...THE BLUEFIELD WV CLIMATE SUMMARY FOR SEPTEMBER 14 2014...

CLIMATE NORMAL PERIOD 1981 TO 2010
CLIMATE RECORD PERIOD 1959 TO 2014


WEATHER ITEM   OBSERVED TIME   RECORD YEAR NORMAL DEPARTURE LAST
                VALUE   (LST)  VALUE       VALUE  FROM      YEAR
                                                  NORMAL
..................................................................
TEMPERATURE (F)
 YESTERDAY
  MAXIMUM         64    449 PM  92    1998  75    -11       70
  MINIMUM         49   1206 AM  39    1985  58     -9       47
  AVERAGE         57                        66     -9

PRECIPITATION (IN)
  YESTERDAY        0.00          0.81 1991   0.11  -0.11     0.00
  MONTH TO DATE    2.17                      1.42   0.75     0.86
  SINCE SEP 1      2.17                      1.42   0.75     0.86
  SINCE JAN 1     26.79                     29.81  -3.02    31.08

SNOWFALL (IN)
  YESTERDAY        0.0
  MONTH TO DATE    0.0
  SINCE SEP 1      0.0
  SINCE JUL 1      0.0
  SNOW DEPTH       0

DEGREE DAYS
 HEATING
  YESTERDAY        8                         2      6
  MONTH TO DATE   14                        14      0
  SINCE SEP 1     14                        14      0
  SINCE JUL 1     24                        20      4

 COOLING
  YESTERDAY        0                         3     -3
  MONTH TO DATE   92                        63     29
  SINCE SEP 1     92                        63     29
  SINCE JAN 1    805                       797      8
..................................................................


WIND (MPH)
  HIGHEST WIND SPEED    13   HIGHEST WIND DIRECTION     S (160)
  HIGHEST GUST SPEED    22   HIGHEST GUST DIRECTION     S (160)
  AVERAGE WIND SPEED     3.8


SKY COVER
  POSSIBLE SUNSHINE  MM
  AVERAGE SKY COVER 0.9


WEATHER CONDITIONS
 THE FOLLOWING WEATHER WAS RECORDED YESTERDAY.
  FOG
  FOG W/VISIBILITY <= 1/4 MILE


RELATIVE HUMIDITY (PERCENT)
 HIGHEST    93          1200 AM
 LOWEST     72          1200 PM
 AVERAGE    83

..........................................................


THE BLUEFIELD WV CLIMATE NORMALS FOR TODAY
                         NORMAL    RECORD    YEAR
 MAXIMUM TEMPERATURE (F)   75        89      1998
 MINIMUM TEMPERATURE (F)   57        42      2001


SUNRISE AND SUNSET
SEPTEMBER 15 2014.....SUNRISE   707 AM EDT   SUNSET   732 PM EDT
SEPTEMBER 16 2014.....SUNRISE   708 AM EDT   SUNSET   731 PM EDT


-  INDICATES NEGATIVE NUMBERS.
R  INDICATES RECORD WAS SET OR TIED.
MM INDICATES DATA IS MISSING.
T  INDICATES TRACE AMOUNT.


REMARKS:
DUE TO A POWER FAILURE CAUSING A MISSING LOW TEMPERATURE ON
MAY 30...THE SEASONAL TOTAL AND DEPARTURE FROM NORMAL FOR CDD
WILL BE CALCULATED WITHOUT DATA FROM THAT DATE.


$$
