000
CDUS43 KIND 020535
CLIBMG


CLIMATE REPORT
NATIONAL WEATHER SERVICE INDIANAPOLIS IN
134 AM EDT TUE JUN 2 2015


...................................

...THE BLOOMINGTON IN CLIMATE SUMMARY FOR JUNE 1 2015...

CLIMATE NORMAL PERIOD 1981 TO 2010
CLIMATE RECORD PERIOD 9999 TO 9999


WEATHER ITEM   OBSERVED TIME   NORMAL DEPARTURE LAST
                VALUE   (LST)  VALUE  FROM      YEAR
                                      NORMAL
......................................................
TEMPERATURE (F)
 YESTERDAY
  MAXIMUM         61    546 PM  79    -18       88
  MINIMUM         52    753 AM  56     -4       57
  AVERAGE         57            68    -11       73

PRECIPITATION (IN)
  YESTERDAY        T             0.17  -0.17     0.07
  MONTH TO DATE    T             0.17  -0.17     0.07
  SINCE JUN 1      T             0.17  -0.17     0.07
  SINCE JAN 1     14.56         20.06  -5.50    18.67

DEGREE DAYS
 HEATING
  YESTERDAY        8             2      6        0
  MONTH TO DATE    8             2      6        0
  SINCE JUN 1      8             2      6        0
  SINCE JUL 1   5697          5253    444     5830

 COOLING
  YESTERDAY        0             4     -4        8
  MONTH TO DATE    0             4     -4        8
  SINCE JUN 1      0             4     -4        8
  SINCE JAN 1    127            86     41      134
......................................................


WIND (MPH)
  HIGHEST WIND SPEED    15   HIGHEST WIND DIRECTION     E (100)
  HIGHEST GUST SPEED    20   HIGHEST GUST DIRECTION     E (100)
  AVERAGE WIND SPEED     9.2


SKY COVER
  AVERAGE SKY COVER 1.0


WEATHER CONDITIONS
 THE FOLLOWING WEATHER WAS RECORDED YESTERDAY.
  LIGHT RAIN


RELATIVE HUMIDITY (PERCENT)
 HIGHEST    96           800 AM
 LOWEST     72           400 PM
 AVERAGE    84

..........................................................


THE BLOOMINGTON IN CLIMATE NORMALS FOR TODAY
                         NORMAL
 MAXIMUM TEMPERATURE (F)   79
 MINIMUM TEMPERATURE (F)   57


SUNRISE AND SUNSET
JUNE  2 2015..........SUNRISE   622 AM EDT   SUNSET   907 PM EDT
JUNE  3 2015..........SUNRISE   622 AM EDT   SUNSET   908 PM EDT


-  INDICATES NEGATIVE NUMBERS.
R  INDICATES RECORD WAS SET OR TIED.
MM INDICATES DATA IS MISSING.
T  INDICATES TRACE AMOUNT.




$$
