000
CDUS43 KIND 140537
CLIBMG


CLIMATE REPORT
NATIONAL WEATHER SERVICE INDIANAPOLIS IN
136 AM EDT MON JUL 14 2014


...................................

...THE BLOOMINGTON IN CLIMATE SUMMARY FOR JULY 13 2014...

CLIMATE NORMAL PERIOD 1981 TO 2010
CLIMATE RECORD PERIOD 9999 TO 9999


WEATHER ITEM   OBSERVED TIME   NORMAL DEPARTURE LAST
                VALUE   (LST)  VALUE  FROM      YEAR
                                      NORMAL
......................................................
TEMPERATURE (F)
 YESTERDAY
  MAXIMUM         88    349 PM  84      4       84
  MINIMUM         71   1159 PM  64      7       60
  AVERAGE         80            74      6       72

PRECIPITATION (IN)
  YESTERDAY        0.05          0.18  -0.13     0.26
  MONTH TO DATE    0.64          2.18  -1.54     1.05
  SINCE JUN 1      5.81          7.07  -1.26     6.62
  SINCE JAN 1     24.41         26.96  -2.55    25.63

DEGREE DAYS
 HEATING
  YESTERDAY        0             0      0        0
  MONTH TO DATE    0             0      0        0
  SINCE JUN 1      3            15    -12        7
  SINCE JUL 1      0             0      0        0

 COOLING
  YESTERDAY       15             9      6        7
  MONTH TO DATE   89           117    -28       95
  SINCE JUN 1    362           325     37      319
  SINCE JAN 1    488           407     81      438
......................................................


WIND (MPH)
  HIGHEST WIND SPEED    15   HIGHEST WIND DIRECTION    SW (240)
  HIGHEST GUST SPEED    23   HIGHEST GUST DIRECTION    SW (210)
  AVERAGE WIND SPEED     6.9


SKY COVER
  AVERAGE SKY COVER 0.4


WEATHER CONDITIONS
 THE FOLLOWING WEATHER WAS RECORDED YESTERDAY.
  THUNDERSTORM
  LIGHT RAIN


RELATIVE HUMIDITY (PERCENT)
 HIGHEST    93          1000 PM
 LOWEST     59           200 PM
 AVERAGE    76

..........................................................


THE BLOOMINGTON IN CLIMATE NORMALS FOR TODAY
                         NORMAL
 MAXIMUM TEMPERATURE (F)   84
 MINIMUM TEMPERATURE (F)   64


SUNRISE AND SUNSET
JULY 14 2014..........SUNRISE   632 AM EDT   SUNSET   912 PM EDT
JULY 15 2014..........SUNRISE   633 AM EDT   SUNSET   912 PM EDT


-  INDICATES NEGATIVE NUMBERS.
R  INDICATES RECORD WAS SET OR TIED.
MM INDICATES DATA IS MISSING.
T  INDICATES TRACE AMOUNT.




$$
