000
CDUS43 KIND 290533
CLIBMG


CLIMATE REPORT
NATIONAL WEATHER SERVICE INDIANAPOLIS IN
1233 AM EST MON DEC 29 2014


...................................

...THE BLOOMINGTON IN CLIMATE SUMMARY FOR DECEMBER 28 2014...

CLIMATE NORMAL PERIOD 1981 TO 2010
CLIMATE RECORD PERIOD 9999 TO 9999


WEATHER ITEM   OBSERVED TIME   NORMAL DEPARTURE LAST
                VALUE   (LST)  VALUE  FROM      YEAR
                                      NORMAL
......................................................
TEMPERATURE (F)
 YESTERDAY
  MAXIMUM         37   1223 AM  38     -1       53
  MINIMUM         24   1159 PM  21      3       33
  AVERAGE         31            30      1       43

PRECIPITATION (IN)
  YESTERDAY        0.01          0.14  -0.13     0.00
  MONTH TO DATE    3.87          3.16   0.71     6.71
  SINCE DEC 1      3.87          3.16   0.71     6.71
  SINCE JAN 1     46.51         47.17  -0.66    47.58

DEGREE DAYS
 HEATING
  YESTERDAY       34            35     -1       22
  MONTH TO DATE  801           911   -110      904
  SINCE DEC 1    801           911   -110      904
  SINCE JUL 1   2077          1967    110     2044

 COOLING
  YESTERDAY        0             0      0        0
  MONTH TO DATE    0             0      0        0
  SINCE DEC 1      0             0      0        0
  SINCE JAN 1    904           927    -23     1006
......................................................


WIND (MPH)
  HIGHEST WIND SPEED    10   HIGHEST WIND DIRECTION     N (10)
  HIGHEST GUST SPEED    14   HIGHEST GUST DIRECTION     N (340)
  AVERAGE WIND SPEED     3.8


SKY COVER
  AVERAGE SKY COVER 0.9


WEATHER CONDITIONS
 THE FOLLOWING WEATHER WAS RECORDED YESTERDAY.
  LIGHT RAIN
  FOG


RELATIVE HUMIDITY (PERCENT)
 HIGHEST   100           300 AM
 LOWEST     75           200 PM
 AVERAGE    88

..........................................................


THE BLOOMINGTON IN CLIMATE NORMALS FOR TODAY
                         NORMAL
 MAXIMUM TEMPERATURE (F)   38
 MINIMUM TEMPERATURE (F)   21


SUNRISE AND SUNSET
DECEMBER 29 2014......SUNRISE   805 AM EST   SUNSET   532 PM EST
DECEMBER 30 2014......SUNRISE   805 AM EST   SUNSET   533 PM EST


-  INDICATES NEGATIVE NUMBERS.
R  INDICATES RECORD WAS SET OR TIED.
MM INDICATES DATA IS MISSING.
T  INDICATES TRACE AMOUNT.




$$
