000
CDUS43 KIND 270532
CLIBMG


CLIMATE REPORT
NATIONAL WEATHER SERVICE INDIANAPOLIS IN
131 AM EDT FRI MAY 27 2016


...................................

...THE BLOOMINGTON IN CLIMATE SUMMARY FOR MAY 26 2016...

CLIMATE NORMAL PERIOD 1981 TO 2010
CLIMATE RECORD PERIOD 9999 TO 9999


WEATHER ITEM   OBSERVED TIME   NORMAL DEPARTURE LAST
                VALUE   (LST)  VALUE  FROM      YEAR
                                      NORMAL
......................................................
TEMPERATURE (F)
 YESTERDAY
  MAXIMUM         78   1019 AM  77      1       80
  MINIMUM         65   1221 PM  54     11       65
  AVERAGE         72            66      6       73

PRECIPITATION (IN)
  YESTERDAY        0.16          0.15   0.01     0.01
  MONTH TO DATE    2.53          4.40  -1.87     1.55
  SINCE MAR 1     12.59         12.98  -0.39    10.99
  SINCE JAN 1     17.80         19.05  -1.25    14.56

DEGREE DAYS
 HEATING
  YESTERDAY        0             3     -3        0
  MONTH TO DATE  148           127     21       74
  SINCE MAR 1    955          1173   -218     1114
  SINCE JUL 1   4275          5241   -966     5685

 COOLING
  YESTERDAY        7             3      4        8
  MONTH TO DATE   26            47    -21       89
  SINCE MAR 1     40            66    -26       95
  SINCE JAN 1     40            66    -26       95
......................................................


WIND (MPH)
  HIGHEST WIND SPEED    29   HIGHEST WIND DIRECTION     W (290)
  HIGHEST GUST SPEED    39   HIGHEST GUST DIRECTION    NW (300)
  AVERAGE WIND SPEED     7.2


SKY COVER
  AVERAGE SKY COVER 0.4


WEATHER CONDITIONS
 THE FOLLOWING WEATHER WAS RECORDED YESTERDAY.
  THUNDERSTORM
  HEAVY RAIN
  LIGHT RAIN
  FOG


RELATIVE HUMIDITY (PERCENT)
 HIGHEST    93           500 AM
 LOWEST     68           600 PM
 AVERAGE    81

..........................................................


THE BLOOMINGTON IN CLIMATE NORMALS FOR TODAY
                         NORMAL
 MAXIMUM TEMPERATURE (F)   77
 MINIMUM TEMPERATURE (F)   55


SUNRISE AND SUNSET
MAY 27 2016...........SUNRISE   624 AM EDT   SUNSET   903 PM EDT
MAY 28 2016...........SUNRISE   624 AM EDT   SUNSET   904 PM EDT


-  INDICATES NEGATIVE NUMBERS.
R  INDICATES RECORD WAS SET OR TIED.
MM INDICATES DATA IS MISSING.
T  INDICATES TRACE AMOUNT.




$$
