000
CDUS44 KOHX 250722
CLIBNA


CLIMATE REPORT
NATIONAL WEATHER SERVICE NASHVILLE TN
222 AM CDT MON MAY 25 2015


...................................

...THE NASHVILLE CLIMATE SUMMARY FOR MAY 24 2015...

CLIMATE NORMAL PERIOD 1981 TO 2010
CLIMATE RECORD PERIOD 1871 TO 2015


WEATHER ITEM   OBSERVED TIME   RECORD YEAR NORMAL DEPARTURE
                VALUE   (LST)  VALUE       VALUE  FROM
                                                  NORMAL
...............................................................
TEMPERATURE (F)
 YESTERDAY
  MAXIMUM         86    259 PM  93    1996  80      6
  MINIMUM         60    456 AM  44    1931  59      1
                                      1892
  AVERAGE         73                        70      3

PRECIPITATION (IN)
  YESTERDAY        0.03          3.28 2000   0.16  -0.13
  MONTH TO DATE    1.31                      4.36  -3.05
  SINCE MAR 1     11.93                     12.47  -0.54
  SINCE JAN 1     18.75                     20.16  -1.41

SNOWFALL (IN)
  YESTERDAY        0.0           0.0  2002   0.0    0.0
                                      2001
  MONTH TO DATE    0.0                       0.0    0.0
  SINCE MAR 1      2.9                       0.9    2.0
  SINCE JUL 1      6.1                       6.3   -0.2
  SNOW DEPTH       0

DEGREE DAYS
 HEATING
  YESTERDAY        0                               -1
  MONTH TO DATE   24                              -27
  SINCE MAR 1    588                             -153
  SINCE JUL 1   3778                               99

 COOLING
  YESTERDAY        8                                2
  MONTH TO DATE  148                               60
  SINCE MAR 1    190                               57
  SINCE JAN 1    190                               57
...............................................................


WIND (MPH)
  HIGHEST WIND SPEED    23   HIGHEST WIND DIRECTION     S (170)
  HIGHEST GUST SPEED    31   HIGHEST GUST DIRECTION     S (160)
  AVERAGE WIND SPEED    10.6




RELATIVE HUMIDITY (PERCENT)
 HIGHEST    84
 LOWEST     44
 AVERAGE    64

..........................................................


THE NASHVILLE CLIMATE NORMALS FOR TODAY
                         NORMAL    RECORD    YEAR
 MAXIMUM TEMPERATURE (F)   80        93      1926
 MINIMUM TEMPERATURE (F)   59        43      1925


SUNRISE AND SUNSET
MAY 25 2015...........SUNRISE   534 AM CDT   SUNSET   753 PM CDT
MAY 26 2015...........SUNRISE   534 AM CDT   SUNSET   754 PM CDT


-  INDICATES NEGATIVE NUMBERS.
R  INDICATES RECORD WAS SET OR TIED.
MM INDICATES DATA IS MISSING.
T  INDICATES TRACE AMOUNT.




$$
