000
CDUS44 KOHX 041345
CLIBNA

CLIMATE REPORT
NATIONAL WEATHER SERVICE NASHVILLE TN
744 AM CST WED MAR 4 2015


...................................

...THE NASHVILLE CLIMATE SUMMARY FOR MARCH 3 2015...

CLIMATE NORMAL PERIOD 1981 TO 2010
CLIMATE RECORD PERIOD 1871 TO 2015


WEATHER ITEM   OBSERVED TIME   RECORD YEAR NORMAL DEPARTURE
                VALUE   (LST)  VALUE       VALUE  FROM
                                                  NORMAL
...............................................................
TEMPERATURE (F)
 YESTERDAY
  MAXIMUM         65   1159 PM  80    1983  57      8
                                      1901
  MINIMUM         43    234 AM   2    1980  36      7
  AVERAGE         54                        46      8

PRECIPITATION (IN)
  YESTERDAY        0.51          2.32 1977   0.13   0.38
  MONTH TO DATE    0.75                      0.39   0.36
  SINCE MAR 1      0.75                      0.39   0.36
  SINCE JAN 1      7.57                      8.08  -0.51

SNOWFALL (IN)
  YESTERDAY        0.0           3.5  1912   0.0    0.0
  MONTH TO DATE    0.0                       0.1   -0.1
  SINCE MAR 1      0.0                       0.1   -0.1
  SINCE JUL 1      3.2                       5.5   -2.3
  SNOW DEPTH       0

DEGREE DAYS
 HEATING
  YESTERDAY       11                               -8
  MONTH TO DATE   55                               -2
  SINCE MAR 1     55                               -2
  SINCE JUL 1   3245                              250

 COOLING
  YESTERDAY        0                                0
  MONTH TO DATE    0                                0
  SINCE MAR 1      0                                0
  SINCE JAN 1      0                                0
...............................................................


WIND (MPH)
  HIGHEST WIND SPEED    18   HIGHEST WIND DIRECTION     S (200)
  HIGHEST GUST SPEED    24   HIGHEST GUST DIRECTION     S (190)
  AVERAGE WIND SPEED     9.1




RELATIVE HUMIDITY (PERCENT)
 HIGHEST    97
 LOWEST     58
 AVERAGE    78

..........................................................


THE NASHVILLE CLIMATE NORMALS FOR TODAY
                         NORMAL    RECORD    YEAR
 MAXIMUM TEMPERATURE (F)   57        84      1976
 MINIMUM TEMPERATURE (F)   36         9      1960


SUNRISE AND SUNSET
MARCH  4 2015.........SUNRISE   613 AM CST   SUNSET   544 PM CST
MARCH  5 2015.........SUNRISE   612 AM CST   SUNSET   545 PM CST


-  INDICATES NEGATIVE NUMBERS.
R  INDICATES RECORD WAS SET OR TIED.
MM INDICATES DATA IS MISSING.
T  INDICATES TRACE AMOUNT.


NATIONAL TEMPERATURE EXTREMES
HIGH TUE...87 AT NAPLES FL AND FORT MYERS FL
LOW WED...20 BELOW ZERO AT LAKE YELLOWSTONE WY

THE LOW TEMPERATURE AT NASHVILLE THIS MORNING WAS 51 DEGREES.
THERE HAS BEEN 0.32 INCHES OF RAINFALL SINCE MIDNIGHT.

$$
