000
CDUS44 KOHX 300710
CLIBNA

CLIMATE REPORT
NATIONAL WEATHER SERVICE NASHVILLE TN
211 AM CDT MON MAR 30 2015

...THE NASHVILLE CLIMATE SUMMARY FOR MARCH 29 2015...

CLIMATE NORMAL PERIOD 1981 TO 2010
CLIMATE RECORD PERIOD 1871 TO 2015


WEATHER ITEM   OBSERVED TIME   RECORD YEAR NORMAL DEPARTURE
                VALUE   (LST)  VALUE       VALUE  FROM
                                                  NORMAL
...............................................................
TEMPERATURE (F)
 YESTERDAY
  MAXIMUM         64    236 PM  85    1895  65     -1
  MINIMUM         24    528 AM  22    1966  42    -18
  AVERAGE         44                        54    -10

PRECIPITATION (IN)
  YESTERDAY        0.03          2.42 1975   0.14  -0.11
  MONTH TO DATE    4.29                      3.84   0.45
  SINCE MAR 1      4.29                      3.84   0.45
  SINCE JAN 1     11.11                     11.53  -0.42

SNOWFALL (IN)
  YESTERDAY        0.0           1.5  1894   0.1   -0.1
  MONTH TO DATE    2.9                       0.9    2.0
  SINCE MAR 1      2.9                       0.9    2.0
  SINCE JUL 1      6.1                       6.3   -0.2
  SNOW DEPTH       0

DEGREE DAYS
 HEATING
  YESTERDAY       21                                9
  MONTH TO DATE  430                              -21
  SINCE MAR 1    430                              -21
  SINCE JUL 1   3620                              231

 COOLING
  YESTERDAY        0                                0
  MONTH TO DATE    2                                2
  SINCE MAR 1      2                                2
  SINCE JAN 1      2                                2
...............................................................


WIND (MPH)
  HIGHEST WIND SPEED    24   HIGHEST WIND DIRECTION     S (180)
  HIGHEST GUST SPEED    32   HIGHEST GUST DIRECTION     S (180)
  AVERAGE WIND SPEED     9.0




RELATIVE HUMIDITY (PERCENT)
 HIGHEST    81
 LOWEST     20
 AVERAGE    51

..........................................................


THE NASHVILLE CLIMATE NORMALS FOR TODAY
                         NORMAL    RECORD    YEAR
 MAXIMUM TEMPERATURE (F)   66        84      1963
 MINIMUM TEMPERATURE (F)   43        21      1964


SUNRISE AND SUNSET
MARCH 30 2015.........SUNRISE   636 AM CDT   SUNSET   707 PM CDT
MARCH 31 2015.........SUNRISE   635 AM CDT   SUNSET   708 PM CDT


-  INDICATES NEGATIVE NUMBERS.
R  INDICATES RECORD WAS SET OR TIED.
MM INDICATES DATA IS MISSING.
T  INDICATES TRACE AMOUNT.

$$

21
