000
CDUS44 KOHX 290736
CLIBNA


CLIMATE REPORT
NATIONAL WEATHER SERVICE NASHVILLE TN
235 AM CDT SUN MAY 29 2016


...................................

...THE NASHVILLE CLIMATE SUMMARY FOR MAY 28 2016...

CLIMATE NORMAL PERIOD 1981 TO 2010
CLIMATE RECORD PERIOD 1871 TO 2016


WEATHER ITEM   OBSERVED TIME   RECORD YEAR NORMAL DEPARTURE
                VALUE   (LST)  VALUE       VALUE  FROM
                                                  NORMAL
...............................................................
TEMPERATURE (F)
 YESTERDAY
  MAXIMUM         83    504 PM  96    1911  81      2
  MINIMUM         68   1159 PM  40    1961  60      8
  AVERAGE         76                        71      5

PRECIPITATION (IN)
  YESTERDAY        0.00          3.50 1978   0.16  -0.16
  MONTH TO DATE    2.37                      5.00  -2.63
  SINCE JAN 1     14.45                     20.80  -6.35

SNOWFALL (IN)
  YESTERDAY        0.0           0.0  2002
                                      2001
  MONTH TO DATE    0.0
  SINCE MAR 1      0.0
  SINCE JUL 1     11.3

DEGREE DAYS
 HEATING
  YESTERDAY        0                               -1
  MONTH TO DATE   67                               12
  SINCE MAR 1    493                             -252
  SINCE JUL 1   2736                             -947

 COOLING
  YESTERDAY       11                                5
  MONTH TO DATE  119                                7
  SINCE MAR 1    198                               41
  SINCE JAN 1    198                               41
...............................................................


WIND (MPH)
  HIGHEST WIND SPEED    15   HIGHEST WIND DIRECTION    SE (150)
  HIGHEST GUST SPEED    18   HIGHEST GUST DIRECTION     S (170)
  AVERAGE WIND SPEED     6.6



WEATHER CONDITIONS
 THE FOLLOWING WEATHER WAS RECORDED YESTERDAY.
  NO SIGNIFICANT WEATHER WAS OBSERVED.


RELATIVE HUMIDITY (PERCENT)
 HIGHEST    79
 LOWEST     47

..........................................................


THE NASHVILLE CLIMATE NORMALS FOR TODAY
                         NORMAL    RECORD    YEAR
 MAXIMUM TEMPERATURE (F)   82        95      1941
                                             1914
                                             1911
 MINIMUM TEMPERATURE (F)   61        42      1984


SUNRISE AND SUNSET
MAY 29 2016...........SUNRISE   532 AM CDT   SUNSET   757 PM CDT
MAY 30 2016...........SUNRISE   532 AM CDT   SUNSET   757 PM CDT


-  INDICATES NEGATIVE NUMBERS.
R  INDICATES RECORD WAS SET OR TIED.
MM INDICATES DATA IS MISSING.
T  INDICATES TRACE AMOUNT.




$$
