000
CDUS44 KOHX 031552
CLIBNA


CLIMATE REPORT
NATIONAL WEATHER SERVICE NASHVILLE TN
951 AM CST SAT DEC 3 2016


...................................

...THE NASHVILLE CLIMATE SUMMARY FOR DECEMBER 3 2016...
VALID AS OF 0900 AM LOCAL TIME.

CLIMATE NORMAL PERIOD 1981 TO 2010
CLIMATE RECORD PERIOD 1871 TO 2016


WEATHER ITEM   OBSERVED TIME   RECORD YEAR NORMAL DEPARTURE
                VALUE   (LST)  VALUE       VALUE  FROM
                                                  NORMAL
...............................................................
TEMPERATURE (F)
 TODAY
  MINIMUM         37    628 AM   6    1929  34      3

PRECIPITATION (IN)
  TODAY            0.00          3.85 1978   0.15  -0.15
  MONTH TO DATE    0.00                      0.46  -0.46
  SINCE JAN 1     35.79                     43.47  -7.68

SNOWFALL (IN)
  TODAY            0.0           2.4  1942
  MONTH TO DATE    0.0
  SINCE DEC 1      0.0
  SINCE JUL 1      0.0

DEGREE DAYS
 HEATING
  TODAY           MM                               MM
  MONTH TO DATE   41                              -23
  SINCE DEC 1     41                              -23
  SINCE JUL 1    395                             -343

 COOLING
  TODAY           MM                               MM
  MONTH TO DATE    0                                0
  SINCE DEC 1      0                                0
  SINCE JAN 1   2244                              599
...............................................................


WIND (MPH)
  HIGHEST WIND SPEED     8   HIGHEST WIND DIRECTION     E (70)
  HIGHEST GUST SPEED    MM   HIGHEST GUST DIRECTION    MM
  AVERAGE WIND SPEED     4.9




RELATIVE HUMIDITY (PERCENT)
 HIGHEST    76
 LOWEST     62
 AVERAGE    69

..........................................................


THE NASHVILLE CLIMATE NORMALS FOR TOMORROW
                         NORMAL    RECORD    YEAR
 MAXIMUM TEMPERATURE (F)   53        77      1998
 MINIMUM TEMPERATURE (F)   34        10      1942


SUNRISE AND SUNSET
DECEMBER  3 2016......SUNRISE   641 AM CST   SUNSET   432 PM CST
DECEMBER  4 2016......SUNRISE   642 AM CST   SUNSET   432 PM CST


-  INDICATES NEGATIVE NUMBERS.
R  INDICATES RECORD WAS SET OR TIED.
MM INDICATES DATA IS MISSING.
T  INDICATES TRACE AMOUNT.




$$
