000
CDUS44 KOHX 290039
CLIBNA


CLIMATE REPORT
NATIONAL WEATHER SERVICE NASHVILLE TN
738 PM CDT WED SEP 28 2016


...................................

...THE NASHVILLE CLIMATE SUMMARY FOR SEPTEMBER 28 2016...
VALID TODAY AS OF 0700 PM LOCAL TIME.

CLIMATE NORMAL PERIOD 1981 TO 2010
CLIMATE RECORD PERIOD 1871 TO 2016


WEATHER ITEM   OBSERVED TIME   RECORD YEAR NORMAL DEPARTURE
                VALUE   (LST)  VALUE       VALUE  FROM
                                                  NORMAL
...............................................................
TEMPERATURE (F)
 TODAY
  MAXIMUM         84    159 PM  94    1986  78      6
                                      1954
                                      1953
  MINIMUM         50    529 AM  38    1942  56     -6
  AVERAGE         67                        67      0

PRECIPITATION (IN)
  TODAY            T             2.60 1906   0.12  -0.12
  MONTH TO DATE    1.72                      3.17  -1.45
  SINCE JAN 1     33.34                     35.42  -2.08

SNOWFALL (IN)
  TODAY            0.0           0.0  2002
                                      2001
                                      2000
  MONTH TO DATE    0.0
  SINCE SEP 1      0.0
  SINCE JUL 1      0.0

DEGREE DAYS
 HEATING
  TODAY            0                               -2
  MONTH TO DATE    0                              -18
  SINCE SEP 1      0                              -18
  SINCE JUL 1      0                              -18

 COOLING
  TODAY            2                               -2
  MONTH TO DATE  349                              136
  SINCE SEP 1    349                              136
  SINCE JAN 1   2096                              509
...............................................................


WIND (MPH)
  HIGHEST WIND SPEED    21   HIGHEST WIND DIRECTION     N (340)
  HIGHEST GUST SPEED    30   HIGHEST GUST DIRECTION    SW (220)
  AVERAGE WIND SPEED     9.1



WEATHER CONDITIONS
 THE FOLLOWING WEATHER WAS RECORDED TODAY.
  NO SIGNIFICANT WEATHER WAS OBSERVED.


RELATIVE HUMIDITY (PERCENT)
 HIGHEST    89
 LOWEST     28
 AVERAGE    59

..........................................................


THE NASHVILLE CLIMATE NORMALS FOR TOMORROW
                         NORMAL    RECORD    YEAR
 MAXIMUM TEMPERATURE (F)   77        98      1953
 MINIMUM TEMPERATURE (F)   55        37      1942


SUNRISE AND SUNSET
SEPTEMBER 28 2016.....SUNRISE   640 AM CDT   SUNSET   634 PM CDT
SEPTEMBER 29 2016.....SUNRISE   641 AM CDT   SUNSET   632 PM CDT


-  INDICATES NEGATIVE NUMBERS.
R  INDICATES RECORD WAS SET OR TIED.
MM INDICATES DATA IS MISSING.
T  INDICATES TRACE AMOUNT.




$$
