000
CDUS44 KOHX 252236
CLIBNA


CLIMATE REPORT
NATIONAL WEATHER SERVICE NASHVILLE TN
535 PM CDT SUN JUN 25 2017


...................................

...THE NASHVILLE CLIMATE SUMMARY FOR JUNE 25 2017...
VALID TODAY AS OF 0400 PM LOCAL TIME.

CLIMATE NORMAL PERIOD 1981 TO 2010
CLIMATE RECORD PERIOD 1871 TO 2017


WEATHER ITEM   OBSERVED TIME   RECORD YEAR NORMAL DEPARTURE
                VALUE   (LST)  VALUE       VALUE  FROM
                                                  NORMAL
...............................................................
TEMPERATURE (F)
 TODAY
  MAXIMUM         85    322 PM 101    1988  88     -3
                                      1952
  MINIMUM         62    454 AM  53    1979  68     -6
                                      1974
  AVERAGE         74                        78     -4

PRECIPITATION (IN)
  TODAY            0.00          3.79 1911   0.13  -0.13
  MONTH TO DATE    3.97                      3.51   0.46
  SINCE JAN 1     24.23                     24.81  -0.58

SNOWFALL (IN)
  TODAY            0.0           0.0  2002
                                      2001
  MONTH TO DATE    0.0
  SINCE JUN 1      0.0
  SINCE JUL 1      2.2

DEGREE DAYS
 HEATING
  TODAY            0                                0
  MONTH TO DATE    0                                0
  SINCE JUN 1      0                                0
  SINCE JUL 1   2450                            -1235

 COOLING
  TODAY            9                               -4
  MONTH TO DATE  287                               29
  SINCE JUN 1    287                               29
  SINCE JAN 1    606                              169
...............................................................


WIND (MPH)
  HIGHEST WIND SPEED    17   HIGHEST WIND DIRECTION     N (20)
  HIGHEST GUST SPEED    25   HIGHEST GUST DIRECTION    NE (40)
  AVERAGE WIND SPEED     5.7




RELATIVE HUMIDITY (PERCENT)
 HIGHEST    84
 LOWEST     25
 AVERAGE    55

..........................................................


THE NASHVILLE CLIMATE NORMALS FOR TOMORROW
                         NORMAL    RECORD    YEAR
 MAXIMUM TEMPERATURE (F)   88       103      1988
 MINIMUM TEMPERATURE (F)   68        51      1974


SUNRISE AND SUNSET
JUNE 25 2017..........SUNRISE   531 AM CDT   SUNSET   808 PM CDT
JUNE 26 2017..........SUNRISE   531 AM CDT   SUNSET   808 PM CDT


-  INDICATES NEGATIVE NUMBERS.
R  INDICATES RECORD WAS SET OR TIED.
MM INDICATES DATA IS MISSING.
T  INDICATES TRACE AMOUNT.




$$
