788
CDUS44 KOHX 060704
CLIBNA


CLIMATE REPORT
NATIONAL WEATHER SERVICE NASHVILLE TN
103 AM CST SAT FEB 6 2016


...................................

...THE NASHVILLE CLIMATE SUMMARY FOR FEBRUARY 5 2016...

CLIMATE NORMAL PERIOD 1981 TO 2010
CLIMATE RECORD PERIOD 1871 TO 2016


WEATHER ITEM   OBSERVED TIME   RECORD YEAR NORMAL DEPARTURE
                VALUE   (LST)  VALUE       VALUE  FROM
                                                  NORMAL
...............................................................
TEMPERATURE (F)
 YESTERDAY
  MAXIMUM         50    313 PM  72    2008  49      1
  MINIMUM         23    704 AM  -7    1886  30     -7
  AVERAGE         37                        39     -2

PRECIPITATION (IN)
  YESTERDAY        0.00          4.07 2004   0.14  -0.14
  MONTH TO DATE    1.24                      0.71   0.53
  SINCE JAN 1      3.41                      4.46  -1.05

SNOWFALL (IN)
  YESTERDAY        0.0           2.7  1984
  MONTH TO DATE    0.0
  SINCE DEC 1      8.2
  SINCE JUL 1      8.2

DEGREE DAYS
 HEATING
  YESTERDAY       28                                2
  MONTH TO DATE   84                              -46
  SINCE DEC 1   1304                             -437
  SINCE JUL 1   1727                             -688

 COOLING
  YESTERDAY        0                                0
  MONTH TO DATE    0                                0
  SINCE DEC 1      8                                7
  SINCE JAN 1      0                                0
...............................................................


WIND (MPH)
  HIGHEST WIND SPEED     8   HIGHEST WIND DIRECTION    NW (320)
  HIGHEST GUST SPEED    14   HIGHEST GUST DIRECTION    NW (310)
  AVERAGE WIND SPEED     1.7



WEATHER CONDITIONS
 THE FOLLOWING WEATHER WAS RECORDED YESTERDAY.
  NO SIGNIFICANT WEATHER WAS OBSERVED.


RELATIVE HUMIDITY (PERCENT)
 HIGHEST    81
 LOWEST     21

..........................................................


THE NASHVILLE CLIMATE NORMALS FOR TODAY
                         NORMAL    RECORD    YEAR
 MAXIMUM TEMPERATURE (F)   50        71      2008
 MINIMUM TEMPERATURE (F)   30         5      1988


SUNRISE AND SUNSET
FEBRUARY  6 2016......SUNRISE   644 AM CST   SUNSET   518 PM CST
FEBRUARY  7 2016......SUNRISE   643 AM CST   SUNSET   519 PM CST


-  INDICATES NEGATIVE NUMBERS.
R  INDICATES RECORD WAS SET OR TIED.
MM INDICATES DATA IS MISSING.
T  INDICATES TRACE AMOUNT.




$$
