000
CDUS44 KOHX 290032
CLIBNA

CLIMATE REPORT
NATIONAL WEATHER SERVICE NASHVILLE TN
632 PM CST FRI NOV 28 2014


...................................

...THE NASHVILLE CLIMATE SUMMARY FOR NOVEMBER 28 2014...
VALID TODAY AS OF 0600 PM LOCAL TIME.

CLIMATE NORMAL PERIOD 1981 TO 2010
CLIMATE RECORD PERIOD 1871 TO 2014


WEATHER ITEM   OBSERVED TIME   RECORD YEAR NORMAL DEPARTURE
                VALUE   (LST)  VALUE       VALUE  FROM
                                                  NORMAL
...............................................................
TEMPERATURE (F)
 TODAY
  MAXIMUM         48    246 PM  73    1998  55     -7
                                      1990
  MINIMUM         22    548 AM  10    1887  35    -13
  AVERAGE         35                        45    -10

PRECIPITATION (IN)
  TODAY            0.00          2.02 1948   0.17  -0.17
  MONTH TO DATE    3.34                      3.97  -0.63
  SINCE SEP 1     11.98                     10.42   1.56
  SINCE JAN 1     47.38                     42.67   4.71

SNOWFALL (IN)
  TODAY            0.0           0.5  1976   0.0    0.0
  MONTH TO DATE    0.2                       0.0    0.2
  SINCE SEP 1      0.2                       T      0.2
  SINCE JUL 1      0.2                       T      0.2
  SNOW DEPTH       0

DEGREE DAYS
 HEATING
  TODAY           30                               10
  MONTH TO DATE  604                              185
  SINCE SEP 1    757                              123
  SINCE JUL 1    757                              123

 COOLING
  TODAY            0                                0
  MONTH TO DATE    0                                0
  SINCE SEP 1    314                               48
  SINCE JAN 1   1803                              163
...............................................................


WIND (MPH)
  HIGHEST WIND SPEED    14   HIGHEST WIND DIRECTION     S (180)
  HIGHEST GUST SPEED    21   HIGHEST GUST DIRECTION     S (180)
  AVERAGE WIND SPEED     5.2




RELATIVE HUMIDITY (PERCENT)
 HIGHEST    96
 LOWEST     34
 AVERAGE    65

..........................................................


THE NASHVILLE CLIMATE NORMALS FOR TOMORROW
                         NORMAL    RECORD    YEAR
 MAXIMUM TEMPERATURE (F)   55        75      2006
 MINIMUM TEMPERATURE (F)   35        11      1976


SUNRISE AND SUNSET
NOVEMBER 28 2014......SUNRISE   636 AM CST   SUNSET   433 PM CST
NOVEMBER 29 2014......SUNRISE   637 AM CST   SUNSET   433 PM CST


-  INDICATES NEGATIVE NUMBERS.
R  INDICATES RECORD WAS SET OR TIED.
MM INDICATES DATA IS MISSING.
T  INDICATES TRACE AMOUNT.




$$
