000
CDUS45 KBOI 280123
CLIBNO


CLIMATE REPORT
NATIONAL WEATHER SERVICE BOISE ID
622 PM MST FRI FEB 27 2015


...................................

...THE BURNS OR CLIMATE SUMMARY FOR FEBRUARY 27 2015...
VALID TODAY AS OF 0600 PM LOCAL TIME.

CLIMATE NORMAL PERIOD 1981 TO 2010
CLIMATE RECORD PERIOD 1939 TO 2015


WEATHER ITEM   OBSERVED TIME   RECORD YEAR NORMAL DEPARTURE LAST
                VALUE   (LST)  VALUE       VALUE  FROM      YEAR
                                                  NORMAL
..................................................................
TEMPERATURE (F)
 TODAY
  MAXIMUM         43    354 PM  63    1992  43      0       50
  MINIMUM         24    331 AM -15    1993  21      3       31
  AVERAGE         34                        32      2       41

PRECIPITATION (IN)
  TODAY           MM             0.82 1940   0.04  MM        0.04
  MONTH TO DATE    0.75                      0.98  -0.23     1.62
  SINCE OCT 1      5.65                      5.67  -0.02     3.09
  SINCE JAN 1      1.15                      2.17  -1.02     2.12

DEGREE DAYS
 HEATING
  TODAY           31                        33     -2       24
  MONTH TO DATE  663                       982   -319      847
  SINCE DEC 1   2710                      3494   -784     3334
  SINCE JUL 1   4440                      5495  -1055     5257

 COOLING
  TODAY            0                         0      0        0
  MONTH TO DATE    0                         0      0        0
  SINCE DEC 1      0                         0      0        0
  SINCE JAN 1      0                         0      0        0
..................................................................


WIND (MPH)
  HIGHEST WIND SPEED    16   HIGHEST WIND DIRECTION    NW (310)
  HIGHEST GUST SPEED    20   HIGHEST GUST DIRECTION    NW (310)
  AVERAGE WIND SPEED     3.5



WEATHER CONDITIONS
 THE FOLLOWING WEATHER WAS RECORDED TODAY.
  LIGHT RAIN
  LIGHT SNOW
  FOG


RELATIVE HUMIDITY (PERCENT)
 HIGHEST    92           100 AM
 LOWEST     67           400 PM
 AVERAGE    80

..........................................................


THE BURNS OR CLIMATE NORMALS FOR TOMORROW
                         NORMAL    RECORD    YEAR
 MAXIMUM TEMPERATURE (F)   44        64      1992
 MINIMUM TEMPERATURE (F)   22       -22      1993


SUNRISE AND SUNSET
FEBRUARY 27 2015......SUNRISE   636 AM PST   SUNSET   542 PM PST
FEBRUARY 28 2015......SUNRISE   634 AM PST   SUNSET   543 PM PST


-  INDICATES NEGATIVE NUMBERS.
R  INDICATES RECORD WAS SET OR TIED.
MM INDICATES DATA IS MISSING.
T  INDICATES TRACE AMOUNT.




$$
