000
CDUS45 KBOI 030932
CLIBNO


CLIMATE REPORT
NATIONAL WEATHER SERVICE BOISE ID
332 AM MDT THU SEP 3 2015


...................................

...THE BURNS OR CLIMATE SUMMARY FOR SEPTEMBER 2 2015...

CLIMATE NORMAL PERIOD 1981 TO 2010
CLIMATE RECORD PERIOD 1938 TO 2015


WEATHER ITEM   OBSERVED TIME   RECORD YEAR NORMAL DEPARTURE LAST
                VALUE   (LST)  VALUE       VALUE  FROM      YEAR
                                                  NORMAL
..................................................................
TEMPERATURE (F)
 YESTERDAY
  MAXIMUM         72    151 PM 100    1950  80     -8       87
  MINIMUM         48    540 AM  29    2012  41      7       34
  AVERAGE         60                        60      0       61

PRECIPITATION (IN)
  YESTERDAY        0.00          0.24 2000   0.02  -0.02     0.00
                                      1941
  MONTH TO DATE    0.00                      0.03  -0.03     0.00
  SINCE OCT 1      9.28                     10.51  -1.23     6.96
  SINCE JAN 1      4.78                      7.01  -2.23     5.99

DEGREE DAYS
 HEATING
  YESTERDAY        5                         5      0        4
  MONTH TO DATE    8                        10     -2       11
  SINCE SEP 1      8                        10     -2       11
  SINCE JUL 1     69                       147    -78       76

 COOLING
  YESTERDAY        0                         1     -1        0
  MONTH TO DATE    0                         2     -2        0
  SINCE SEP 1      0                         2     -2        0
  SINCE JAN 1    313                       208    105      313
..................................................................


WIND (MPH)
  HIGHEST WIND SPEED    18   HIGHEST WIND DIRECTION    NW (300)
  HIGHEST GUST SPEED    22   HIGHEST GUST DIRECTION     W (280)
  AVERAGE WIND SPEED     8.9


SKY COVER
  POSSIBLE SUNSHINE  MM
  AVERAGE SKY COVER 0.1


WEATHER CONDITIONS
 THE FOLLOWING WEATHER WAS RECORDED YESTERDAY.
  NO SIGNIFICANT WEATHER WAS OBSERVED.


RELATIVE HUMIDITY (PERCENT)
 HIGHEST    59          1100 PM
 LOWEST     22           200 PM
 AVERAGE    41

..........................................................


THE BURNS OR CLIMATE NORMALS FOR TODAY
                         NORMAL    RECORD    YEAR
 MAXIMUM TEMPERATURE (F)   80        97      1998
                                             1988
                                             1955
 MINIMUM TEMPERATURE (F)   40        27      1980


SUNRISE AND SUNSET
SEPTEMBER  3 2015.....SUNRISE   622 AM PDT   SUNSET   728 PM PDT
SEPTEMBER  4 2015.....SUNRISE   623 AM PDT   SUNSET   726 PM PDT


-  INDICATES NEGATIVE NUMBERS.
R  INDICATES RECORD WAS SET OR TIED.
MM INDICATES DATA IS MISSING.
T  INDICATES TRACE AMOUNT.




$$
