000
CDUS45 KBOI 230933
CLIBNO


CLIMATE REPORT
NATIONAL WEATHER SERVICE BOISE ID
232 AM MST SUN NOV 23 2014


...................................

...THE BURNS OR CLIMATE SUMMARY FOR NOVEMBER 22 2014...

CLIMATE NORMAL PERIOD 1981 TO 2010
CLIMATE RECORD PERIOD 1939 TO 2014


WEATHER ITEM   OBSERVED TIME   RECORD YEAR NORMAL DEPARTURE LAST
                VALUE   (LST)  VALUE       VALUE  FROM      YEAR
                                                  NORMAL
..................................................................
TEMPERATURE (F)
 YESTERDAY
  MAXIMUM         44   1237 PM  61    1954  41      3       46
                                      1939
  MINIMUM         26   1147 PM -12    1985  20      6        9
  AVERAGE         35                        31      4       28

PRECIPITATION (IN)
  YESTERDAY        0.05          1.25 1953   0.04   0.01     0.00
  MONTH TO DATE    1.00                      0.82   0.18     0.45
  SINCE OCT 1      2.15                      1.60   0.55     0.75
  SINCE JAN 1      8.40                      9.02  -0.62     6.68

DEGREE DAYS
 HEATING
  YESTERDAY       30                        34     -4       37
  MONTH TO DATE  733                       661     72      637
  SINCE SEP 1   1428                      1574   -146     1622
  SINCE JUL 1   1493                      1711   -218     1658

 COOLING
  YESTERDAY        0                         0      0        0
  MONTH TO DATE    0                         0      0        0
  SINCE SEP 1      5                         9     -4       21
  SINCE JAN 1    318                       215    103      372
..................................................................


WIND (MPH)
  HIGHEST WIND SPEED    26   HIGHEST WIND DIRECTION     W (270)
  HIGHEST GUST SPEED    34   HIGHEST GUST DIRECTION     W (270)
  AVERAGE WIND SPEED    11.4


SKY COVER
  POSSIBLE SUNSHINE  MM
  AVERAGE SKY COVER 0.4


WEATHER CONDITIONS
 THE FOLLOWING WEATHER WAS RECORDED YESTERDAY.
  LIGHT RAIN
  FOG


RELATIVE HUMIDITY (PERCENT)
 HIGHEST    86           400 AM
 LOWEST     65          1200 PM
 AVERAGE    76

..........................................................


THE BURNS OR CLIMATE NORMALS FOR TODAY
                         NORMAL    RECORD    YEAR
 MAXIMUM TEMPERATURE (F)   41        63      1954
 MINIMUM TEMPERATURE (F)   19        -8      1985


SUNRISE AND SUNSET
NOVEMBER 23 2014......SUNRISE   700 AM PST   SUNSET   424 PM PST
NOVEMBER 24 2014......SUNRISE   701 AM PST   SUNSET   424 PM PST


-  INDICATES NEGATIVE NUMBERS.
R  INDICATES RECORD WAS SET OR TIED.
MM INDICATES DATA IS MISSING.
T  INDICATES TRACE AMOUNT.




$$
