000
CDUS45 KBOI 210934
CLIBNO


CLIMATE REPORT
NATIONAL WEATHER SERVICE BOISE ID
233 AM MST TUE FEB 21 2017


...................................

...THE BURNS OR CLIMATE SUMMARY FOR FEBRUARY 20 2017...

CLIMATE NORMAL PERIOD 1981 TO 2010
CLIMATE RECORD PERIOD 1938 TO 2017


WEATHER ITEM   OBSERVED TIME   RECORD YEAR NORMAL DEPARTURE LAST
                VALUE   (LST)  VALUE       VALUE  FROM      YEAR
                                                  NORMAL
..................................................................
TEMPERATURE (F)
 YESTERDAY
  MAXIMUM         44    354 PM  63    1995  41      3       40
  MINIMUM         27    423 AM  -1    2006  19      8       15
  AVERAGE         36                        30      6       28

PRECIPITATION (IN)
  YESTERDAY        0.19          0.30 1979   0.04   0.15     0.00
  MONTH TO DATE    1.62                      0.71   0.91     0.19
  SINCE OCT 1      8.37                      5.40   2.97     6.54
  SINCE JAN 1      4.86                      1.90   2.96     1.67

DEGREE DAYS
 HEATING
  YESTERDAY       29                        35     -6       37
  MONTH TO DATE  704                       746    -42      624
  SINCE DEC 1   3718                      3258    460     3023
  SINCE JUL 1   5531                      5259    272     4884

 COOLING
  YESTERDAY        0                         0      0        0
  MONTH TO DATE    0                         0      0        0
  SINCE DEC 1      0                         0      0        0
  SINCE JAN 1      0                         0      0        0
..................................................................


WIND (MPH)
  HIGHEST WIND SPEED    20   HIGHEST WIND DIRECTION     S (180)
  HIGHEST GUST SPEED    22   HIGHEST GUST DIRECTION     S (180)
  AVERAGE WIND SPEED     7.4


SKY COVER
  POSSIBLE SUNSHINE  MM
  AVERAGE SKY COVER 0.6


WEATHER CONDITIONS
 THE FOLLOWING WEATHER WAS RECORDED YESTERDAY.
  LIGHT RAIN


RELATIVE HUMIDITY (PERCENT)
 HIGHEST   100          1000 PM
 LOWEST     58           400 PM
 AVERAGE    79

..........................................................


THE BURNS OR CLIMATE NORMALS FOR TODAY
                         NORMAL    RECORD    YEAR
 MAXIMUM TEMPERATURE (F)   41        63      1995
 MINIMUM TEMPERATURE (F)   20        -4      1952


SUNRISE AND SUNSET
FEBRUARY 21 2017......SUNRISE   645 AM PST   SUNSET   535 PM PST
FEBRUARY 22 2017......SUNRISE   643 AM PST   SUNSET   536 PM PST


-  INDICATES NEGATIVE NUMBERS.
R  INDICATES RECORD WAS SET OR TIED.
MM INDICATES DATA IS MISSING.
T  INDICATES TRACE AMOUNT.




$$
