000
CDUS45 KBOI 270932
CLIBNO


CLIMATE REPORT
NATIONAL WEATHER SERVICE BOISE ID
331 AM MDT SAT AUG 27 2016


...................................

...THE BURNS OR CLIMATE SUMMARY FOR AUGUST 26 2016...

CLIMATE NORMAL PERIOD 1981 TO 2010
CLIMATE RECORD PERIOD 1938 TO 2016


WEATHER ITEM   OBSERVED TIME   RECORD YEAR NORMAL DEPARTURE LAST
                VALUE   (LST)  VALUE       VALUE  FROM      YEAR
                                                  NORMAL
..................................................................
TEMPERATURE (F)
 YESTERDAY
  MAXIMUM         82    422 PM  96    1996  82      0       92
  MINIMUM         38    533 AM  28    2008  43     -5       38
                                      1993
  AVERAGE         60                        62     -2       65

PRECIPITATION (IN)
  YESTERDAY        0.00          0.09 1956   0.01  -0.01     0.00
  MONTH TO DATE    T                         0.30  -0.30     0.21
  SINCE OCT 1      9.26                     10.42  -1.16     9.28
  SINCE JAN 1      4.39                      6.92  -2.53     4.78

DEGREE DAYS
 HEATING
  YESTERDAY        5                         4      1        0
  MONTH TO DATE   53                        56     -3       16
  SINCE JUN 1    290                       332    -42       93
  SINCE JUL 1    110                       114     -4       44

 COOLING
  YESTERDAY        0                         1     -1        0
  MONTH TO DATE   90                        68     22       85
  SINCE JUN 1    226                       197     29      307
  SINCE JAN 1    226                       200     26      310
..................................................................


WIND (MPH)
  HIGHEST WIND SPEED    12   HIGHEST WIND DIRECTION     W (280)
  HIGHEST GUST SPEED    18   HIGHEST GUST DIRECTION    SW (240)
  AVERAGE WIND SPEED     5.8


SKY COVER
  POSSIBLE SUNSHINE  MM
  AVERAGE SKY COVER 0.0


WEATHER CONDITIONS
 THE FOLLOWING WEATHER WAS RECORDED YESTERDAY.
  NO SIGNIFICANT WEATHER WAS OBSERVED.


RELATIVE HUMIDITY (PERCENT)
 HIGHEST    53           500 AM
 LOWEST     12           300 PM
 AVERAGE    33

..........................................................


THE BURNS OR CLIMATE NORMALS FOR TODAY
                         NORMAL    RECORD    YEAR
 MAXIMUM TEMPERATURE (F)   82        95      1986
                                             1974
 MINIMUM TEMPERATURE (F)   42        32      1995
                                             1960


SUNRISE AND SUNSET
AUGUST 27 2016........SUNRISE   615 AM PDT   SUNSET   739 PM PDT
AUGUST 28 2016........SUNRISE   616 AM PDT   SUNSET   737 PM PDT


-  INDICATES NEGATIVE NUMBERS.
R  INDICATES RECORD WAS SET OR TIED.
MM INDICATES DATA IS MISSING.
T  INDICATES TRACE AMOUNT.




$$
