000
CDUS45 KBOI 090935
CLIBNO


CLIMATE REPORT
NATIONAL WEATHER SERVICE BOISE ID
234 AM MST FRI DEC 9 2016


...................................

...THE BURNS OR CLIMATE SUMMARY FOR DECEMBER 8 2016...

CLIMATE NORMAL PERIOD 1981 TO 2010
CLIMATE RECORD PERIOD 1938 TO 2016


WEATHER ITEM   OBSERVED TIME   RECORD YEAR NORMAL DEPARTURE LAST
                VALUE   (LST)  VALUE       VALUE  FROM      YEAR
                                                  NORMAL
..................................................................
TEMPERATURE (F)
 YESTERDAY
  MAXIMUM         22   1159 PM  57    1940  35    -13       50
  MINIMUM         17    653 AM -30    2013  15      2       37
  AVERAGE         20                        25     -5       44

PRECIPITATION (IN)
  YESTERDAY        0.20          0.56 2004   0.05   0.15      T
  MONTH TO DATE    0.22                      0.40  -0.18     0.50
  SINCE OCT 1      2.01                      2.35  -0.34     1.99
  SINCE JAN 1      6.53                      9.77  -3.24     7.36

DEGREE DAYS
 HEATING
  YESTERDAY       45                        40      5       21
  MONTH TO DATE  336                       313     23      283
  SINCE DEC 1    336                       313     23      283
  SINCE JUL 1   2149                      2314   -165     2144

 COOLING
  YESTERDAY        0                         0      0        0
  MONTH TO DATE    0                         0      0        0
  SINCE DEC 1      0                         0      0        0
  SINCE JAN 1    226                       215     11      330
..................................................................


WIND (MPH)
  HIGHEST WIND SPEED    23   HIGHEST WIND DIRECTION    NE (50)
  HIGHEST GUST SPEED    28   HIGHEST GUST DIRECTION    NE (40)
  AVERAGE WIND SPEED    11.1


SKY COVER
  POSSIBLE SUNSHINE  MM
  AVERAGE SKY COVER 1.0


WEATHER CONDITIONS
 THE FOLLOWING WEATHER WAS RECORDED YESTERDAY.
  LT FREEZING RAIN
  HEAVY SNOW
  SNOW
  LIGHT SNOW
  FOG
  FOG W/VISIBILITY <= 1/4 MILE


RELATIVE HUMIDITY (PERCENT)
 HIGHEST    91           500 PM
 LOWEST     67           500 AM
 AVERAGE    79

..........................................................


THE BURNS OR CLIMATE NORMALS FOR TODAY
                         NORMAL    RECORD    YEAR
 MAXIMUM TEMPERATURE (F)   35        54      1981
                                             1975
 MINIMUM TEMPERATURE (F)   15       -26      1972


SUNRISE AND SUNSET
DECEMBER  9 2016......SUNRISE   718 AM PST   SUNSET   419 PM PST
DECEMBER 10 2016......SUNRISE   719 AM PST   SUNSET   419 PM PST


-  INDICATES NEGATIVE NUMBERS.
R  INDICATES RECORD WAS SET OR TIED.
MM INDICATES DATA IS MISSING.
T  INDICATES TRACE AMOUNT.




$$
