000
CDUS45 KBOI 010121
CLIBOI


CLIMATE REPORT
NATIONAL WEATHER SERVICE BOISE ID
720 PM MDT FRI JUL 31 2015


...................................

...THE BOISE ID CLIMATE SUMMARY FOR JULY 31 2015...
VALID TODAY AS OF 0600 PM LOCAL TIME.

CLIMATE NORMAL PERIOD 1981 TO 2010
CLIMATE RECORD PERIOD 1878 TO 2015


WEATHER ITEM   OBSERVED TIME   RECORD YEAR NORMAL DEPARTURE LAST
                VALUE   (LST)  VALUE       VALUE  FROM      YEAR
                                                  NORMAL
..................................................................
TEMPERATURE (F)
 TODAY
  MAXIMUM         99    528 PM 109    1892  93      6       97
  MINIMUM         64    625 AM  44    1975  62      2       68
  AVERAGE         82                        78      4       83

PRECIPITATION (IN)
  TODAY            0.00          0.78 1976   0.01  -0.01     0.00
  MONTH TO DATE    0.97                      0.33   0.64     0.08
  SINCE OCT 1     11.84                     10.91   0.93    11.36
  SINCE JAN 1      5.93                      7.26  -1.33     8.45

DEGREE DAYS
 HEATING
  TODAY            0                         0      0        0
  MONTH TO DATE    0                         4     -4        0
  SINCE JUN 1      2                        72    -70       36
  SINCE JUL 1      0                         8     -8        0

 COOLING
  TODAY           17                        13      4       18
  MONTH TO DATE  369                       342     27      504
  SINCE JUN 1    707                       481    226      616
  SINCE JAN 1    742                       525    217      640
..................................................................


WIND (MPH)
  HIGHEST WIND SPEED    13   HIGHEST WIND DIRECTION     W (280)
  HIGHEST GUST SPEED    16   HIGHEST GUST DIRECTION     W (280)
  AVERAGE WIND SPEED     5.6



WEATHER CONDITIONS
 THE FOLLOWING WEATHER WAS RECORDED TODAY.
  NO SIGNIFICANT WEATHER WAS OBSERVED.


RELATIVE HUMIDITY (PERCENT)
 HIGHEST    37           700 AM
 LOWEST     11           500 PM
 AVERAGE    24

..........................................................


THE BOISE ID CLIMATE NORMALS FOR TOMORROW
                         NORMAL    RECORD    YEAR
 MAXIMUM TEMPERATURE (F)   93       106      1893
 MINIMUM TEMPERATURE (F)   62        42      1881


SUNRISE AND SUNSET
JULY 31 2015..........SUNRISE   633 AM MDT   SUNSET   909 PM MDT
AUGUST  1 2015........SUNRISE   634 AM MDT   SUNSET   908 PM MDT


-  INDICATES NEGATIVE NUMBERS.
R  INDICATES RECORD WAS SET OR TIED.
MM INDICATES DATA IS MISSING.
T  INDICATES TRACE AMOUNT.




$$
