000
CDUS45 KBOI 161155
CLIBOI


CLIMATE REPORT
NATIONAL WEATHER SERVICE BOISE ID
455 AM MST MON JAN 16 2017


...................................

...THE BOISE ID CLIMATE SUMMARY FOR JANUARY 15 2017...

CLIMATE NORMAL PERIOD 1981 TO 2010
CLIMATE RECORD PERIOD 1875 TO 2017


WEATHER ITEM   OBSERVED TIME   RECORD YEAR NORMAL DEPARTURE LAST
                VALUE   (LST)  VALUE       VALUE  FROM      YEAR
                                                  NORMAL
..................................................................
TEMPERATURE (F)
 YESTERDAY
  MAXIMUM         14    235 PM  56    1974  37    -23       36
                                      1951
                                      1909
  MINIMUM          2   1159 PM -26    1888  25    -23       30
  AVERAGE          8                        31    -23       33

PRECIPITATION (IN)
  YESTERDAY        T             0.91 1883   0.03  -0.03     0.03
  MONTH TO DATE    2.13                      0.66   1.47     0.23
  SINCE OCT 1      5.63                      4.31   1.32     4.57
  SINCE JAN 1      2.13                      0.66   1.47     0.23

SNOWFALL (IN)
  YESTERDAY        0.7           3.2  1952   0.1    0.6      0.5
  MONTH TO DATE   15.9                       2.8   13.1      2.1
  SINCE OCT 1     29.9                      12.5   17.4     10.1
  SINCE JUL 1     29.9                      12.5   17.4     10.1
  SNOW DEPTH       5

DEGREE DAYS
 HEATING
  YESTERDAY       57                        34     23       32
  MONTH TO DATE  687                       520    167      533
  SINCE DEC 1   1971                      1581    390     1556
  SINCE JUL 1   2876                      2835     41     2628

 COOLING
  YESTERDAY        0                         0      0        0
  MONTH TO DATE    0                         0      0        0
  SINCE DEC 1      0                         0      0        0
  SINCE JAN 1      0                         0      0        0
..................................................................


WIND (MPH)
  HIGHEST WIND SPEED     8   HIGHEST WIND DIRECTION    NW (310)
  HIGHEST GUST SPEED    17   HIGHEST GUST DIRECTION     N (340)
  AVERAGE WIND SPEED     4.3


SKY COVER
  POSSIBLE SUNSHINE  MM
  AVERAGE SKY COVER 0.7


WEATHER CONDITIONS
 THE FOLLOWING WEATHER WAS RECORDED YESTERDAY.
  LIGHT SNOW
  FOG
  HAZE


RELATIVE HUMIDITY (PERCENT)
 HIGHEST    95          1100 PM
 LOWEST     70           500 PM
 AVERAGE    83

..........................................................


THE BOISE ID CLIMATE NORMALS FOR TODAY
                         NORMAL    RECORD    YEAR
 MAXIMUM TEMPERATURE (F)   38        57      2000
                                             1923
 MINIMUM TEMPERATURE (F)   25       -28      1888


SUNRISE AND SUNSET
JANUARY 16 2017.......SUNRISE   814 AM MST   SUNSET   536 PM MST
JANUARY 17 2017.......SUNRISE   814 AM MST   SUNSET   537 PM MST


-  INDICATES NEGATIVE NUMBERS.
R  INDICATES RECORD WAS SET OR TIED.
MM INDICATES DATA IS MISSING.
T  INDICATES TRACE AMOUNT.




$$
