000
CDUS45 KBOI 140122
CLIBOI


CLIMATE REPORT
NATIONAL WEATHER SERVICE BOISE ID
622 PM MST WED DEC 13 2017


...................................

...THE BOISE ID CLIMATE SUMMARY FOR DECEMBER 13 2017...
VALID TODAY AS OF 0600 PM LOCAL TIME.

CLIMATE NORMAL PERIOD 1981 TO 2010
CLIMATE RECORD PERIOD 1875 TO 2017


WEATHER ITEM   OBSERVED TIME   RECORD YEAR NORMAL DEPARTURE LAST
                VALUE   (LST)  VALUE       VALUE  FROM      YEAR
                                                  NORMAL
..................................................................
TEMPERATURE (F)
 TODAY
  MAXIMUM         26    448 PM  65    1929  37    -11       34
  MINIMUM         22    845 AM -14    1972  24     -2       22
  AVERAGE         24                        31     -7       28

PRECIPITATION (IN)
  TODAY            T             0.80 1917   0.05  -0.05     0.00
  MONTH TO DATE    0.35                      0.64  -0.29     0.93
  SINCE OCT 1      2.72                      2.74  -0.02     2.44
  SINCE JAN 1     14.70                     10.82   3.88     7.62

DEGREE DAYS
 HEATING
  TODAY           41                        34      7       37
  MONTH TO DATE  464                       428     36      459
  SINCE DEC 1    464                       428     36      459
  SINCE JUL 1   1688                      1682      6     1364

 COOLING
  TODAY            0                         0      0        0
  MONTH TO DATE    0                         0      0        0
  SINCE DEC 1      0                         0      0        0
  SINCE JAN 1   1341                       942    399     1001
..................................................................


WIND (MPH)
  HIGHEST WIND SPEED    12   HIGHEST WIND DIRECTION    NW (300)
  HIGHEST GUST SPEED    15   HIGHEST GUST DIRECTION    NW (310)
  AVERAGE WIND SPEED     3.2



WEATHER CONDITIONS
 THE FOLLOWING WEATHER WAS RECORDED TODAY.
  LIGHT SNOW
  FOG


RELATIVE HUMIDITY (PERCENT)
 HIGHEST    96           900 AM
 LOWEST     88           800 AM
 AVERAGE    92

..........................................................


THE BOISE ID CLIMATE NORMALS FOR TOMORROW
                         NORMAL    RECORD    YEAR
 MAXIMUM TEMPERATURE (F)   37        64      1929
 MINIMUM TEMPERATURE (F)   24        -9      1972


SUNRISE AND SUNSET
DECEMBER 13 2017......SUNRISE   810 AM MST   SUNSET   509 PM MST
DECEMBER 14 2017......SUNRISE   811 AM MST   SUNSET   509 PM MST


-  INDICATES NEGATIVE NUMBERS.
R  INDICATES RECORD WAS SET OR TIED.
MM INDICATES DATA IS MISSING.
T  INDICATES TRACE AMOUNT.




$$
