631
CDUS45 KBOI 270120
CLIBOI


CLIMATE REPORT
NATIONAL WEATHER SERVICE BOISE ID
720 PM MDT FRI AUG 26 2016


...................................

...THE BOISE ID CLIMATE SUMMARY FOR AUGUST 26 2016...
VALID TODAY AS OF 0600 PM LOCAL TIME.

CLIMATE NORMAL PERIOD 1981 TO 2010
CLIMATE RECORD PERIOD 1875 TO 2016


WEATHER ITEM   OBSERVED TIME   RECORD YEAR NORMAL DEPARTURE LAST
                VALUE   (LST)  VALUE       VALUE  FROM      YEAR
                                                  NORMAL
..................................................................
TEMPERATURE (F)
 TODAY
  MAXIMUM         86    502 PM 104    2010  87     -1       95
                                      1996
  MINIMUM         57    459 AM  39    1993  58     -1       62
  AVERAGE         72                        72      0       79

PRECIPITATION (IN)
  TODAY            0.00          0.12 1903   0.01  -0.01     0.00
  MONTH TO DATE    T                         0.19  -0.19     0.18
  SINCE OCT 1      9.31                     11.10  -1.79    12.02
  SINCE JAN 1      4.97                      7.45  -2.48     6.11

DEGREE DAYS
 HEATING
  TODAY            0                         1     -1        0
  MONTH TO DATE    0                         1     -1        0
  SINCE JUN 1     45                        73    -28        2
  SINCE JUL 1      8                         9     -1        0

 COOLING
  TODAY            7                         8     -1       14
  MONTH TO DATE  261                       272    -11      337
  SINCE JUN 1    847                       753     94     1044
  SINCE JAN 1    878                       797     81     1079
..................................................................


WIND (MPH)
  HIGHEST WIND SPEED    14   HIGHEST WIND DIRECTION    NW (320)
  HIGHEST GUST SPEED    18   HIGHEST GUST DIRECTION    NW (330)
  AVERAGE WIND SPEED     5.3



WEATHER CONDITIONS
 THE FOLLOWING WEATHER WAS RECORDED TODAY.
  HAZE


RELATIVE HUMIDITY (PERCENT)
 HIGHEST    43           500 AM
 LOWEST     14           500 PM
 AVERAGE    29

..........................................................


THE BOISE ID CLIMATE NORMALS FOR TOMORROW
                         NORMAL    RECORD    YEAR
 MAXIMUM TEMPERATURE (F)   87       105      1883
 MINIMUM TEMPERATURE (F)   57        38      1960


SUNRISE AND SUNSET
AUGUST 26 2016........SUNRISE   703 AM MDT   SUNSET   830 PM MDT
AUGUST 27 2016........SUNRISE   704 AM MDT   SUNSET   828 PM MDT


-  INDICATES NEGATIVE NUMBERS.
R  INDICATES RECORD WAS SET OR TIED.
MM INDICATES DATA IS MISSING.
T  INDICATES TRACE AMOUNT.




$$
