000
CDUS45 KBOI 280121
CLIBOI


CLIMATE REPORT
NATIONAL WEATHER SERVICE BOISE ID
720 PM MDT TUE SEP 27 2016


...................................

...THE BOISE ID CLIMATE SUMMARY FOR SEPTEMBER 27 2016...
VALID TODAY AS OF 0600 PM LOCAL TIME.

CLIMATE NORMAL PERIOD 1981 TO 2010
CLIMATE RECORD PERIOD 1875 TO 2016


WEATHER ITEM   OBSERVED TIME   RECORD YEAR NORMAL DEPARTURE LAST
                VALUE   (LST)  VALUE       VALUE  FROM      YEAR
                                                  NORMAL
..................................................................
TEMPERATURE (F)
 TODAY
  MAXIMUM         86    448 PM  92    1957  74     12       78
  MINIMUM         54    448 AM  28    1886  47      7       50
  AVERAGE         70                        60     10       64

PRECIPITATION (IN)
  TODAY            0.00          0.51 1927   0.03  -0.03     0.00
  MONTH TO DATE    0.21                      0.51  -0.30     0.51
  SINCE OCT 1      9.52                     11.66  -2.14    12.53
  SINCE JAN 1      5.18                      8.01  -2.83     6.62

DEGREE DAYS
 HEATING
  TODAY            0                         6     -6        1
  MONTH TO DATE   89                        84      5       59
  SINCE SEP 1     89                        84      5       59
  SINCE JUL 1     97                       102     -5       59

 COOLING
  TODAY            5                         1      4        0
  MONTH TO DATE   32                        96    -64      109
  SINCE SEP 1     32                        96    -64      109
  SINCE JAN 1    969                       930     39     1245
..................................................................


WIND (MPH)
  HIGHEST WIND SPEED    13   HIGHEST WIND DIRECTION     S (160)
  HIGHEST GUST SPEED    15   HIGHEST GUST DIRECTION    SE (150)
  AVERAGE WIND SPEED     5.1



WEATHER CONDITIONS
 THE FOLLOWING WEATHER WAS RECORDED TODAY.
  NO SIGNIFICANT WEATHER WAS OBSERVED.


RELATIVE HUMIDITY (PERCENT)
 HIGHEST    61           500 AM
 LOWEST     21           400 PM
 AVERAGE    41

..........................................................


THE BOISE ID CLIMATE NORMALS FOR TOMORROW
                         NORMAL    RECORD    YEAR
 MAXIMUM TEMPERATURE (F)   74        95      1963
 MINIMUM TEMPERATURE (F)   47        30      1881


SUNRISE AND SUNSET
SEPTEMBER 27 2016.....SUNRISE   738 AM MDT   SUNSET   732 PM MDT
SEPTEMBER 28 2016.....SUNRISE   740 AM MDT   SUNSET   730 PM MDT


-  INDICATES NEGATIVE NUMBERS.
R  INDICATES RECORD WAS SET OR TIED.
MM INDICATES DATA IS MISSING.
T  INDICATES TRACE AMOUNT.




$$
