000
CDUS45 KBOI 040122
CLIBOI


CLIMATE REPORT
NATIONAL WEATHER SERVICE BOISE ID
621 PM MST SAT DEC 3 2016


...................................

...THE BOISE ID CLIMATE SUMMARY FOR DECEMBER 3 2016...
VALID TODAY AS OF 0600 PM LOCAL TIME.

CLIMATE NORMAL PERIOD 1981 TO 2010
CLIMATE RECORD PERIOD 1875 TO 2016


WEATHER ITEM   OBSERVED TIME   RECORD YEAR NORMAL DEPARTURE LAST
                VALUE   (LST)  VALUE       VALUE  FROM      YEAR
                                                  NORMAL
..................................................................
TEMPERATURE (F)
 TODAY
  MAXIMUM         45    410 PM  61    2007  40      5       42
  MINIMUM         33    652 AM  14    1891  26      7       27
  AVERAGE         39                        33      6       35

PRECIPITATION (IN)
  TODAY            0.00          0.69 1910   0.05  -0.05      T
  MONTH TO DATE    0.00                      0.15  -0.15      T
  SINCE OCT 1      1.51                      2.25  -0.74     2.63
  SINCE JAN 1      6.69                     10.33  -3.64     9.25

DEGREE DAYS
 HEATING
  TODAY           26                        32     -6       30
  MONTH TO DATE   93                        95     -2      125
  SINCE DEC 1     93                        95     -2      125
  SINCE JUL 1    998                      1349   -351     1197

 COOLING
  TODAY            0                         0      0        0
  MONTH TO DATE    0                         0      0        0
  SINCE DEC 1      0                         0      0        0
  SINCE JAN 1   1001                       942     59     1280
..................................................................


WIND (MPH)
  HIGHEST WIND SPEED    10   HIGHEST WIND DIRECTION    SE (150)
  HIGHEST GUST SPEED    13   HIGHEST GUST DIRECTION    SE (140)
  AVERAGE WIND SPEED     2.5



WEATHER CONDITIONS
 THE FOLLOWING WEATHER WAS RECORDED TODAY.
  NO SIGNIFICANT WEATHER WAS OBSERVED.


RELATIVE HUMIDITY (PERCENT)
 HIGHEST    75           900 AM
 LOWEST     53           100 PM
 AVERAGE    64

..........................................................


THE BOISE ID CLIMATE NORMALS FOR TOMORROW
                         NORMAL    RECORD    YEAR
 MAXIMUM TEMPERATURE (F)   40        61      1875
 MINIMUM TEMPERATURE (F)   26         4      1983


SUNRISE AND SUNSET
DECEMBER  3 2016......SUNRISE   801 AM MST   SUNSET   509 PM MST
DECEMBER  4 2016......SUNRISE   802 AM MST   SUNSET   509 PM MST


-  INDICATES NEGATIVE NUMBERS.
R  INDICATES RECORD WAS SET OR TIED.
MM INDICATES DATA IS MISSING.
T  INDICATES TRACE AMOUNT.




$$
