000
CDUS45 KBOI 250121
CLIBOI


CLIMATE REPORT
NATIONAL WEATHER SERVICE BOISE ID
621 PM MST MON NOV 24 2014


...................................

...THE BOISE ID CLIMATE SUMMARY FOR NOVEMBER 24 2014...
VALID TODAY AS OF 0600 PM LOCAL TIME.

CLIMATE NORMAL PERIOD 1981 TO 2010
CLIMATE RECORD PERIOD 1878 TO 2014


WEATHER ITEM   OBSERVED TIME   RECORD YEAR NORMAL DEPARTURE LAST
                VALUE   (LST)  VALUE       VALUE  FROM      YEAR
                                                  NORMAL
..................................................................
TEMPERATURE (F)
 TODAY
  MAXIMUM         47    335 PM  62    1990  44      3       40
                                      1949
  MINIMUM         29    820 AM   0    1993  29      0       23
  AVERAGE         38                        36      2       32

PRECIPITATION (IN)
  TODAY            0.00          0.61 1984   0.05  -0.05     0.00
  MONTH TO DATE    2.12                      1.06   1.06     1.49
  SINCE OCT 1      2.52                      1.81   0.71     2.25
  SINCE JAN 1     12.05                      9.89   2.16     8.91

DEGREE DAYS
 HEATING
  TODAY           27                        29     -2       33
  MONTH TO DATE  747                       569    178      584
  SINCE SEP 1   1012                      1057    -45     1127
  SINCE JUL 1   1016                      1075    -59     1127

 COOLING
  TODAY            0                         0      0        0
  MONTH TO DATE    0                         0      0        0
  SINCE SEP 1    146                       108     38      148
  SINCE JAN 1   1129                       942    187     1320
..................................................................


WIND (MPH)
  HIGHEST WIND SPEED    12   HIGHEST WIND DIRECTION    NW (300)
  HIGHEST GUST SPEED    16   HIGHEST GUST DIRECTION     W (290)
  AVERAGE WIND SPEED     4.5



WEATHER CONDITIONS
 THE FOLLOWING WEATHER WAS RECORDED TODAY.
  NO SIGNIFICANT WEATHER WAS OBSERVED.


RELATIVE HUMIDITY (PERCENT)
 HIGHEST    92           800 AM
 LOWEST     45           200 PM
 AVERAGE    69

..........................................................


THE BOISE ID CLIMATE NORMALS FOR TOMORROW
                         NORMAL    RECORD    YEAR
 MAXIMUM TEMPERATURE (F)   43        67      1960
 MINIMUM TEMPERATURE (F)   29         3      1985


SUNRISE AND SUNSET
NOVEMBER 24 2014......SUNRISE   750 AM MST   SUNSET   513 PM MST
NOVEMBER 25 2014......SUNRISE   751 AM MST   SUNSET   512 PM MST


-  INDICATES NEGATIVE NUMBERS.
R  INDICATES RECORD WAS SET OR TIED.
MM INDICATES DATA IS MISSING.
T  INDICATES TRACE AMOUNT.




$$
