000
CDUS45 KBOI 220930
CLIBOI


CLIMATE REPORT
NATIONAL WEATHER SERVICE BOISE ID
330 AM MDT TUE AUG 22 2017


...................................

...THE BOISE ID CLIMATE SUMMARY FOR AUGUST 21 2017...

CLIMATE NORMAL PERIOD 1981 TO 2010
CLIMATE RECORD PERIOD 1875 TO 2017


WEATHER ITEM   OBSERVED TIME   RECORD YEAR NORMAL DEPARTURE LAST
                VALUE   (LST)  VALUE       VALUE  FROM      YEAR
                                                  NORMAL
..................................................................
TEMPERATURE (F)
 YESTERDAY
  MAXIMUM         88    522 PM 101    2005  89     -1       95
                                      1897
  MINIMUM         56    544 AM  43    1918  59     -3       63
  AVERAGE         72                        74     -2       79

PRECIPITATION (IN)
  YESTERDAY        0.00          0.15 1923   0.00   0.00     0.00
  MONTH TO DATE    0.08                      0.15  -0.07      T
  SINCE OCT 1     14.78                     11.06   3.72     9.31
  SINCE JAN 1     11.28                      7.41   3.87     4.97

SNOWFALL (IN)
  YESTERDAY        0.0           0.0  2006   0.0    0.0      0.0
  MONTH TO DATE    0.0                       0.0    0.0      0.0
  SINCE OCT 1     39.1                      19.2   19.9     10.9
  SINCE JUL 1      0.0                       0.0    0.0      0.0
  SNOW DEPTH       0

DEGREE DAYS
 HEATING
  YESTERDAY        0                         0      0        0
  MONTH TO DATE    0                         0      0        0
  SINCE JUN 1     45                        72    -27       45
  SINCE JUL 1      0                         8     -8        8

 COOLING
  YESTERDAY        7                         9     -2       14
  MONTH TO DATE  264                       231     33      240
  SINCE JUN 1    956                       712    244      826
  SINCE JAN 1   1018                       756    262      857
..................................................................


WIND (MPH)
  HIGHEST WIND SPEED    14   HIGHEST WIND DIRECTION    NW (310)
  HIGHEST GUST SPEED    22   HIGHEST GUST DIRECTION    NW (310)
  AVERAGE WIND SPEED     4.6


SKY COVER
  POSSIBLE SUNSHINE  MM
  AVERAGE SKY COVER 0.0


WEATHER CONDITIONS
 THE FOLLOWING WEATHER WAS RECORDED YESTERDAY.
  NO SIGNIFICANT WEATHER WAS OBSERVED.


RELATIVE HUMIDITY (PERCENT)
 HIGHEST    55           500 AM
 LOWEST     17           400 PM
 AVERAGE    36

..........................................................


THE BOISE ID CLIMATE NORMALS FOR TODAY
                         NORMAL    RECORD    YEAR
 MAXIMUM TEMPERATURE (F)   88       101      1950
 MINIMUM TEMPERATURE (F)   59        39      1892


SUNRISE AND SUNSET
AUGUST 22 2017........SUNRISE   658 AM MDT   SUNSET   837 PM MDT
AUGUST 23 2017........SUNRISE   659 AM MDT   SUNSET   835 PM MDT


-  INDICATES NEGATIVE NUMBERS.
R  INDICATES RECORD WAS SET OR TIED.
MM INDICATES DATA IS MISSING.
T  INDICATES TRACE AMOUNT.




$$
