000
CDUS45 KBOI 260124
CLIBOI


CLIMATE REPORT
NATIONAL WEATHER SERVICE BOISE ID
723 PM MDT SAT OCT 25 2014


...................................

...THE BOISE ID CLIMATE SUMMARY FOR OCTOBER 25 2014...
VALID TODAY AS OF 0600 PM LOCAL TIME.

CLIMATE NORMAL PERIOD 1981 TO 2010
CLIMATE RECORD PERIOD 1878 TO 2014


WEATHER ITEM   OBSERVED TIME   RECORD YEAR NORMAL DEPARTURE LAST
                VALUE   (LST)  VALUE       VALUE  FROM      YEAR
                                                  NORMAL
..................................................................
TEMPERATURE (F)
 TODAY
  MAXIMUM         78    222 PM  81    1990  60     18       67
  MINIMUM         41    724 AM  21    1919  38      3       41
  AVERAGE         60                        49     11       54

PRECIPITATION (IN)
  TODAY            0.00          0.32 1956   0.03  -0.03     0.00
  MONTH TO DATE    0.40                      0.57  -0.17     0.02
  SINCE OCT 1      0.40                      0.57  -0.17     0.02
  SINCE JAN 1      9.93                      8.65   1.28     6.68

DEGREE DAYS
 HEATING
  TODAY            5                        16    -11       11
  MONTH TO DATE  135                       281   -146      350
  SINCE SEP 1    187                       384   -197      441
  SINCE JUL 1    191                       402   -211      441

 COOLING
  TODAY            0                         0      0        0
  MONTH TO DATE   10                         7      3        0
  SINCE SEP 1    146                       107     39      148
  SINCE JAN 1   1129                       941    188     1320
..................................................................


WIND (MPH)
  HIGHEST WIND SPEED    20   HIGHEST WIND DIRECTION     S (180)
  HIGHEST GUST SPEED    26   HIGHEST GUST DIRECTION     S (170)
  AVERAGE WIND SPEED     5.0



WEATHER CONDITIONS
 THE FOLLOWING WEATHER WAS RECORDED TODAY.
  FOG
  FOG W/VISIBILITY <= 1/4 MILE


RELATIVE HUMIDITY (PERCENT)
 HIGHEST   100           100 AM
 LOWEST     23           200 PM
 AVERAGE    62

..........................................................


THE BOISE ID CLIMATE NORMALS FOR TOMORROW
                         NORMAL    RECORD    YEAR
 MAXIMUM TEMPERATURE (F)   60        81      1891
 MINIMUM TEMPERATURE (F)   38        19      1878


SUNRISE AND SUNSET
OCTOBER 25 2014.......SUNRISE   812 AM MDT   SUNSET   646 PM MDT
OCTOBER 26 2014.......SUNRISE   813 AM MDT   SUNSET   644 PM MDT


-  INDICATES NEGATIVE NUMBERS.
R  INDICATES RECORD WAS SET OR TIED.
MM INDICATES DATA IS MISSING.
T  INDICATES TRACE AMOUNT.




$$
