000
CDUS45 KBOI 260121
CLIBOI


CLIMATE REPORT
NATIONAL WEATHER SERVICE BOISE ID
721 PM MDT SAT MAR 25 2017


...................................

...THE BOISE ID CLIMATE SUMMARY FOR MARCH 25 2017...
VALID TODAY AS OF 0600 PM LOCAL TIME.

CLIMATE NORMAL PERIOD 1981 TO 2010
CLIMATE RECORD PERIOD 1875 TO 2017


WEATHER ITEM   OBSERVED TIME   RECORD YEAR NORMAL DEPARTURE LAST
                VALUE   (LST)  VALUE       VALUE  FROM      YEAR
                                                  NORMAL
..................................................................
TEMPERATURE (F)
 TODAY
  MAXIMUM         57    439 PM  78    1877  57      0       50
  MINIMUM         37    748 AM  20    1965  36      1       33
  AVERAGE         47                        47      0       42

PRECIPITATION (IN)
  TODAY            0.00          0.64 1897   0.05  -0.05      T
  MONTH TO DATE    0.98                      1.11  -0.13     1.46
  SINCE OCT 1      8.66                      6.99   1.67     7.30
  SINCE JAN 1      5.16                      3.34   1.82     2.96

DEGREE DAYS
 HEATING
  TODAY           18                        18      0       23
  MONTH TO DATE  384                       530   -146      423
  SINCE MAR 1    384                       530   -146      423
  SINCE JUL 1   4671                      4689    -18     4172

 COOLING
  TODAY            0                         0      0        0
  MONTH TO DATE    0                         0      0        0
  SINCE MAR 1      0                         0      0        0
  SINCE JAN 1      0                         0      0        0
..................................................................


WIND (MPH)
  HIGHEST WIND SPEED    17   HIGHEST WIND DIRECTION    NW (310)
  HIGHEST GUST SPEED    24   HIGHEST GUST DIRECTION     N (340)
  AVERAGE WIND SPEED     5.8



WEATHER CONDITIONS
 THE FOLLOWING WEATHER WAS RECORDED TODAY.
  NO SIGNIFICANT WEATHER WAS OBSERVED.


RELATIVE HUMIDITY (PERCENT)
 HIGHEST    92           300 AM
 LOWEST     36           400 PM
 AVERAGE    64

..........................................................


THE BOISE ID CLIMATE NORMALS FOR TOMORROW
                         NORMAL    RECORD    YEAR
 MAXIMUM TEMPERATURE (F)   57        82      1877
 MINIMUM TEMPERATURE (F)   36        18      1913


SUNRISE AND SUNSET
MARCH 25 2017.........SUNRISE   738 AM MDT   SUNSET   804 PM MDT
MARCH 26 2017.........SUNRISE   737 AM MDT   SUNSET   805 PM MDT


-  INDICATES NEGATIVE NUMBERS.
R  INDICATES RECORD WAS SET OR TIED.
MM INDICATES DATA IS MISSING.
T  INDICATES TRACE AMOUNT.




$$
