000
CDUS41 KBOX 170541
CLIBOS


CLIMATE REPORT
NATIONAL WEATHER SERVICE TAUNTON MA
137 AM EDT THU APR 17 2014


...................................

...THE BOSTON MA CLIMATE SUMMARY FOR APRIL 16 2014...

CLIMATE NORMAL PERIOD 1981 TO 2010
CLIMATE RECORD PERIOD 1872 TO 2014


WEATHER ITEM   OBSERVED TIME   RECORD YEAR NORMAL DEPARTURE LAST
                VALUE   (LST)  VALUE       VALUE  FROM      YEAR
                                                  NORMAL
..................................................................
TEMPERATURE (F)
 YESTERDAY
  MAXIMUM         45    323 PM  87    2012  56    -11       64
  MINIMUM         31    656 AM  28    1943  41    -10       39
                                      1928
                                      1908
  AVERAGE         38                        48    -10       52

PRECIPITATION (IN)
  YESTERDAY        0.36          2.50 1929   0.12   0.24      T
  MONTH TO DATE    2.26                      2.16   0.10     0.78
  SINCE MAR 1      6.74                      6.48   0.26     4.10
  SINCE JAN 1     14.11                     13.09   1.02    10.44

SNOWFALL (IN)
  YESTERDAY        0.3           1.0  1992   0.1    0.2      0.0
  MONTH TO DATE    0.3                       1.6   -1.3       T
  SINCE MAR 1      2.5                       9.4   -6.9     20.6
  SINCE JUL 1     58.9                      43.5   15.4     63.4
  SNOW DEPTH      MM

DEGREE DAYS
 HEATING
  YESTERDAY       27                        17     10       13
  MONTH TO DATE  249                       310    -61      300
  SINCE MAR 1   1219                      1139     80     1139
  SINCE JUL 1   5367                      5181    186     4941

 COOLING
  YESTERDAY        0                         0      0        0
  MONTH TO DATE    1                         0      1        0
  SINCE MAR 1      1                         0      1        0
  SINCE JAN 1      1                         0      1        0
..................................................................


WIND (MPH)
  RESULTANT WIND SPEED  15   RESULTANT WIND DIRECTION  NW (330)
  HIGHEST WIND SPEED    26   HIGHEST WIND DIRECTION    NW (320)
  HIGHEST GUST SPEED    35   HIGHEST GUST DIRECTION    NW (320)
  AVERAGE WIND SPEED    15.0


SKY COVER
  POSSIBLE SUNSHINE  MM
  AVERAGE SKY COVER 0.4


WEATHER CONDITIONS
 THE FOLLOWING WEATHER WAS RECORDED YESTERDAY.
  HEAVY RAIN
  RAIN
  LIGHT RAIN
  LIGHT SNOW
  SLEET
  FOG


RELATIVE HUMIDITY (PERCENT)
 HIGHEST    85           100 AM
 LOWEST     28           300 PM
 AVERAGE    57

..........................................................


THE BOSTON MA CLIMATE NORMALS FOR TODAY
                         NORMAL    RECORD    YEAR
 MAXIMUM TEMPERATURE (F)   56        93      2002
 MINIMUM TEMPERATURE (F)   41        26      1908


SUNRISE AND SUNSET
APRIL 17 2014.........SUNRISE   600 AM EDT   SUNSET   728 PM EDT
APRIL 18 2014.........SUNRISE   559 AM EDT   SUNSET   729 PM EDT


-  INDICATES NEGATIVE NUMBERS.
R  INDICATES RECORD WAS SET OR TIED.
MM INDICATES DATA IS MISSING.
T  INDICATES TRACE AMOUNT.




$$
