000
CDUS41 KBOX 270555
CLIBOS


CLIMATE REPORT
NATIONAL WEATHER SERVICE TAUNTON MA
152 AM EDT FRI MAR 27 2015


...................................

...THE BOSTON MA CLIMATE SUMMARY FOR MARCH 26 2015...

CLIMATE NORMAL PERIOD 1981 TO 2010
CLIMATE RECORD PERIOD 1872 TO 2015


WEATHER ITEM   OBSERVED TIME   RECORD YEAR NORMAL DEPARTURE LAST
                VALUE   (LST)  VALUE       VALUE  FROM      YEAR
                                                  NORMAL
..................................................................
TEMPERATURE (F)
 YESTERDAY
  MAXIMUM         56   1230 PM  79    1922  48      8       35
  MINIMUM         38    103 AM  13    1960  34      4       24
  AVERAGE         47                        41      6       30

PRECIPITATION (IN)
  YESTERDAY        0.80          2.56 1877   0.15   0.65      T
  MONTH TO DATE    2.72                      3.61  -0.89     0.82
  SINCE MAR 1      2.72                      3.61  -0.89     0.82
  SINCE JAN 1      9.66                     10.22  -0.56     8.19

SNOWFALL (IN)
  YESTERDAY        0.0           3.0  1899   0.2   -0.2       T
  MONTH TO DATE    8.3                       7.0    1.3      2.2
  SINCE MAR 1      8.3                       7.0    1.3      2.2
  SINCE JUL 1    110.3                      41.1   69.2     58.6
  SNOW DEPTH      MM

DEGREE DAYS
 HEATING
  YESTERDAY       18                        24     -6       35
  MONTH TO DATE  844                       714    130      851
  SINCE MAR 1    844                       714    130      851
  SINCE JUL 1   5159                      4756    403     4999

 COOLING
  YESTERDAY        0                         0      0        0
  MONTH TO DATE    0                         0      0        0
  SINCE MAR 1      0                         0      0        0
  SINCE JAN 1      0                         0      0        0
..................................................................


WIND (MPH)
  RESULTANT WIND SPEED   6   RESULTANT WIND DIRECTION  SW (220)
  HIGHEST WIND SPEED    16   HIGHEST WIND DIRECTION    SW (210)
  HIGHEST GUST SPEED    23   HIGHEST GUST DIRECTION     W (250)
  AVERAGE WIND SPEED     8.8


SKY COVER
  POSSIBLE SUNSHINE  MM
  AVERAGE SKY COVER 1.0


WEATHER CONDITIONS
 THE FOLLOWING WEATHER WAS RECORDED YESTERDAY.
  HEAVY RAIN
  RAIN
  LIGHT RAIN
  FOG
  FOG W/VISIBILITY <= 1/4 MILE


RELATIVE HUMIDITY (PERCENT)
 HIGHEST   100           100 AM
 LOWEST     71          1200 PM
 AVERAGE    86

..........................................................


THE BOSTON MA CLIMATE NORMALS FOR TODAY
                         NORMAL    RECORD    YEAR
 MAXIMUM TEMPERATURE (F)   49        79      1998
 MINIMUM TEMPERATURE (F)   34        16      1873


SUNRISE AND SUNSET
MARCH 27 2015.........SUNRISE   636 AM EDT   SUNSET   704 PM EDT
MARCH 28 2015.........SUNRISE   634 AM EDT   SUNSET   705 PM EDT


-  INDICATES NEGATIVE NUMBERS.
R  INDICATES RECORD WAS SET OR TIED.
MM INDICATES DATA IS MISSING.
T  INDICATES TRACE AMOUNT.




$$
