000
CDUS41 KBOX 232147
CLIBOS


CLIMATE REPORT
NATIONAL WEATHER SERVICE TAUNTON MA
437 PM EST FRI FEB 23 2018


...................................

...THE BOSTON MA CLIMATE SUMMARY FOR FEBRUARY 23 2018...
VALID TODAY AS OF 0400 PM LOCAL TIME.

CLIMATE NORMAL PERIOD 1981 TO 2010
CLIMATE RECORD PERIOD 1872 TO 2018


WEATHER ITEM   OBSERVED TIME   RECORD YEAR NORMAL DEPARTURE LAST
                VALUE   (LST)  VALUE       VALUE  FROM      YEAR
                                                  NORMAL
..................................................................
TEMPERATURE (F)
 TODAY
  MAXIMUM         40    108 PM  68    2017  40      0       68
  MINIMUM         31    709 AM  -3    1876  26      5       39
  AVERAGE         36                        33      3       54

PRECIPITATION (IN)
  TODAY            T             1.36 1884   0.12  -0.12     0.00
  MONTH TO DATE    3.13                      2.61   0.52     3.12
  SINCE DEC 1     10.54                      9.75   0.79    10.62
  SINCE JAN 1      8.05                      5.97   2.08     7.37

SNOWFALL (IN)
  TODAY            0.0           5.5  1994   0.4   -0.4      0.0
  MONTH TO DATE    8.3                       9.0   -0.7     21.5
  SINCE DEC 1     35.3                      30.9    4.4     36.3
  SINCE JUL 1     35.3                      32.2    3.1     36.3
  SNOW DEPTH      MM

DEGREE DAYS
 HEATING
  TODAY           29                        32     -3       11
  MONTH TO DATE  649                       775   -126      712
  SINCE DEC 1   2825                      2830     -5     2547
  SINCE JUL 1   3652                      3885   -233     3462

 COOLING
  TODAY            0                         0      0        0
  MONTH TO DATE    0                         0      0        0
  SINCE DEC 1      0                         0      0        0
  SINCE JAN 1      0                         0      0        0
..................................................................


WIND (MPH)
  HIGHEST WIND SPEED    17   HIGHEST WIND DIRECTION     E (90)
  HIGHEST GUST SPEED    20   HIGHEST GUST DIRECTION     E (110)
  AVERAGE WIND SPEED     7.8


SKY COVER
  POSSIBLE SUNSHINE  MM
  AVERAGE SKY COVER 0.6


WEATHER CONDITIONS
 THE FOLLOWING WEATHER WAS RECORDED TODAY.
  LIGHT RAIN


RELATIVE HUMIDITY (PERCENT)
 HIGHEST    92           500 AM
 LOWEST     64          1100 AM
 AVERAGE    78

..........................................................


THE BOSTON MA CLIMATE NORMALS FOR TOMORROW
                         NORMAL    RECORD    YEAR
 MAXIMUM TEMPERATURE (F)   41        73      2017
 MINIMUM TEMPERATURE (F)   26        -7      1894


SUNRISE AND SUNSET
FEBRUARY 23 2018......SUNRISE   629 AM EST   SUNSET   527 PM EST
FEBRUARY 24 2018......SUNRISE   627 AM EST   SUNSET   528 PM EST


-  INDICATES NEGATIVE NUMBERS.
R  INDICATES RECORD WAS SET OR TIED.
MM INDICATES DATA IS MISSING.
T  INDICATES TRACE AMOUNT.




$$
