000
CDUS45 KRIW 240735
CLIBPI


CLIMATE REPORT
NATIONAL WEATHER SERVICE RIVERTON WY
133 AM MDT SAT JUN 24 2017


...................................

...THE BIG PINEY WY CLIMATE SUMMARY FOR JUNE 23 2017...

CLIMATE NORMAL PERIOD 1981 TO 2010
CLIMATE RECORD PERIOD 1976 TO 2017


WEATHER ITEM   OBSERVED TIME   RECORD YEAR NORMAL DEPARTURE LAST
                VALUE   (LST)  VALUE       VALUE  FROM      YEAR
                                                  NORMAL
..................................................................
TEMPERATURE (F)
 YESTERDAY
  MAXIMUM         75    334 PM  90    2012  75      0       87
  MINIMUM         38    218 AM  27    2013  39     -1       44
                                      2010
  AVERAGE         57                        57      0       66

PRECIPITATION (IN)
  YESTERDAY        0.00          T    2011   0.03  -0.03     0.00
                                      2008
                                      2003
  MONTH TO DATE    0.14                      0.65  -0.51     0.51
  SINCE JUN 1      0.14                      0.65  -0.51     0.51
  SINCE JAN 1      5.60                      3.12   2.48     6.56

DEGREE DAYS
 HEATING
  YESTERDAY        8                         8      0        0
  MONTH TO DATE  204                       256    -52      143
  SINCE JUN 1    204                       256    -52      143
  SINCE JUL 1  10167                     10382   -215     9408

 COOLING
  YESTERDAY        0                         0      0        1
  MONTH TO DATE    1                         0      1        1
  SINCE JUN 1      1                         0      1        1
  SINCE JAN 1      1                         0      1        1
..................................................................


WIND (MPH)
  HIGHEST WIND SPEED    20   HIGHEST WIND DIRECTION     N (340)
  HIGHEST GUST SPEED    24   HIGHEST GUST DIRECTION    NW (330)
  AVERAGE WIND SPEED     8.6


SKY COVER
  POSSIBLE SUNSHINE  MM
  AVERAGE SKY COVER 0.0


WEATHER CONDITIONS
 THE FOLLOWING WEATHER WAS RECORDED YESTERDAY.
  NO SIGNIFICANT WEATHER WAS OBSERVED.


RELATIVE HUMIDITY (PERCENT)
 HIGHEST    73           200 AM
 LOWEST     14           500 PM
 AVERAGE    44

..........................................................


THE BIG PINEY WY CLIMATE NORMALS FOR TODAY
                         NORMAL    RECORD    YEAR
 MAXIMUM TEMPERATURE (F)   75        91      2012
 MINIMUM TEMPERATURE (F)   40        27      1976


SUNRISE AND SUNSET
JUNE 24 2017..........SUNRISE   544 AM MDT   SUNSET   902 PM MDT
JUNE 25 2017..........SUNRISE   544 AM MDT   SUNSET   902 PM MDT


-  INDICATES NEGATIVE NUMBERS.
R  INDICATES RECORD WAS SET OR TIED.
MM INDICATES DATA IS MISSING.
T  INDICATES TRACE AMOUNT.




$$
