000
CDUS45 KRIW 020036
CLIBPI


CLIMATE REPORT
NATIONAL WEATHER SERVICE RIVERTON WY
533 PM MST SUN FEB 1 2015


...................................

...THE BIG PINEY WY CLIMATE SUMMARY FOR FEBRUARY 1 2015...
VALID TODAY AS OF 0500 PM LOCAL TIME.

CLIMATE NORMAL PERIOD 1981 TO 2010
CLIMATE RECORD PERIOD 1976 TO 2015


WEATHER ITEM   OBSERVED TIME   RECORD YEAR NORMAL DEPARTURE LAST
                VALUE   (LST)  VALUE       VALUE  FROM      YEAR
                                                  NORMAL
..................................................................
TEMPERATURE (F)
 TODAY
  MAXIMUM         34        MM  50    2003  26      8       23
  MINIMUM          5        MM -44    1985  -2      7      -14
  AVERAGE         20

PRECIPITATION (IN)
  TODAY            0.00          0.08 1989   0.01  -0.01      T
  MONTH TO DATE    0.00                      0.01  -0.01      T
  SINCE DEC 1      0.13                      0.62  -0.49     0.21
  SINCE JAN 1      0.01                      0.32  -0.31     0.02

DEGREE DAYS
 HEATING
  TODAY           45                        54     -9       60
  MONTH TO DATE   45                        54     -9       60
  SINCE DEC 1   2856                      3352   -496     3198
  SINCE JUL 1   5084                      6167  -1083     5663

 COOLING
  TODAY            0                         0      0        0
  MONTH TO DATE    0                         0      0        0
  SINCE DEC 1      0                         0      0        0
  SINCE JAN 1      0                         0      0        0
..................................................................


WIND (MPH)
  HIGHEST WIND SPEED    12   HIGHEST WIND DIRECTION     N (350)
  HIGHEST GUST SPEED    MM   HIGHEST GUST DIRECTION    MM
  AVERAGE WIND SPEED     4.1


SKY COVER
  POSSIBLE SUNSHINE  MM
  AVERAGE SKY COVER 0.2


WEATHER CONDITIONS
 THE FOLLOWING WEATHER WAS RECORDED TODAY.
  NO SIGNIFICANT WEATHER WAS OBSERVED.


RELATIVE HUMIDITY (PERCENT)
 HIGHEST    80           800 AM
 LOWEST     29           400 PM
 AVERAGE    55

..........................................................


THE BIG PINEY WY CLIMATE NORMALS FOR TOMORROW
                         NORMAL    RECORD    YEAR
 MAXIMUM TEMPERATURE (F)   26        40      2009
                                             1995
 MINIMUM TEMPERATURE (F)   -3       -34      2011


SUNRISE AND SUNSET
FEBRUARY  1 2015......SUNRISE   735 AM MST   SUNSET   534 PM MST
FEBRUARY  2 2015......SUNRISE   734 AM MST   SUNSET   535 PM MST


-  INDICATES NEGATIVE NUMBERS.
R  INDICATES RECORD WAS SET OR TIED.
MM INDICATES DATA IS MISSING.
T  INDICATES TRACE AMOUNT.




$$
