000
CDUS45 KRIW 210737
CLIBPI


CLIMATE REPORT
NATIONAL WEATHER SERVICE RIVERTON WY
1227 AM MST SUN DEC 21 2014


...................................

...THE BIG PINEY WY CLIMATE SUMMARY FOR DECEMBER 20 2014...

CLIMATE NORMAL PERIOD 1981 TO 2010
CLIMATE RECORD PERIOD 1976 TO 2014


WEATHER ITEM   OBSERVED TIME   RECORD YEAR NORMAL DEPARTURE LAST
                VALUE   (LST)  VALUE       VALUE  FROM      YEAR
                                                  NORMAL
..................................................................
TEMPERATURE (F)
 YESTERDAY
  MAXIMUM         35    341 PM  45    1980  26      9       18
  MINIMUM         18    742 AM -28    1998  -1     19       -6
  AVERAGE         27                        12     15        6

PRECIPITATION (IN)
  YESTERDAY        T             0.19 2007   0.01  -0.01     0.00
  MONTH TO DATE    T                         0.18  -0.18     0.17
  SINCE DEC 1      T                         0.18  -0.18     0.17
  SINCE JAN 1      4.67                      6.36  -1.69     4.68

DEGREE DAYS
 HEATING
  YESTERDAY       38                        53    -15       59
  MONTH TO DATE  741                      1032   -291     1087
  SINCE DEC 1    741                      1032   -291     1087
  SINCE JUL 1   2969                      3847   -878     3552

 COOLING
  YESTERDAY        0                         0      0        0
  MONTH TO DATE    0                         0      0        0
  SINCE DEC 1      0                         0      0        0
  SINCE JAN 1     26                        35     -9       89
..................................................................


WIND (MPH)
  HIGHEST WIND SPEED    10   HIGHEST WIND DIRECTION     E (70)
  HIGHEST GUST SPEED    12   HIGHEST GUST DIRECTION     E (70)
  AVERAGE WIND SPEED     3.4


SKY COVER
  POSSIBLE SUNSHINE  MM
  AVERAGE SKY COVER 0.7


WEATHER CONDITIONS
 THE FOLLOWING WEATHER WAS RECORDED YESTERDAY.
  FOG


RELATIVE HUMIDITY (PERCENT)
 HIGHEST    92           600 AM
 LOWEST     64           200 PM
 AVERAGE    78

..........................................................


THE BIG PINEY WY CLIMATE NORMALS FOR TODAY
                         NORMAL    RECORD    YEAR
 MAXIMUM TEMPERATURE (F)   26        47      1980
 MINIMUM TEMPERATURE (F)   -1       -46      1990


SUNRISE AND SUNSET
DECEMBER 21 2014......SUNRISE   747 AM MST   SUNSET   450 PM MST
DECEMBER 22 2014......SUNRISE   747 AM MST   SUNSET   451 PM MST


-  INDICATES NEGATIVE NUMBERS.
R  INDICATES RECORD WAS SET OR TIED.
MM INDICATES DATA IS MISSING.
T  INDICATES TRACE AMOUNT.




$$
