000
CDUS45 KRIW 250746
CLIBPI


CLIMATE REPORT
NATIONAL WEATHER SERVICE RIVERTON WY
1243 AM MST TUE NOV 25 2014


...................................

...THE BIG PINEY WY CLIMATE SUMMARY FOR NOVEMBER 24 2014...

CLIMATE NORMAL PERIOD 1981 TO 2010
CLIMATE RECORD PERIOD 1976 TO 2014


WEATHER ITEM   OBSERVED TIME   RECORD YEAR NORMAL DEPARTURE LAST
                VALUE   (LST)  VALUE       VALUE  FROM      YEAR
                                                  NORMAL
..................................................................
TEMPERATURE (F)
 YESTERDAY
  MAXIMUM         41    303 PM  53    2012  33      8       27
                                      1995
  MINIMUM         16   1119 PM -18    2010   6     10      -10
  AVERAGE         29                        19     10        9

PRECIPITATION (IN)
  YESTERDAY        T             0.09 2002   0.00   0.00     0.00
  MONTH TO DATE    0.05                      0.17  -0.12     0.29
  SINCE SEP 1      1.30                      1.48  -0.18     1.51
  SINCE JAN 1      4.67                      6.14  -1.47     4.51

DEGREE DAYS
 HEATING
  YESTERDAY       36                        46    -10       56
  MONTH TO DATE  955                       951      4      939
  SINCE SEP 1   2003                      2238   -235     2099
  SINCE JUL 1   2232                      2531   -299     2200

 COOLING
  YESTERDAY        0                         0      0        0
  MONTH TO DATE    0                         0      0        0
  SINCE SEP 1      0                         0      0        5
  SINCE JAN 1     26                        35     -9       89
..................................................................


WIND (MPH)
  HIGHEST WIND SPEED    28   HIGHEST WIND DIRECTION     N (340)
  HIGHEST GUST SPEED    36   HIGHEST GUST DIRECTION    NW (330)
  AVERAGE WIND SPEED    13.1


SKY COVER
  POSSIBLE SUNSHINE  MM
  AVERAGE SKY COVER 0.3


WEATHER CONDITIONS
 THE FOLLOWING WEATHER WAS RECORDED YESTERDAY.
  SNOW
  LIGHT SNOW
  HAZE


RELATIVE HUMIDITY (PERCENT)
 HIGHEST    67           600 PM
 LOWEST     28           200 PM
 AVERAGE    48

..........................................................


THE BIG PINEY WY CLIMATE NORMALS FOR TODAY
                         NORMAL    RECORD    YEAR
 MAXIMUM TEMPERATURE (F)   32        52      1995
 MINIMUM TEMPERATURE (F)    6       -23      2010


SUNRISE AND SUNSET
NOVEMBER 25 2014......SUNRISE   724 AM MST   SUNSET   451 PM MST
NOVEMBER 26 2014......SUNRISE   725 AM MST   SUNSET   450 PM MST


-  INDICATES NEGATIVE NUMBERS.
R  INDICATES RECORD WAS SET OR TIED.
MM INDICATES DATA IS MISSING.
T  INDICATES TRACE AMOUNT.




$$
