000
CDUS44 KLCH 260912
CLIBPT


CLIMATE REPORT
NATIONAL WEATHER SERVICE LAKE CHARLES, LA
411 AM CDT SUN MAR 26 2017


...................................

...THE BEAUMONT PORT ARTHUR CLIMATE SUMMARY FOR MARCH 25 2017...

CLIMATE NORMAL PERIOD 1981 TO 2010
CLIMATE RECORD PERIOD 1901 TO 2017


WEATHER ITEM   OBSERVED TIME   RECORD YEAR NORMAL DEPARTURE LAST
                VALUE   (LST)  VALUE       VALUE  FROM      YEAR
                                                  NORMAL
..................................................................
TEMPERATURE (F)
 YESTERDAY
  MAXIMUM         81    315 PM  89    1917  74      7       73
  MINIMUM         59    958 AM  36    2006  54      5       46
                                      1912
  AVERAGE         70                        64      6       60

PRECIPITATION (IN)
  YESTERDAY        2.79R         1.62 2009   0.12   2.67     0.00
  MONTH TO DATE    4.15                      2.85   1.30     4.69
  SINCE MAR 1      4.15                      2.85   1.30     4.69
  SINCE JAN 1      6.20                     11.69  -5.49    10.65

SNOWFALL (IN)
  YESTERDAY        0.0           0.0    MM   0.0    0.0      0.0
  MONTH TO DATE    0.0                       0.0    0.0      0.0
  SINCE MAR 1      0.0                       0.0    0.0      0.0
  SINCE JUL 1      0.0                       T      0.0      0.0
  SNOW DEPTH       0

DEGREE DAYS
 HEATING
  YESTERDAY        0                         3     -3        5
  MONTH TO DATE   54                       130    -76       52
  SINCE MAR 1     54                       130    -76       52
  SINCE JUL 1    609                      1343   -734      876

 COOLING
  YESTERDAY        5                         2      3        0
  MONTH TO DATE  107                        39     68      100
  SINCE MAR 1    107                        39     68      100
  SINCE JAN 1    301                        65    236      131
..................................................................


WIND (MPH)
  HIGHEST WIND SPEED    26   HIGHEST WIND DIRECTION    NW (310)
  HIGHEST GUST SPEED    35   HIGHEST GUST DIRECTION    SW (210)
  AVERAGE WIND SPEED     9.5


SKY COVER
  POSSIBLE SUNSHINE  MM
  AVERAGE SKY COVER 0.7


WEATHER CONDITIONS
 THE FOLLOWING WEATHER WAS RECORDED YESTERDAY.
  THUNDERSTORM
  HEAVY RAIN
  RAIN
  LIGHT RAIN
  FOG
  HAZE


RELATIVE HUMIDITY (PERCENT)
 HIGHEST    97           800 PM
 LOWEST     62           100 PM
 AVERAGE    80

..........................................................


THE BEAUMONT PORT ARTHUR CLIMATE NORMALS FOR TODAY
                         NORMAL    RECORD    YEAR
 MAXIMUM TEMPERATURE (F)   74        86      1928
                                             1905
 MINIMUM TEMPERATURE (F)   54        32      1955


SUNRISE AND SUNSET
MARCH 26 2017.........SUNRISE   712 AM CDT   SUNSET   731 PM CDT
MARCH 27 2017.........SUNRISE   711 AM CDT   SUNSET   732 PM CDT


-  INDICATES NEGATIVE NUMBERS.
R  INDICATES RECORD WAS SET OR TIED.
MM INDICATES DATA IS MISSING.
T  INDICATES TRACE AMOUNT.




$$
