000
CDUS44 KLCH 010958
CLIBPT


CLIMATE REPORT
NATIONAL WEATHER SERVICE LAKE CHARLES, LA
357 AM CST SUN FEB 1 2015


...................................

...THE BEAUMONT PORT ARTHUR CLIMATE SUMMARY FOR JANUARY 31 2015...

CLIMATE NORMAL PERIOD 1981 TO 2010
CLIMATE RECORD PERIOD 1901 TO 2015


WEATHER ITEM   OBSERVED TIME   RECORD YEAR NORMAL DEPARTURE LAST
                VALUE   (LST)  VALUE       VALUE  FROM      YEAR
                                                  NORMAL
..................................................................
TEMPERATURE (F)
 YESTERDAY
  MAXIMUM         67    255 PM  81    1911  63      4       69
  MINIMUM         44    647 AM  15    1949  44      0       52
  AVERAGE         56                        54      2       61

PRECIPITATION (IN)
  YESTERDAY        T             2.39 1983   0.15  -0.15     0.00
  MONTH TO DATE    5.99                      5.26   0.73     1.27
  SINCE DEC 1      9.13                     10.55  -1.42     2.56
  SINCE JAN 1      5.99                      5.26   0.73     1.27

SNOWFALL (IN)
  YESTERDAY       MM             0.8  1951   0.0   MM        0.0
  MONTH TO DATE    0.0                       T      0.0      0.3
  SINCE DEC 1      0.0                       T      0.0      0.3
  SINCE JUL 1      0.0                       T      0.0      0.3
  SNOW DEPTH       0

DEGREE DAYS
 HEATING
  YESTERDAY        9                        12     -3        4
  MONTH TO DATE  441                       394     47      501
  SINCE DEC 1    689                       748    -59      914
  SINCE JUL 1    926                       943    -17     1156

 COOLING
  YESTERDAY        0                         0      0        0
  MONTH TO DATE    0                        11    -11        0
  SINCE DEC 1     20                        33    -13       24
  SINCE JAN 1      0                        11    -11        0
..................................................................


WIND (MPH)
  HIGHEST WIND SPEED    20   HIGHEST WIND DIRECTION    SE (120)
  HIGHEST GUST SPEED    24   HIGHEST GUST DIRECTION     E (100)
  AVERAGE WIND SPEED    12.8


SKY COVER
  POSSIBLE SUNSHINE  MM
  AVERAGE SKY COVER 0.4


WEATHER CONDITIONS
 THE FOLLOWING WEATHER WAS RECORDED YESTERDAY.
  NO SIGNIFICANT WEATHER WAS OBSERVED.


RELATIVE HUMIDITY (PERCENT)
 HIGHEST    84          1000 PM
 LOWEST     58           300 PM
 AVERAGE    71

..........................................................


THE BEAUMONT PORT ARTHUR CLIMATE NORMALS FOR TODAY
                         NORMAL    RECORD    YEAR
 MAXIMUM TEMPERATURE (F)   63        79      1923
 MINIMUM TEMPERATURE (F)   44        14      1951


SUNRISE AND SUNSET
FEBRUARY  1 2015......SUNRISE   706 AM CST   SUNSET   553 PM CST
FEBRUARY  2 2015......SUNRISE   706 AM CST   SUNSET   554 PM CST


-  INDICATES NEGATIVE NUMBERS.
R  INDICATES RECORD WAS SET OR TIED.
MM INDICATES DATA IS MISSING.
T  INDICATES TRACE AMOUNT.




$$
