000
CDUS44 KLCH 062312
CLIBPT


CLIMATE REPORT
NATIONAL WEATHER SERVICE LAKE CHARLES, LA
512 PM CST FRI MAR 6 2015


...................................

...THE BEAUMONT PORT ARTHUR CLIMATE SUMMARY FOR MARCH 6 2015...
VALID TODAY AS OF 0500 PM LOCAL TIME.

CLIMATE NORMAL PERIOD 1981 TO 2010
CLIMATE RECORD PERIOD 1901 TO 2015


WEATHER ITEM   OBSERVED TIME   RECORD YEAR NORMAL DEPARTURE LAST
                VALUE   (LST)  VALUE       VALUE  FROM      YEAR
                                                  NORMAL
..................................................................
TEMPERATURE (F)
 TODAY
  MAXIMUM         56    359 PM  84    1999  70    -14       62
  MINIMUM         30    709 AM  23    1989  50    -20       42
  AVERAGE         43                        60    -17       52

PRECIPITATION (IN)
  TODAY            0.00          2.39 1933   0.12  -0.12     0.01
  MONTH TO DATE    0.77                      0.72   0.05     0.77
  SINCE MAR 1      0.77                      0.72   0.05     0.77
  SINCE JAN 1      7.75                      9.56  -1.81     7.49

SNOWFALL (IN)
  TODAY            0.0           0.0    MM   0.0    0.0     MM
  MONTH TO DATE    T                         0.0    0.0      0.0
  SINCE MAR 1      T                         0.0    0.0      0.0
  SINCE JUL 1      T                         T      0.0      0.3
  SNOW DEPTH       0

DEGREE DAYS
 HEATING
  TODAY           22                         6     16       13
  MONTH TO DATE   45                        41      4       94
  SINCE MAR 1     45                        41      4       94
  SINCE JUL 1   1302                      1254     48     1563

 COOLING
  TODAY            0                         1     -1        0
  MONTH TO DATE    8                         6      2        5
  SINCE MAR 1      8                         6      2        5
  SINCE JAN 1     16                        32    -16       29
..................................................................


WIND (MPH)
  HIGHEST WIND SPEED    21   HIGHEST WIND DIRECTION    NE (40)
  HIGHEST GUST SPEED    26   HIGHEST GUST DIRECTION     N (20)
  AVERAGE WIND SPEED    10.7


SKY COVER
  POSSIBLE SUNSHINE  MM
  AVERAGE SKY COVER 0.0


WEATHER CONDITIONS
 THE FOLLOWING WEATHER WAS RECORDED TODAY.
  NO SIGNIFICANT WEATHER WAS OBSERVED.


RELATIVE HUMIDITY (PERCENT)
 HIGHEST    69           100 AM
 LOWEST     20           300 PM
 AVERAGE    45

..........................................................


THE BEAUMONT PORT ARTHUR CLIMATE NORMALS FOR TOMORROW
                         NORMAL    RECORD    YEAR
 MAXIMUM TEMPERATURE (F)   70        86      1916
 MINIMUM TEMPERATURE (F)   51        28      1989


SUNRISE AND SUNSET
MARCH  6 2015.........SUNRISE   637 AM CST   SUNSET   618 PM CST
MARCH  7 2015.........SUNRISE   635 AM CST   SUNSET   619 PM CST


-  INDICATES NEGATIVE NUMBERS.
R  INDICATES RECORD WAS SET OR TIED.
MM INDICATES DATA IS MISSING.
T  INDICATES TRACE AMOUNT.




$$
