000
CDUS44 KLCH 230816
CLIBPT


CLIMATE REPORT
NATIONAL WEATHER SERVICE LAKE CHARLES, LA
315 AM CDT THU OCT 23 2014


...................................

...THE BEAUMONT PORT ARTHUR CLIMATE SUMMARY FOR OCTOBER 22 2014...

CLIMATE NORMAL PERIOD 1981 TO 2010
CLIMATE RECORD PERIOD 1901 TO 2014


WEATHER ITEM   OBSERVED TIME   RECORD YEAR NORMAL DEPARTURE LAST
                VALUE   (LST)  VALUE       VALUE  FROM      YEAR
                                                  NORMAL
..................................................................
TEMPERATURE (F)
 YESTERDAY
  MAXIMUM         82    324 PM  92    1939  79      3       72
  MINIMUM         63    648 AM  42    1952  59      4       52
  AVERAGE         73                        69      4       62

PRECIPITATION (IN)
  YESTERDAY        0.00          2.35 2009   0.19  -0.19     0.00
  MONTH TO DATE    2.18                      4.03  -1.85     3.99
  SINCE SEP 1      8.93                     10.00  -1.07    12.13
  SINCE JAN 1     44.33                     49.23  -4.90    47.34

SNOWFALL (IN)
  YESTERDAY        0.0           0.0    MM   0.0    0.0      0.0
  MONTH TO DATE    0.0                       0.0    0.0      0.0
  SINCE SEP 1      0.0                       0.0    0.0      0.0
  SINCE JUL 1      0.0                       0.0    0.0      0.0
  SNOW DEPTH       0

DEGREE DAYS
 HEATING
  YESTERDAY        0                         1     -1        3
  MONTH TO DATE    0                        12    -12        9
  SINCE SEP 1      0                        13    -13        9
  SINCE JUL 1      0                        13    -13        9

 COOLING
  YESTERDAY        8                         5      3        0
  MONTH TO DATE  211                       164     47      178
  SINCE SEP 1    691                       583    108      712
  SINCE JAN 1   2834                      2750     84     2902
..................................................................


WIND (MPH)
  HIGHEST WIND SPEED    15   HIGHEST WIND DIRECTION     E (80)
  HIGHEST GUST SPEED    21   HIGHEST GUST DIRECTION    NE (40)
  AVERAGE WIND SPEED     8.1


SKY COVER
  POSSIBLE SUNSHINE  MM
  AVERAGE SKY COVER 0.0


WEATHER CONDITIONS
 THE FOLLOWING WEATHER WAS RECORDED YESTERDAY.
  FOG
  HAZE


RELATIVE HUMIDITY (PERCENT)
 HIGHEST    93          1200 AM
 LOWEST     43           200 PM
 AVERAGE    68

..........................................................


THE BEAUMONT PORT ARTHUR CLIMATE NORMALS FOR TODAY
                         NORMAL    RECORD    YEAR
 MAXIMUM TEMPERATURE (F)   79        89      2003
 MINIMUM TEMPERATURE (F)   58        39      1952
                                             1937


SUNRISE AND SUNSET
OCTOBER 23 2014.......SUNRISE   723 AM CDT   SUNSET   637 PM CDT
OCTOBER 24 2014.......SUNRISE   724 AM CDT   SUNSET   636 PM CDT


-  INDICATES NEGATIVE NUMBERS.
R  INDICATES RECORD WAS SET OR TIED.
MM INDICATES DATA IS MISSING.
T  INDICATES TRACE AMOUNT.




$$
