000
CDUS44 KLCH 302208
CLIBPT


CLIMATE REPORT
NATIONAL WEATHER SERVICE LAKE CHARLES, LA
507 PM CDT SUN APR 30 2017


...................................

...THE BEAUMONT PORT ARTHUR CLIMATE SUMMARY FOR APRIL 30 2017...
VALID TODAY AS OF 0500 PM LOCAL TIME.

CLIMATE NORMAL PERIOD 1981 TO 2010
CLIMATE RECORD PERIOD 1901 TO 2017


WEATHER ITEM   OBSERVED TIME   RECORD YEAR NORMAL DEPARTURE LAST
                VALUE   (LST)  VALUE       VALUE  FROM      YEAR
                                                  NORMAL
..................................................................
TEMPERATURE (F)
 TODAY
  MAXIMUM         78   1247 AM  93    1955  81     -3       88
  MINIMUM         58    331 AM  42    1996  63     -5       68
  AVERAGE         68                        72     -4       78

PRECIPITATION (IN)
  TODAY            0.18          2.35 1918   0.13   0.05     0.09
  MONTH TO DATE    1.70                      3.21  -1.51     8.39
  SINCE MAR 1     10.56                      6.74   3.82    13.24
  SINCE JAN 1     12.61                     15.58  -2.97    19.20

SNOWFALL (IN)
  TODAY            0.0           0.0    MM   0.0    0.0      0.0
  MONTH TO DATE    0.0                       0.0    0.0      0.0
  SINCE MAR 1      0.0                       0.0    0.0      0.0
  SINCE JUL 1      0.0                       T      0.0      0.0
  SNOW DEPTH       0

DEGREE DAYS
 HEATING
  TODAY            0                         0      0        0
  MONTH TO DATE    5                        39    -34       11
  SINCE MAR 1     59                       187   -128       65
  SINCE JUL 1    614                      1400   -786      889

 COOLING
  TODAY            3                         7     -4       13
  MONTH TO DATE  231                       146     85      193
  SINCE MAR 1    384                       201    183      325
  SINCE JAN 1    578                       227    351      356
..................................................................


WIND (MPH)
  HIGHEST WIND SPEED    25   HIGHEST WIND DIRECTION    NW (300)
  HIGHEST GUST SPEED    31   HIGHEST GUST DIRECTION    NW (300)
  AVERAGE WIND SPEED    10.1


SKY COVER
  POSSIBLE SUNSHINE  MM
  AVERAGE SKY COVER 0.8


WEATHER CONDITIONS
 THE FOLLOWING WEATHER WAS RECORDED TODAY.
  THUNDERSTORM
  HEAVY RAIN
  LIGHT RAIN
  FOG


RELATIVE HUMIDITY (PERCENT)
 HIGHEST    94           200 AM
 LOWEST     41           200 PM
 AVERAGE    68

..........................................................


THE BEAUMONT PORT ARTHUR CLIMATE NORMALS FOR TOMORROW
                         NORMAL    RECORD    YEAR
 MAXIMUM TEMPERATURE (F)   81        92      1943
                                             1902
 MINIMUM TEMPERATURE (F)   63        45      1903


SUNRISE AND SUNSET
APRIL 30 2017.........SUNRISE   634 AM CDT   SUNSET   753 PM CDT
MAY  1 2017...........SUNRISE   633 AM CDT   SUNSET   754 PM CDT


-  INDICATES NEGATIVE NUMBERS.
R  INDICATES RECORD WAS SET OR TIED.
MM INDICATES DATA IS MISSING.
T  INDICATES TRACE AMOUNT.




$$
