000
CDUS44 KLCH 200830
CLIBPT


CLIMATE REPORT
NATIONAL WEATHER SERVICE LAKE CHARLES, LA
230 AM CST FRI JAN 20 2017


...................................

...THE BEAUMONT PORT ARTHUR CLIMATE SUMMARY FOR JANUARY 19 2017...

CLIMATE NORMAL PERIOD 1981 TO 2010
CLIMATE RECORD PERIOD 1901 TO 2017


WEATHER ITEM   OBSERVED TIME   RECORD YEAR NORMAL DEPARTURE LAST
                VALUE   (LST)  VALUE       VALUE  FROM      YEAR
                                                  NORMAL
..................................................................
TEMPERATURE (F)
 YESTERDAY
  MAXIMUM         68    315 PM  81    1906  62      6       69
                                      1904
  MINIMUM         61   1153 PM  12    1940  43     18       40
  AVERAGE         65                        53     12       55

PRECIPITATION (IN)
  YESTERDAY        0.09          3.97 1974   0.17  -0.08     0.00
  MONTH TO DATE    0.94                      3.34  -2.40     2.53
  SINCE DEC 1     13.96                      8.63   5.33     6.67
  SINCE JAN 1      0.94                      3.34  -2.40     2.53

SNOWFALL (IN)
  YESTERDAY        0.0           T    1978   0.0    0.0      0.0
                                      1936
  MONTH TO DATE    0.0                       0.0    0.0      0.0
  SINCE DEC 1      0.0                       T      0.0      0.0
  SINCE JUL 1      0.0                       T      0.0      0.0
  SNOW DEPTH       0

DEGREE DAYS
 HEATING
  YESTERDAY        0                        13    -13       10
  MONTH TO DATE  123                       247   -124      253
  SINCE DEC 1    344                       602   -258      438
  SINCE JUL 1    414                       797   -383      502

 COOLING
  YESTERDAY        0                         0      0        0
  MONTH TO DATE   61                         0     61        0
  SINCE DEC 1    131                        22    109       68
  SINCE JAN 1     61                         0     61        0
..................................................................


WIND (MPH)
  HIGHEST WIND SPEED    13   HIGHEST WIND DIRECTION     S (170)
  HIGHEST GUST SPEED    16   HIGHEST GUST DIRECTION     S (160)
  AVERAGE WIND SPEED     5.4


SKY COVER
  POSSIBLE SUNSHINE  MM
  AVERAGE SKY COVER 1.0


WEATHER CONDITIONS
 THE FOLLOWING WEATHER WAS RECORDED YESTERDAY.
  LIGHT RAIN
  FOG
  FOG W/VISIBILITY <= 1/4 MILE


RELATIVE HUMIDITY (PERCENT)
 HIGHEST   100           400 AM
 LOWEST     81           200 PM
 AVERAGE    91

..........................................................


THE BEAUMONT PORT ARTHUR CLIMATE NORMALS FOR TODAY
                         NORMAL    RECORD    YEAR
 MAXIMUM TEMPERATURE (F)   62        81      1952
 MINIMUM TEMPERATURE (F)   43        23      1985


SUNRISE AND SUNSET
JANUARY 20 2017.......SUNRISE   711 AM CST   SUNSET   543 PM CST
JANUARY 21 2017.......SUNRISE   711 AM CST   SUNSET   544 PM CST


-  INDICATES NEGATIVE NUMBERS.
R  INDICATES RECORD WAS SET OR TIED.
MM INDICATES DATA IS MISSING.
T  INDICATES TRACE AMOUNT.




$$
