439
CDUS44 KLCH 130830
CLIBPT


CLIMATE REPORT
NATIONAL WEATHER SERVICE LAKE CHARLES, LA
229 AM CST WED DEC 13 2017


...................................

...THE BEAUMONT PORT ARTHUR CLIMATE SUMMARY FOR DECEMBER 12 2017...

CLIMATE NORMAL PERIOD 1981 TO 2010
CLIMATE RECORD PERIOD 1901 TO 2017


WEATHER ITEM   OBSERVED TIME   RECORD YEAR NORMAL DEPARTURE LAST
                VALUE   (LST)  VALUE       VALUE  FROM      YEAR
                                                  NORMAL
..................................................................
TEMPERATURE (F)
 YESTERDAY
  MAXIMUM         65    228 PM  85    1918  64      1       75
  MINIMUM         36   1005 PM  25    1962  45     -9       67
                                      1957
  AVERAGE         51                        55     -4       71

PRECIPITATION (IN)
  YESTERDAY        0.00          1.51 1968   0.17  -0.17     0.35
  MONTH TO DATE    4.09                      1.94   2.15     8.76
  SINCE DEC 1      4.09                      1.94   2.15     8.76
  SINCE JAN 1    102.78                     57.12  45.66    73.74

SNOWFALL (IN)
  YESTERDAY        0.0           0.0    MM   0.0    0.0      0.0
  MONTH TO DATE    3.0                       0.0    3.0      0.0
  SINCE DEC 1      3.0                       0.0    3.0      0.0
  SINCE JUL 1      3.0                       0.0    3.0      0.0
  SNOW DEPTH       0

DEGREE DAYS
 HEATING
  YESTERDAY       14                        11      3        0
  MONTH TO DATE  142                       121     21      115
  SINCE DEC 1    142                       121     21      115
  SINCE JUL 1    272                       316    -44      185

 COOLING
  YESTERDAY        0                         1     -1        6
  MONTH TO DATE    9                        12     -3        6
  SINCE DEC 1      9                        12     -3        6
  SINCE JAN 1   3115                      2867    248     3407
..................................................................


WIND (MPH)
  HIGHEST WIND SPEED    21   HIGHEST WIND DIRECTION     N (350)
  HIGHEST GUST SPEED    26   HIGHEST GUST DIRECTION     N (350)
  AVERAGE WIND SPEED     9.3


SKY COVER
  POSSIBLE SUNSHINE  MM
  AVERAGE SKY COVER 0.0


WEATHER CONDITIONS
 THE FOLLOWING WEATHER WAS RECORDED YESTERDAY.
  NO SIGNIFICANT WEATHER WAS OBSERVED.


RELATIVE HUMIDITY (PERCENT)
 HIGHEST    89           200 AM
 LOWEST     26           300 PM
 AVERAGE    58

..........................................................


THE BEAUMONT PORT ARTHUR CLIMATE NORMALS FOR TODAY
                         NORMAL    RECORD    YEAR
 MAXIMUM TEMPERATURE (F)   64        83      1921
 MINIMUM TEMPERATURE (F)   45        20      1962


SUNRISE AND SUNSET
DECEMBER 13 2017......SUNRISE   703 AM CST   SUNSET   518 PM CST
DECEMBER 14 2017......SUNRISE   704 AM CST   SUNSET   518 PM CST


-  INDICATES NEGATIVE NUMBERS.
R  INDICATES RECORD WAS SET OR TIED.
MM INDICATES DATA IS MISSING.
T  INDICATES TRACE AMOUNT.




$$
