000
CDUS43 KDVN 271026
CLIBRL


CLIMATE REPORT
NATIONAL WEATHER SERVICE QUAD CITIES IA IL
424 AM CST THU NOV 27 2014


...................................

...THE BURLINGTON IA CLIMATE SUMMARY FOR NOVEMBER 26 2014...

CLIMATE NORMAL PERIOD 1981 TO 2010
CLIMATE RECORD PERIOD 1897 TO 2014


WEATHER ITEM   OBSERVED TIME   RECORD YEAR NORMAL DEPARTURE LAST
                VALUE   (LST)  VALUE       VALUE  FROM      YEAR
                                                  NORMAL
..................................................................
TEMPERATURE (F)
 YESTERDAY
  MAXIMUM         32    112 PM  71    1990  46    -14       33
  MINIMUM         23    131 AM  -2    1977  28     -5       18
  AVERAGE         28                        37     -9       26

PRECIPITATION (IN)
  YESTERDAY        0.11         MM      MM   0.09   0.02     0.00
  MONTH TO DATE    1.39                      2.16  -0.77     1.14
  SINCE SEP 1     10.66                      8.80   1.86     5.33
  SINCE JAN 1     39.73                     36.05   3.68    32.39

DEGREE DAYS
 HEATING
  YESTERDAY       37                        28      9       39
  MONTH TO DATE  792                       562    230      668
  SINCE SEP 1   1234                       952    282     1081
  SINCE JUL 1   1241                       956    285     1092

 COOLING
  YESTERDAY        0                         0      0        0
  MONTH TO DATE    0                         0      0        0
  SINCE SEP 1     86                       163    -77      214
  SINCE JAN 1    940                      1206   -266     1115
..................................................................


WIND (MPH)
  HIGHEST WIND SPEED    17   HIGHEST WIND DIRECTION     N (20)
  HIGHEST GUST SPEED    23   HIGHEST GUST DIRECTION     E (90)
  AVERAGE WIND SPEED     9.5


SKY COVER
  POSSIBLE SUNSHINE  MM
  AVERAGE SKY COVER 0.7


WEATHER CONDITIONS
 THE FOLLOWING WEATHER WAS RECORDED YESTERDAY.
  SNOW
  LIGHT SNOW
  FOG
  FOG W/VISIBILITY <= 1/4 MILE


RELATIVE HUMIDITY (PERCENT)
 HIGHEST   100           200 PM
 LOWEST     78          1100 AM
 AVERAGE    89

..........................................................


THE BURLINGTON IA CLIMATE NORMALS FOR TODAY
                         NORMAL    RECORD    YEAR
 MAXIMUM TEMPERATURE (F)   45        72      1909
 MINIMUM TEMPERATURE (F)   28         2      1898


SUNRISE AND SUNSET
NOVEMBER 27 2014......SUNRISE   705 AM CST   SUNSET   439 PM CST
NOVEMBER 28 2014......SUNRISE   706 AM CST   SUNSET   438 PM CST


-  INDICATES NEGATIVE NUMBERS.
R  INDICATES RECORD WAS SET OR TIED.
MM INDICATES DATA IS MISSING.
T  INDICATES TRACE AMOUNT.




$$
