000
CDUS43 KDVN 211000
CLIBRL


CLIMATE REPORT
NATIONAL WEATHER SERVICE QUAD CITIES IA IL
400 AM CST TUE NOV 21 2017


...................................

...THE BURLINGTON IA CLIMATE SUMMARY FOR NOVEMBER 20 2017...

CLIMATE NORMAL PERIOD 1981 TO 2010
CLIMATE RECORD PERIOD 1897 TO 2017


WEATHER ITEM   OBSERVED TIME   RECORD YEAR NORMAL DEPARTURE LAST
                VALUE   (LST)  VALUE       VALUE  FROM      YEAR
                                                  NORMAL
..................................................................
TEMPERATURE (F)
 YESTERDAY
  MAXIMUM         59    242 PM  76    1913  49     10       40
  MINIMUM         33    115 AM   7    1914  31      2       21
  AVERAGE         46                        40      6       31

PRECIPITATION (IN)
  YESTERDAY        0.00         MM      MM   0.08  -0.08     0.00
  MONTH TO DATE    0.98                      1.68  -0.70     1.34
  SINCE SEP 1      6.13                      8.32  -2.19     6.96
  SINCE JAN 1     31.46                     35.57  -4.11    31.21

DEGREE DAYS
 HEATING
  YESTERDAY       19                        25     -6       34
  MONTH TO DATE  516                       402    114      273
  SINCE SEP 1    822                       792     30      504
  SINCE JUL 1    822                       796     26      510

 COOLING
  YESTERDAY        0                         0      0        0
  MONTH TO DATE    0                         0      0        4
  SINCE SEP 1    194                       163     31      243
  SINCE JAN 1   1068                      1206   -138     1276
..................................................................


WIND (MPH)
  HIGHEST WIND SPEED    28   HIGHEST WIND DIRECTION     S (200)
  HIGHEST GUST SPEED    34   HIGHEST GUST DIRECTION    SW (210)
  AVERAGE WIND SPEED    15.1


SKY COVER
  POSSIBLE SUNSHINE  MM
  AVERAGE SKY COVER 0.0


WEATHER CONDITIONS
 THE FOLLOWING WEATHER WAS RECORDED YESTERDAY.
  NO SIGNIFICANT WEATHER WAS OBSERVED.


RELATIVE HUMIDITY (PERCENT)
 HIGHEST    75          1200 AM
 LOWEST     37           200 PM
 AVERAGE    56

..........................................................


THE BURLINGTON IA CLIMATE NORMALS FOR TODAY
                         NORMAL    RECORD    YEAR
 MAXIMUM TEMPERATURE (F)   48        75      1913
 MINIMUM TEMPERATURE (F)   31         4      1937


SUNRISE AND SUNSET
NOVEMBER 21 2017......SUNRISE   659 AM CST   SUNSET   442 PM CST
NOVEMBER 22 2017......SUNRISE   700 AM CST   SUNSET   441 PM CST


-  INDICATES NEGATIVE NUMBERS.
R  INDICATES RECORD WAS SET OR TIED.
MM INDICATES DATA IS MISSING.
T  INDICATES TRACE AMOUNT.




$$
