000
CDUS43 KDVN 302125
CLIBRL


CLIMATE REPORT
NATIONAL WEATHER SERVICE QUAD CITIES IA IL
423 PM CDT SAT MAY 30 2015


...................................

...THE BURLINGTON IA CLIMATE SUMMARY FOR MAY 30 2015...
VALID TODAY AS OF 0400 PM LOCAL TIME.

CLIMATE NORMAL PERIOD 1981 TO 2010
CLIMATE RECORD PERIOD 1897 TO 2015


WEATHER ITEM   OBSERVED TIME   RECORD YEAR NORMAL DEPARTURE LAST
                VALUE   (LST)  VALUE       VALUE  FROM      YEAR
                                                  NORMAL
..................................................................
TEMPERATURE (F)
 TODAY
  MAXIMUM         70   1220 PM 100    1934  79     -9       88
  MINIMUM         65    259 PM  39    1947  58      7       65
  AVERAGE         68                        68      0       77

PRECIPITATION (IN)
  TODAY            0.91         MM      MM   0.16   0.75     0.52
  MONTH TO DATE    4.64                      4.70  -0.06     1.81
  SINCE MAR 1      6.54                     11.25  -4.71     7.02
  SINCE JAN 1      8.96                     14.11  -5.15    11.39

DEGREE DAYS
 HEATING
  TODAY            0                         2     -2        0
  MONTH TO DATE   90                       124    -34      143
  SINCE MAR 1   1154                      1208    -54     1501
  SINCE JUL 1   6085                      5586    499     6824

 COOLING
  TODAY            3                         5     -2       12
  MONTH TO DATE   93                        79     14      118
  SINCE MAR 1     96                        99     -3      126
  SINCE JAN 1     96                        99     -3      126
..................................................................


WIND (MPH)
  HIGHEST WIND SPEED    20   HIGHEST WIND DIRECTION     N (10)
  HIGHEST GUST SPEED    25   HIGHEST GUST DIRECTION     N (10)
  AVERAGE WIND SPEED     9.1


SKY COVER
  POSSIBLE SUNSHINE  MM
  AVERAGE SKY COVER 0.9


WEATHER CONDITIONS
 THE FOLLOWING WEATHER WAS RECORDED TODAY.
  HEAVY RAIN
  RAIN
  LIGHT RAIN
  FOG


RELATIVE HUMIDITY (PERCENT)
 HIGHEST   100           500 AM
 LOWEST     81           200 PM
 AVERAGE    91

..........................................................


THE BURLINGTON IA CLIMATE NORMALS FOR TOMORROW
                         NORMAL    RECORD    YEAR
 MAXIMUM TEMPERATURE (F)   79       103      1934
 MINIMUM TEMPERATURE (F)   58        44      1915


SUNRISE AND SUNSET
MAY 30 2015...........SUNRISE   536 AM CDT   SUNSET   828 PM CDT
MAY 31 2015...........SUNRISE   536 AM CDT   SUNSET   829 PM CDT


-  INDICATES NEGATIVE NUMBERS.
R  INDICATES RECORD WAS SET OR TIED.
MM INDICATES DATA IS MISSING.
T  INDICATES TRACE AMOUNT.




$$
