000
CDUS43 KDVN 110914
CLIBRL


CLIMATE REPORT
NATIONAL WEATHER SERVICE QUAD CITIES IA IL
412 AM CDT FRI JUL 11 2014


...................................

...THE BURLINGTON IA CLIMATE SUMMARY FOR JULY 10 2014...

CLIMATE NORMAL PERIOD 1981 TO 2010
CLIMATE RECORD PERIOD 1897 TO 2014


WEATHER ITEM   OBSERVED TIME   RECORD YEAR NORMAL DEPARTURE LAST
                VALUE   (LST)  VALUE       VALUE  FROM      YEAR
                                                  NORMAL
..................................................................
TEMPERATURE (F)
 YESTERDAY
  MAXIMUM         82    338 PM 106    1936  87     -5       86
  MINIMUM         58    424 AM  47    1908  67     -9       62
  AVERAGE         70                        77     -7       74

PRECIPITATION (IN)
  YESTERDAY        0.00         MM      MM   0.13  -0.13     0.00
  MONTH TO DATE    0.50                      1.42  -0.92     0.15
  SINCE JUN 1      9.59                      5.89   3.70     2.42
  SINCE JAN 1     20.98                     20.15   0.83    25.62

DEGREE DAYS
 HEATING
  YESTERDAY        0                         0      0        0
  MONTH TO DATE    3                         0      3        0
  SINCE JUN 1      5                        13     -8       15
  SINCE JUL 1      3                         0      3        0

 COOLING
  YESTERDAY        5                        12     -7        9
  MONTH TO DATE   58                       120    -62      104
  SINCE JUN 1    313                       380    -67      312
  SINCE JAN 1    451                       483    -32      411
..................................................................


WIND (MPH)
  HIGHEST WIND SPEED    12   HIGHEST WIND DIRECTION     S (190)
  HIGHEST GUST SPEED    16   HIGHEST GUST DIRECTION     S (170)
  AVERAGE WIND SPEED     5.2


SKY COVER
  POSSIBLE SUNSHINE  MM
  AVERAGE SKY COVER 0.0


WEATHER CONDITIONS
 THE FOLLOWING WEATHER WAS RECORDED YESTERDAY.
  HAZE


RELATIVE HUMIDITY (PERCENT)
 HIGHEST   100           100 AM
 LOWEST     40           300 PM
 AVERAGE    70

..........................................................


THE BURLINGTON IA CLIMATE NORMALS FOR TODAY
                         NORMAL    RECORD    YEAR
 MAXIMUM TEMPERATURE (F)   87       107      1936
 MINIMUM TEMPERATURE (F)   67        51      1945


SUNRISE AND SUNSET
JULY 11 2014..........SUNRISE   543 AM CDT   SUNSET   837 PM CDT
JULY 12 2014..........SUNRISE   544 AM CDT   SUNSET   836 PM CDT


-  INDICATES NEGATIVE NUMBERS.
R  INDICATES RECORD WAS SET OR TIED.
MM INDICATES DATA IS MISSING.
T  INDICATES TRACE AMOUNT.




$$
