000
CDUS43 KDVN 291007
CLIBRL


CLIMATE REPORT
NATIONAL WEATHER SERVICE QUAD CITIES IA IL
406 AM CST THU JAN 29 2015


...................................

...THE BURLINGTON IA CLIMATE SUMMARY FOR JANUARY 28 2015...

CLIMATE NORMAL PERIOD 1981 TO 2010
CLIMATE RECORD PERIOD 1897 TO 2015


WEATHER ITEM   OBSERVED TIME   RECORD YEAR NORMAL DEPARTURE LAST
                VALUE   (LST)  VALUE       VALUE  FROM      YEAR
                                                  NORMAL
..................................................................
TEMPERATURE (F)
 YESTERDAY
  MAXIMUM         44    218 PM  59    2013  35      9       16
  MINIMUM         27    754 AM -17    1915  17     10       -5
  AVERAGE         36                        26     10        6

PRECIPITATION (IN)
  YESTERDAY        0.00         MM      MM   0.03  -0.03     0.00
  MONTH TO DATE    1.08                      1.12  -0.04     0.93
  SINCE DEC 1      1.74                      3.21  -1.47     2.01
  SINCE JAN 1      1.08                      1.12  -0.04     0.93

DEGREE DAYS
 HEATING
  YESTERDAY       29                        39    -10       59
  MONTH TO DATE 1127                      1092     35     1325
  SINCE DEC 1   2121                      2205    -84     2605
  SINCE JUL 1   3498                      3278    220     3842

 COOLING
  YESTERDAY        0                         0      0        0
  MONTH TO DATE    0                         0      0        0
  SINCE DEC 1      0                         0      0        0
  SINCE JAN 1      0                         0      0        0
..................................................................


WIND (MPH)
  HIGHEST WIND SPEED    21   HIGHEST WIND DIRECTION     S (170)
  HIGHEST GUST SPEED    28   HIGHEST GUST DIRECTION    SE (150)
  AVERAGE WIND SPEED    12.9


SKY COVER
  POSSIBLE SUNSHINE  MM
  AVERAGE SKY COVER 0.2


WEATHER CONDITIONS
 THE FOLLOWING WEATHER WAS RECORDED YESTERDAY.
  FOG
  HAZE


RELATIVE HUMIDITY (PERCENT)
 HIGHEST    92          1200 AM
 LOWEST     65           100 PM
 AVERAGE    79

..........................................................


THE BURLINGTON IA CLIMATE NORMALS FOR TODAY
                         NORMAL    RECORD    YEAR
 MAXIMUM TEMPERATURE (F)   35        61      2013
 MINIMUM TEMPERATURE (F)   18       -19      1966


SUNRISE AND SUNSET
JANUARY 29 2015.......SUNRISE   718 AM CST   SUNSET   518 PM CST
JANUARY 30 2015.......SUNRISE   717 AM CST   SUNSET   519 PM CST


-  INDICATES NEGATIVE NUMBERS.
R  INDICATES RECORD WAS SET OR TIED.
MM INDICATES DATA IS MISSING.
T  INDICATES TRACE AMOUNT.




$$
