000
CDUS44 KBRO 290817
CLIBRO


CLIMATE REPORT
NATIONAL WEATHER SERVICE BROWNSVILLE TX
217 AM CST MON DEC 29 2014


...................................

...THE BROWNSVILLE CLIMATE SUMMARY FOR DECEMBER 28 2014...

CLIMATE NORMAL PERIOD 1981 TO 2010
CLIMATE RECORD PERIOD 1878 TO 2014


WEATHER ITEM   OBSERVED TIME   RECORD YEAR NORMAL DEPARTURE LAST
                VALUE   (LST)  VALUE       VALUE  FROM      YEAR
                                                  NORMAL
..................................................................
TEMPERATURE (F)
 YESTERDAY
  MAXIMUM         52    412 AM  86    1921  70    -18       61
  MINIMUM         46   1108 AM  26    1925  51     -5       50
  AVERAGE         49                        61    -12       56

PRECIPITATION (IN)
  YESTERDAY        0.14          0.68 1886   0.04   0.10     0.02
  MONTH TO DATE    1.07                      1.05   0.02     0.75
  SINCE DEC 1      1.07                      1.05   0.02     0.75
  SINCE JAN 1     28.23                     27.34   0.89    26.24

SNOWFALL (IN)
  YESTERDAY       MM             0.0  2001   0.0
  MONTH TO DATE    0.0                       0.0
  SINCE DEC 1      0.0                       0.0
  SINCE JUL 1      0.0                       0.0

DEGREE DAYS
 HEATING
  YESTERDAY       16                         6     10        9
  MONTH TO DATE   55                       145    -90      179
  SINCE DEC 1     55                       145    -90      179
  SINCE JUL 1    168                       199    -31      287

 COOLING
  YESTERDAY        0                         2     -2        0
  MONTH TO DATE  107                        73     34       77
  SINCE DEC 1    107                        73     34       77
  SINCE JAN 1   4007                      4018    -11     4197
..................................................................


WIND (MPH)
  HIGHEST WIND SPEED    22   HIGHEST WIND DIRECTION     N (340)
  HIGHEST GUST SPEED    29   HIGHEST GUST DIRECTION    NW (330)
  AVERAGE WIND SPEED    12.1


SKY COVER
  POSSIBLE SUNSHINE  MM
  AVERAGE SKY COVER 1.0


WEATHER CONDITIONS
 THE FOLLOWING WEATHER WAS RECORDED YESTERDAY.
  HEAVY RAIN
  RAIN
  LIGHT RAIN
  FOG


RELATIVE HUMIDITY (PERCENT)
 HIGHEST    96          1200 AM
 LOWEST     80           800 PM
 AVERAGE    88

..........................................................


THE BROWNSVILLE CLIMATE NORMALS FOR TODAY
                         NORMAL    RECORD    YEAR
 MAXIMUM TEMPERATURE (F)   70        87      1970
 MINIMUM TEMPERATURE (F)   51        23      1880


SUNRISE AND SUNSET
DECEMBER 29 2014......SUNRISE   716 AM CST   SUNSET   548 PM CST
DECEMBER 30 2014......SUNRISE   716 AM CST   SUNSET   549 PM CST


-  INDICATES NEGATIVE NUMBERS.
R  INDICATES RECORD WAS SET OR TIED.
MM INDICATES DATA IS MISSING.
T  INDICATES TRACE AMOUNT.




$$
