000
CDUS44 KBRO 230626
CLIBRO


CLIMATE REPORT
NATIONAL WEATHER SERVICE BROWNSVILLE TX
126 AM CDT FRI JUN 23 2017


...................................

...THE BROWNSVILLE CLIMATE SUMMARY FOR JUNE 22 2017...

CLIMATE NORMAL PERIOD 1981 TO 2010
CLIMATE RECORD PERIOD 1878 TO 2017


WEATHER ITEM   OBSERVED TIME   RECORD YEAR NORMAL DEPARTURE LAST
                VALUE   (LST)  VALUE       VALUE  FROM      YEAR
                                                  NORMAL
..................................................................
TEMPERATURE (F)
 YESTERDAY
  MAXIMUM        100R   105 PM  99    1900  93      7       95
  MINIMUM         75    516 AM  69    1961  76     -1       76
  AVERAGE         88                        84      4       86

PRECIPITATION (IN)
  YESTERDAY        0.00          6.44 1942   0.10  -0.10     0.00
  MONTH TO DATE    T                         1.81  -1.81     2.77
  SINCE JUN 1      T                         1.81  -1.81     2.77
  SINCE JAN 1      5.86                      9.57  -3.71    12.76

SNOWFALL (IN)
  YESTERDAY        0.0          MM    2001   0.0
  MONTH TO DATE    0.0                       0.0
  SINCE JUN 1      0.0                       0.0
  SINCE JUL 1      0.0                       0.0

DEGREE DAYS
 HEATING
  YESTERDAY        0                         0      0        0
  MONTH TO DATE    0                         0      0        0
  SINCE JUN 1      0                         0      0        0
  SINCE JUL 1    201                       554   -353      374

 COOLING
  YESTERDAY       23                        19      4       21
  MONTH TO DATE  457                       411     46      403
  SINCE JUN 1    457                       411     46      403
  SINCE JAN 1   2094                      1504    590     1563
..................................................................


WIND (MPH)
  HIGHEST WIND SPEED    28   HIGHEST WIND DIRECTION    SE (150)
  HIGHEST GUST SPEED    38   HIGHEST GUST DIRECTION    SE (150)
  AVERAGE WIND SPEED    16.7


SKY COVER
  POSSIBLE SUNSHINE  MM
  AVERAGE SKY COVER 0.1


WEATHER CONDITIONS
 THE FOLLOWING WEATHER WAS RECORDED YESTERDAY.
  NO SIGNIFICANT WEATHER WAS OBSERVED.


RELATIVE HUMIDITY (PERCENT)
 HIGHEST    94           500 AM
 LOWEST     31          1200 PM
 AVERAGE    63

..........................................................


THE BROWNSVILLE CLIMATE NORMALS FOR TODAY
                         NORMAL    RECORD    YEAR
 MAXIMUM TEMPERATURE (F)   93        99      1900
 MINIMUM TEMPERATURE (F)   76        62      1893


SUNRISE AND SUNSET
JUNE 23 2017..........SUNRISE   639 AM CDT   SUNSET   825 PM CDT
JUNE 24 2017..........SUNRISE   640 AM CDT   SUNSET   825 PM CDT


-  INDICATES NEGATIVE NUMBERS.
R  INDICATES RECORD WAS SET OR TIED.
MM INDICATES DATA IS MISSING.
T  INDICATES TRACE AMOUNT.




$$
