000
CDUS44 KBRO 280725
CLIBRO


CLIMATE REPORT
NATIONAL WEATHER SERVICE BROWNSVILLE TX
125 AM CST WED JAN 28 2015


...................................

...THE BROWNSVILLE CLIMATE SUMMARY FOR JANUARY 27 2015...

CLIMATE NORMAL PERIOD 1981 TO 2010
CLIMATE RECORD PERIOD 1878 TO 2015


WEATHER ITEM   OBSERVED TIME   RECORD YEAR NORMAL DEPARTURE LAST
                VALUE   (LST)  VALUE       VALUE  FROM      YEAR
                                                  NORMAL
..................................................................
TEMPERATURE (F)
 YESTERDAY
  MAXIMUM         79    442 PM  85    1917  71      8       79
  MINIMUM         48    708 AM  32    1948  52     -4       54
  AVERAGE         64                        62      2       67

PRECIPITATION (IN)
  YESTERDAY        0.00          1.38 1919   0.05  -0.05      T
  MONTH TO DATE    3.56                      1.09   2.47     0.16
  SINCE DEC 1      4.99                      2.24   2.75     3.68
  SINCE JAN 1      3.56                      1.09   2.47     0.16

SNOWFALL (IN)
  YESTERDAY        0.0           0.0  2002   0.0
                                      1998
                                      2000
  MONTH TO DATE    0.0                       0.0
  SINCE DEC 1      0.0                       0.0
  SINCE JUL 1      0.0                       0.0

DEGREE DAYS
 HEATING
  YESTERDAY        1                         5     -4        0
  MONTH TO DATE  291                       156    135      179
  SINCE DEC 1    363                       321     42      396
  SINCE JUL 1    476                       375    101      504

 COOLING
  YESTERDAY        0                         2     -2        2
  MONTH TO DATE    5                        54    -49       20
  SINCE DEC 1    114                       134    -20       97
  SINCE JAN 1      5                        54    -49       20
..................................................................


WIND (MPH)
  HIGHEST WIND SPEED    14   HIGHEST WIND DIRECTION    SW (220)
  HIGHEST GUST SPEED    17   HIGHEST GUST DIRECTION    SW (220)
  AVERAGE WIND SPEED     6.0


SKY COVER
  POSSIBLE SUNSHINE  MM
  AVERAGE SKY COVER 0.0


WEATHER CONDITIONS
 THE FOLLOWING WEATHER WAS RECORDED YESTERDAY.
  NO SIGNIFICANT WEATHER WAS OBSERVED.


RELATIVE HUMIDITY (PERCENT)
 HIGHEST    93           700 AM
 LOWEST     23           200 PM
 AVERAGE    58

..........................................................


THE BROWNSVILLE CLIMATE NORMALS FOR TODAY
                         NORMAL    RECORD    YEAR
 MAXIMUM TEMPERATURE (F)   72        85      1982
 MINIMUM TEMPERATURE (F)   53        28      1948


SUNRISE AND SUNSET
JANUARY 28 2015.......SUNRISE   715 AM CST   SUNSET   610 PM CST
JANUARY 29 2015.......SUNRISE   715 AM CST   SUNSET   611 PM CST


-  INDICATES NEGATIVE NUMBERS.
R  INDICATES RECORD WAS SET OR TIED.
MM INDICATES DATA IS MISSING.
T  INDICATES TRACE AMOUNT.




$$
