000
CDUS44 KBRO 170625
CLIBRO


CLIMATE REPORT
NATIONAL WEATHER SERVICE BROWNSVILLE TX
125 AM CDT THU APR 17 2014


...................................

...THE BROWNSVILLE CLIMATE SUMMARY FOR APRIL 16 2014...

CLIMATE NORMAL PERIOD 1981 TO 2010
CLIMATE RECORD PERIOD 1878 TO 2014


WEATHER ITEM   OBSERVED TIME   RECORD YEAR NORMAL DEPARTURE LAST
                VALUE   (LST)  VALUE       VALUE  FROM      YEAR
                                                  NORMAL
..................................................................
TEMPERATURE (F)
 YESTERDAY
  MAXIMUM         76    143 PM 100    1920  84     -8       90
  MINIMUM         46R   343 AM  46    1928  66    -20       73
  AVERAGE         61                        75    -14       82

PRECIPITATION (IN)
  YESTERDAY        0.00          5.20 1977   0.06  -0.06     0.00
  MONTH TO DATE    T                         0.82  -0.82     0.01
  SINCE MAR 1      1.46                      2.05  -0.59     0.29
  SINCE JAN 1      2.22                      4.40  -2.18     1.77

SNOWFALL (IN)
  YESTERDAY        0.0           0.0  2002   0.0
                                      2001
                                      2000
  MONTH TO DATE    0.0                       0.0
  SINCE MAR 1      0.0                       0.0
  SINCE JUL 1      0.0                       0.0

DEGREE DAYS
 HEATING
  YESTERDAY        4                         0      4        0
  MONTH TO DATE   10                         6      4        2
  SINCE MAR 1    100                        49     51       26
  SINCE JUL 1    824                       552    272      319

 COOLING
  YESTERDAY        0                        10    -10       17
  MONTH TO DATE  135                       143     -8      151
  SINCE MAR 1    258                       317    -59      317
  SINCE JAN 1    378                       458    -80      538
..................................................................


WIND (MPH)
  HIGHEST WIND SPEED    21   HIGHEST WIND DIRECTION     S (160)
  HIGHEST GUST SPEED    36   HIGHEST GUST DIRECTION    SE (130)
  AVERAGE WIND SPEED     9.0


SKY COVER
  POSSIBLE SUNSHINE  MM
  AVERAGE SKY COVER 0.3


WEATHER CONDITIONS
 THE FOLLOWING WEATHER WAS RECORDED YESTERDAY.
  NO SIGNIFICANT WEATHER WAS OBSERVED.


RELATIVE HUMIDITY (PERCENT)
 HIGHEST    93           500 AM
 LOWEST     43           100 PM
 AVERAGE    68

..........................................................


THE BROWNSVILLE CLIMATE NORMALS FOR TODAY
                         NORMAL    RECORD    YEAR
 MAXIMUM TEMPERATURE (F)   84       100      1920
 MINIMUM TEMPERATURE (F)   66        46      1910


SUNRISE AND SUNSET
APRIL 17 2014.........SUNRISE   705 AM CDT   SUNSET   754 PM CDT
APRIL 18 2014.........SUNRISE   704 AM CDT   SUNSET   755 PM CDT


-  INDICATES NEGATIVE NUMBERS.
R  INDICATES RECORD WAS SET OR TIED.
MM INDICATES DATA IS MISSING.
T  INDICATES TRACE AMOUNT.




$$
