000
CDAK49 PAFG 260955
CLIBRW

CLIMATE REPORT
NATIONAL WEATHER SERVICE FAIRBANKS AK
155 AM AKDT MON JUN 26 2017


...................................

...THE BARROW AK CLIMATE SUMMARY FOR JUNE 25 2017...

CLIMATE NORMAL PERIOD 1981 TO 2010
CLIMATE RECORD PERIOD 1920 TO 2017


WEATHER ITEM   OBSERVED TIME   RECORD YEAR NORMAL DEPARTURE LAST
                VALUE   (LST)  VALUE       VALUE  FROM      YEAR
                                                  NORMAL
..................................................................
TEMPERATURE (F)
 YESTERDAY
  MAXIMUM         45   1225 AM  71    1990  45      0       54
  MINIMUM         34   1200 PM  26    1979  33      1       32
                                      1939
  AVERAGE         40                        39      1       43

PRECIPITATION (IN)
  YESTERDAY        0.03          0.37 1957   0.02   0.01     0.00
  MONTH TO DATE    0.26                      0.24   0.02     0.60
  SINCE JUN 1      0.26                      0.24   0.02     0.60
  SINCE JAN 1      2.37                      0.94   1.43     3.95

SNOWFALL (IN)
  YESTERDAY        0.0           0.3  1967   0.0    0.0      0.0
  MONTH TO DATE    0.5                       0.7   -0.2      1.9
  SINCE JUN 1      0.5                       0.7   -0.2      1.9
  SINCE JUL 1     40.7                      37.7    3.0     12.2
  SNOW DEPTH       0

DEGREE DAYS
 HEATING
  YESTERDAY       25                        26     -1       22
  MONTH TO DATE  796                       753     43      695
  SINCE JUN 1    796                       753     43      695
  SINCE JUL 1  16982                     19272  -2290    16797

 COOLING
  YESTERDAY        0                         0      0        0
  MONTH TO DATE    0                         0      0        0
  SINCE JUN 1      0                         0      0        0
  SINCE JAN 1      0                         0      0        0
..................................................................


WIND (MPH)
  HIGHEST GUST SPEED    32   HIGHEST GUST DIRECTION    SW (240)


SKY COVER
  AVERAGE SKY COVER 1.0


WEATHER CONDITIONS
 THE FOLLOWING WEATHER WAS RECORDED YESTERDAY.
  LIGHT RAIN
  FOG
  FOG W/VISIBILITY <= 1/4 MILE


RELATIVE HUMIDITY (PERCENT)
 HIGHEST   100
 LOWEST     76
 AVERAGE    88

..........................................................


THE BARROW AK CLIMATE NORMALS FOR TODAY
                         NORMAL    RECORD    YEAR
 MAXIMUM TEMPERATURE (F)   45        62      1959
                                             1951
 MINIMUM TEMPERATURE (F)   34        26      1979


SUNRISE AND SUNSET
JUNE 26 2017..........SUN ABOVE VISIBLE HORIZON.
JUNE 27 2017..........SUN ABOVE VISIBLE HORIZON.

-  INDICATES NEGATIVE NUMBERS.
R  INDICATES RECORD WAS SET OR TIED.
MM INDICATES DATA IS MISSING.
T  INDICATES TRACE AMOUNT.

&&

SNOW DEPTH IS MEASURED AT 3AM AKST/4AM AKDT.

----------------------------
AVAILABLE DAYLIGHT

AMOUNT OF DAYLIGHT TODAY  (HOUR:MIN)........24:00
GAIN/LOSS SINCE YESTERDAY (HOUR:MIN:SEC)....+0:00:00

$$
NTS JUN 17
