000
CDAK49 PABR 040902
CLIBRW

CLIMATE REPORT
NATIONAL WEATHER SERVICE BARROW, AK
102 AM AKDT SAT JUL 4 2015

...................................
...THE BARROW WSO AP CLIMATE SUMMARY FOR JULY 3 2015...

CLIMATE NORMAL PERIOD  1981 TO  2010
CLIMATE RECORD PERIOD  1915 TO  2015

WEATHER ITEM   OBSERVED TIME    RECORD YEAR NORMAL DEPARTURE LAST
               VALUE    (LST)   VALUE       VALUE  FROM      YEAR
                                                   NORMAL
...................................................................
TEMPERATURE
YESTERDAY
 MAXIMUM            42  1011 PM    68  1932     46      -4     43
 MINIMUM            34  1104 AM    26  1926     34       0     34
 AVERAGE            38                          40      -2     39

PRECIPITATION
(INCHES)
 YESTERDAY        0.00           0.41  2013   0.03   -0.03   0.01
 MONTH TO DATE    0.06                        0.07   -0.01   0.01
 SINCE JUN 1      0.90                        0.39    0.51   1.48
 SINCE JAN 1      2.86                        1.09    1.77   3.10

SNOWFALL
(INCHES)
 YESTERDAY         0.0            0.2  1924    0.0     0.0    0.0
 MONTH TO DATE     0.0                         0.0     0.0    0.0
 SINCE JUN 1       1.0                         0.7     0.3    0.9
 SINCE JUL 1       0.0                         0.0     0.0    0.0
 SNOW DEPTH (IN)     9                                          0

DEGREE DAYS
 HEATING
  YESTERDAY         27                          25       2     26
  MONTH TO DATE     65                          75     -10     69
  SINCE JUN 1      807                         955    -148   1002
  SINCE JUL 1       65                          75     -10     69

 COOLING
  YESTERDAY          0                           0       0      0
  MONTH TO DATE      0                           0       0      0
  SINCE JUN 1        0                           0       0      0
  SINCE JAN 1        0                           0       0      0
...................................................................

WIND (MPH)
 HIGHEST WIND SPEED    18     HIGHEST WIND DIRECTION    270
 HIGHEST GUST SPEED    22     HIGHEST GUST DIRECTION    250
 AVERAGE WIND SPEED   8.8

WEATHER CONDITIONS
 THE FOLLOWING WEATHER WAS RECORDED YESTERDAY.
  FOG


RELATIVE HUMIDITY
 HIGHEST RH     MM PERCENT       MM
 LOWEST  RH     MM PERCENT       MM
 AVERAGE RH     MM PERCENT       MM
...................................................................

THE BARROW CLIMATE NORMALS FOR TODAY
                           NORMAL    RECORD   YEAR
 MAXIMUM TEMPERATURE (F)     47        68     1932
 MINIMUM TEMPERATURE (F)     35        23     1924

SUNRISE AND SUNSET
 JUL 4 2015..........SUNRISE  **.**      SUNSET **.**
 JUL 5 2015..........SUNRISE  **.**      SUNSET **.**

-  INDICATES NEGATIVE NUMBERS.
R  INDICATES RECORD HAS BEEN SET OR TIED.
MM INDICATES DATA IS MISSING.
T  INDICATES TRACE OF PRECIPITATION.

&&
-------------------------------------------------------------------

AMOUNT OF DAYLIGHT TODAY  (HOUR:MIN)........24 HOURS 00 MINUTES
GAIN/LOSS SINCE YESTERDAY (HOUR:MIN:SEC)....+0:00:00

$$
DZB JUL 15
