000
CDAK49 PAFG 250058
CLIBRW

CLIMATE REPORT
NATIONAL WEATHER SERVICE FAIRBANKS AK
358 PM AKST FRI NOV 24 2017


...................................

...THE BARROW AK CLIMATE SUMMARY FOR NOVEMBER 24 2017...
VALID TODAY AS OF 0300 PM LOCAL TIME.

CLIMATE NORMAL PERIOD 1981 TO 2010
CLIMATE RECORD PERIOD 1920 TO 2017


WEATHER ITEM   OBSERVED TIME   RECORD YEAR NORMAL DEPARTURE LAST
                VALUE   (LST)  VALUE       VALUE  FROM      YEAR
                                                  NORMAL
..................................................................
TEMPERATURE (F)
 TODAY
  MAXIMUM         24   1258 AM  30    1952   3     21       10
  MINIMUM         15   1248 PM -36    1991  -8     23        4
  AVERAGE         20                        -3     23        7

PRECIPITATION (IN)
  TODAY            0.01          0.08 1922   0.01   0.00      T
  MONTH TO DATE    0.95                      0.18   0.77     0.35
  SINCE SEP 1      2.32                      1.31   1.01     1.40
  SINCE JAN 1      7.99                      4.36   3.63     7.05

SNOWFALL (IN)
  TODAY            T             1.1  2005   0.2   -0.2      0.1
                                      1976
  MONTH TO DATE    6.9                       4.8    2.1      4.9
  SINCE SEP 1     14.0                      18.3   -4.3      9.9
  SINCE JUL 1     14.8                      19.4   -4.6     11.7
  SNOW DEPTH       5

DEGREE DAYS
 HEATING
  TODAY           45                        68    -23       58
  MONTH TO DATE  970                      1516   -546     1151
  SINCE SEP 1   3127                      3984   -857     3134
  SINCE JUL 1   4470                      5539  -1069     4563

 COOLING
  TODAY            0                         0      0        0
  MONTH TO DATE    0                         0      0        0
  SINCE SEP 1      0                         0      0        0
  SINCE JAN 1      0                         0      0        0
..................................................................


WIND (MPH)
  HIGHEST GUST SPEED    25   HIGHEST GUST DIRECTION    NE (30)


SKY COVER
  AVERAGE SKY COVER 1.0


WEATHER CONDITIONS
 THE FOLLOWING WEATHER WAS RECORDED TODAY.
  LIGHT SNOW
  FOG
  HAZE


RELATIVE HUMIDITY (PERCENT)
 HIGHEST    92
 LOWEST     80
 AVERAGE    86

..........................................................


THE BARROW AK CLIMATE NORMALS FOR TOMORROW
                         NORMAL    RECORD    YEAR
 MAXIMUM TEMPERATURE (F)    3        33      1931
 MINIMUM TEMPERATURE (F)   -9       -40      1948


SUNRISE AND SUNSET
NOVEMBER 24 2017......SUN BELOW VISIBLE HORIZON.
NOVEMBER 25 2017......SUN BELOW VISIBLE HORIZON.

-  INDICATES NEGATIVE NUMBERS.
R  INDICATES RECORD WAS SET OR TIED.
MM INDICATES DATA IS MISSING.
T  INDICATES TRACE AMOUNT.

&&

SNOW DEPTH IS MEASURED AT 3AM AKST/4AM AKDT.

----------------------------
AVAILABLE DAYLIGHT

AMOUNT OF DAYLIGHT TODAY  (HOUR:MIN)........0:00
GAIN/LOSS SINCE YESTERDAY (HOUR:MIN:SEC)....+0:00:00

$$
NOV 17
