860
CDAK49 PAFG 290946
CLIBRW

CLIMATE REPORT
NATIONAL WEATHER SERVICE FAIRBANKS AK
146 AM AKDT SAT APR 29 2017


...................................

...THE BARROW AK CLIMATE SUMMARY FOR APRIL 28 2017...

CLIMATE NORMAL PERIOD 1981 TO 2010
CLIMATE RECORD PERIOD 1920 TO 2017


WEATHER ITEM   OBSERVED TIME   RECORD YEAR NORMAL DEPARTURE LAST
                VALUE   (LST)  VALUE       VALUE  FROM      YEAR
                                                  NORMAL
..................................................................
TEMPERATURE (F)
 YESTERDAY
  MAXIMUM         10    532 PM  36    1967  17     -7       29
  MINIMUM         -6    555 AM -24    1964   4    -10       23
  AVERAGE          2                        10     -8       26

PRECIPITATION (IN)
  YESTERDAY        T             0.06 2008   0.01  -0.01      T
  MONTH TO DATE    T                         0.15  -0.15     0.07
  SINCE MAR 1      0.30                      0.24   0.06     0.21
  SINCE JAN 1      1.17                      0.51   0.66     3.27

SNOWFALL (IN)
  YESTERDAY        T             1.1  1965   0.1   -0.1     MM
  MONTH TO DATE    0.6                       3.0   -2.4      0.4
  SINCE MAR 1      3.0                       5.1   -2.1      0.6
  SINCE JUL 1     29.9                      34.1   -4.2      9.4
  SNOW DEPTH       6

DEGREE DAYS
 HEATING
  YESTERDAY       63                        55      8       39
  MONTH TO DATE 1627                      1788   -161     1501
  SINCE MAR 1   3864                      4195   -331     3517
  SINCE JUL 1  14826                     17052  -2226    14913

 COOLING
  YESTERDAY        0                         0      0        0
  MONTH TO DATE    0                         0      0        0
  SINCE MAR 1      0                         0      0        0
  SINCE JAN 1      0                         0      0        0
..................................................................


WIND (MPH)
  HIGHEST GUST SPEED    23   HIGHEST GUST DIRECTION     E (100)


SKY COVER
  AVERAGE SKY COVER 0.6


WEATHER CONDITIONS
 THE FOLLOWING WEATHER WAS RECORDED YESTERDAY.
  LIGHT SNOW
  FOG
  HAZE


RELATIVE HUMIDITY (PERCENT)
 HIGHEST    87
 LOWEST     73
 AVERAGE    80

..........................................................


THE BARROW AK CLIMATE NORMALS FOR TODAY
                         NORMAL    RECORD    YEAR
 MAXIMUM TEMPERATURE (F)   17        38      1967
 MINIMUM TEMPERATURE (F)    5       -19      1973
                                             1968


SUNRISE AND SUNSET
APRIL 29 2017.........SUNRISE   446 AM AKDT  SUNSET  1209 AM AKDT
APRIL 30 2017.........SUNRISE   439 AM AKDT  SUNSET  1216 AM AKDT

-  INDICATES NEGATIVE NUMBERS.
R  INDICATES RECORD WAS SET OR TIED.
MM INDICATES DATA IS MISSING.
T  INDICATES TRACE AMOUNT.

&&

SNOW DEPTH IS MEASURED AT 3AM AKST/4AM AKDT.

----------------------------
AVAILABLE DAYLIGHT

AMOUNT OF DAYLIGHT TODAY  (HOUR:MIN)........19:17
GAIN/LOSS SINCE YESTERDAY (HOUR:MIN:SEC)....+0:08:59

$$
APR 17
