000
CDAK49 PABR 160904
CLIBRW

CLIMATE REPORT
NATIONAL WEATHER SERVICE BARROW, AK
104 AM AKDT WED APR 16 2014

...................................
...THE BARROW WSO AP CLIMATE SUMMARY FOR APRIL 15 2014...

CLIMATE NORMAL PERIOD  1981 TO  2010
CLIMATE RECORD PERIOD  1915 TO  2014

WEATHER ITEM   OBSERVED TIME    RECORD YEAR NORMAL DEPARTURE LAST
               VALUE    (LST)   VALUE       VALUE  FROM      YEAR
                                                   NORMAL
...................................................................
TEMPERATURE
YESTERDAY
 MAXIMUM            28  1137 PM    35  1978      8      20      1
 MINIMUM            18   906 AM   -29  1924     -6      24    -12
 AVERAGE            23                           1      22     -6

PRECIPITATION
(INCHES)
 YESTERDAY        0.03           0.10  1984   0.01    0.02   0.00
 MONTH TO DATE    0.20                        0.08    0.12   0.04
 SINCE MAR 1      0.25                        0.17    0.08   0.54
 SINCE JAN 1      0.62                        0.44    0.18   0.67

SNOWFALL
(INCHES)
 YESTERDAY         0.6            1.0  1984    0.2     0.4    0.0
 MONTH TO DATE     1.1                         1.6    -0.5    1.5
 SINCE MAR 1       2.9                         3.7    -0.8    9.4
 SINCE JUL 1      45.5                        32.7    12.8   53.4
 SNOW DEPTH (IN)     7                                          6

DEGREE DAYS
 HEATING
  YESTERDAY         42                          64     -22     71
  MONTH TO DATE   1040                        1024      16   1074
  SINCE MAR 1     3193                        3428    -235   3302
  SINCE JUL 1    14864                       16276   -1412  15345

 COOLING
  YESTERDAY          0                           0       0      0
  MONTH TO DATE      0                           0       0      0
  SINCE MAR 1        0                           0       0      0
  SINCE JAN 1        0                           0       0      0
...................................................................

WIND (MPH)
 HIGHEST WIND SPEED    15     HIGHEST WIND DIRECTION    250
 HIGHEST GUST SPEED    17     HIGHEST GUST DIRECTION    250
 AVERAGE WIND SPEED   7.7

SKY COVER
  POSSIBLE SUNSHINE    MM          AVERAGE SKY COVER     MM

WEATHER CONDITIONS
 THE FOLLOWING WEATHER WAS RECORDED YESTERDAY.
 FOG
 SNOW


RELATIVE HUMIDITY
 HIGHEST RH    100 PERCENT      1153 PM
 LOWEST  RH     78 PERCENT       453 PM
 AVERAGE RH     91 PERCENT
...................................................................

THE BARROW CLIMATE NORMALS FOR TODAY
                           NORMAL    RECORD   YEAR
 MAXIMUM TEMPERATURE (F)      9        31     1988
 MINIMUM TEMPERATURE (F)     -5       -28     1959

SUNRISE AND SUNSET
 APR 16 2014..........SUNRISE  6:06 AM      SUNSET 10:53 PM
 APR 17 2014..........SUNRISE  6:00 AM      SUNSET 10:58 PM

-  INDICATES NEGATIVE NUMBERS.
R  INDICATES RECORD HAS BEEN SET OR TIED.
MM INDICATES DATA IS MISSING.
T  INDICATES TRACE OF PRECIPITATION.

&&
-------------------------------------------------------------------

AMOUNT OF DAYLIGHT TODAY  (HOUR:MIN)........16 HOURS 47 MINUTES
GAIN/LOSS SINCE YESTERDAY (HOUR:MIN:SEC)....+0:10:35

$$
JML APR 14
