000
CDAK49 PABR 250921
CLIBRW

CLIMATE REPORT
NATIONAL WEATHER SERVICE BARROW, AK
121 AM AKDT SAT OCT 25 2014

...................................
...THE BARROW WSO AP CLIMATE SUMMARY FOR OCTOBER 24 2014...

CLIMATE NORMAL PERIOD  1981 TO  2010
CLIMATE RECORD PERIOD  1915 TO  2014

WEATHER ITEM   OBSERVED TIME    RECORD YEAR NORMAL DEPARTURE LAST
               VALUE    (LST)   VALUE       VALUE  FROM      YEAR
                                                   NORMAL
...................................................................
TEMPERATURE
YESTERDAY
 MAXIMUM            24  0851 AM    35  1969     17       7     26
 MINIMUM            14  1127 PM   -17  1970      7       7     19
 AVERAGE            19                          12       7     23

PRECIPITATION
(INCHES)
 YESTERDAY        0.11           0.32  1923   0.01    0.10   0.06
 MONTH TO DATE    0.88                        0.34    0.54   0.49
 SINCE SEP 1      1.94                        1.06    0.88   1.78
 SINCE JAN 1      6.49                        4.11    2.38   6.80

SNOWFALL
(INCHES)
 YESTERDAY         1.2            3.0  1923    0.3     0.9    1.4
 MONTH TO DATE    11.7                         7.1     4.6    6.2
 SINCE SEP 1      21.2                        11.5     9.7   14.3
 SINCE JUL 1      22.6                        12.6    10.0   15.4
 SNOW DEPTH (IN)     4                                          2

DEGREE DAYS
 HEATING
  YESTERDAY         46                          53      -7     42
  MONTH TO DATE    999                        1096     -97    923
  SINCE SEP 1     1939                        2082    -143   1927
  SINCE JUL 1     3605                        3636     -31   3336

 COOLING
  YESTERDAY          0                           0       0      0
  MONTH TO DATE      0                           0       0      0
  SINCE SEP 1        0                           0       0      0
  SINCE JAN 1        0                           0       0      0
...................................................................

WIND (MPH)
 HIGHEST WIND SPEED    26     HIGHEST WIND DIRECTION     90
 HIGHEST GUST SPEED    31     HIGHEST GUST DIRECTION    100
 AVERAGE WIND SPEED  13.7

WEATHER CONDITIONS
 THE FOLLOWING WEATHER WAS RECORDED YESTERDAY.
  FOG
  BLOWING SNOW
  SNOW

RELATIVE HUMIDITY
 HIGHEST RH     100 PERCENT  AT   606 PM  AST
 LOWEST  RH      92 PERCENT  AT  1053 PM  AST
 AVERAGE RH      94 PERCENT
...................................................................

THE BARROW CLIMATE NORMALS FOR TODAY
                           NORMAL    RECORD   YEAR
 MAXIMUM TEMPERATURE (F)     17        36     1969
 MINIMUM TEMPERATURE (F)      7       -20     1996

SUNRISE AND SUNSET
 OCT 25 2014..........SUNRISE 10:38 AM      SUNSET  5:44 PM
 OCT 26 2014..........SUNRISE 10:43 AM      SUNSET  5:39 PM

-  INDICATES NEGATIVE NUMBERS.
R  INDICATES RECORD HAS BEEN SET OR TIED.
MM INDICATES DATA IS MISSING.
T  INDICATES TRACE OF PRECIPITATION.
&&
-------------------------------------------------------------------

AMOUNT OF DAYLIGHT TODAY  (HOUR:MIN)........7 HOURS 6 MINUTES
GAIN/LOSS SINCE YESTERDAY (HOUR:MIN:SEC)....-0:10:29

$$
RFL OCT 14
