000
CDAK49 PABR 200904
CLIBRW

CLIMATE REPORT
NATIONAL WEATHER SERVICE BARROW, AK
104 AM AKDT MON OCT 20 2014

...................................
...THE BARROW WSO AP CLIMATE SUMMARY FOR OCTOBER 19 2014...

CLIMATE NORMAL PERIOD  1981 TO  2010
CLIMATE RECORD PERIOD  1915 TO  2014

WEATHER ITEM   OBSERVED TIME    RECORD YEAR NORMAL DEPARTURE LAST
               VALUE    (LST)   VALUE       VALUE  FROM      YEAR
                                                   NORMAL
...................................................................
TEMPERATURE
YESTERDAY
 MAXIMUM            19  0757 PM    35  1961     20      -1     32
 MINIMUM            17  1102 PM   -15  1924     11       6     27
 AVERAGE            18                          16       2     30

PRECIPITATION
(INCHES)
 YESTERDAY        0.03           0.25  1925   0.01    0.02   0.04
 MONTH TO DATE    0.69                        0.28    0.41   0.36
 SINCE SEP 1      1.75                        1.00    0.75   1.65
 SINCE JAN 1      6.30                        4.05    2.25   6.67

SNOWFALL
(INCHES)
 YESTERDAY         0.3            3.8  1925    0.3     0.0    0.4
 MONTH TO DATE     9.4                         5.5     3.9    4.0
 SINCE SEP 1      18.9                         9.9     9.0   12.1
 SINCE JUL 1      20.3                        11.0     9.3   13.2
 SNOW DEPTH (IN)     3                                          2

DEGREE DAYS
 HEATING
  YESTERDAY         47                          50      -3     35
  MONTH TO DATE    763                         839     -76    734
  SINCE SEP 1     1703                        1825    -122   1738
  SINCE JUL 1     3369                        3379     -10   3147

 COOLING
  YESTERDAY          0                           0       0      0
  MONTH TO DATE      0                           0       0      0
  SINCE SEP 1        0                           0       0      0
  SINCE JAN 1        0                           0       0      0
...................................................................

WIND (MPH)
 HIGHEST WIND SPEED    33     HIGHEST WIND DIRECTION     60
 HIGHEST GUST SPEED    40     HIGHEST GUST DIRECTION     60
 AVERAGE WIND SPEED  26.6

WEATHER CONDITIONS
 THE FOLLOWING WEATHER WAS RECORDED YESTERDAY.
  BLOWING SNOW
SNOW


RELATIVE HUMIDITY
 HIGHEST RH     100 PERCENT       04:04 PM
 LOWEST  RH     84 PERCENT       04:17 AM
 AVERAGE RH     93 PERCENT       MM
...................................................................

THE BARROW CLIMATE NORMALS FOR TODAY
                           NORMAL    RECORD   YEAR
 MAXIMUM TEMPERATURE (F)     20        37     1925
 MINIMUM TEMPERATURE (F)     10       -17     1933

SUNRISE AND SUNSET
 OCT 20 2014..........SUNRISE 10:13 AM      SUNSET  6:10 PM
 OCT 21 2014..........SUNRISE 10:18 AM      SUNSET  6:05 PM

-  INDICATES NEGATIVE NUMBERS.
R  INDICATES RECORD HAS BEEN SET OR TIED.
MM INDICATES DATA IS MISSING.
T  INDICATES TRACE OF PRECIPITATION.

&&
-------------------------------------------------------------------

AMOUNT OF DAYLIGHT TODAY  (HOUR:MIN)........7 HOURS 57 MINUTES
GAIN/LOSS SINCE YESTERDAY (HOUR:MIN:SEC)....-0:10:02

$$
DZB OCT 14
