000
CDAK49 PABR 040901
CLIBRW

CLIMATE REPORT
NATIONAL WEATHER SERVICE BARROW, AK
101 AM AKDT FRI SEP 4 2015

...................................
...THE BARROW WSO AP CLIMATE SUMMARY FOR SEPTEMBER 3 2015...

CLIMATE NORMAL PERIOD  1981 TO  2010
CLIMATE RECORD PERIOD  1915 TO  2015

WEATHER ITEM   OBSERVED TIME    RECORD YEAR NORMAL DEPARTURE LAST
               VALUE    (LST)   VALUE       VALUE  FROM      YEAR
                                                   NORMAL
...................................................................
TEMPERATURE
YESTERDAY
 MAXIMUM            36  0752 PM    53  2000     40      -4     35
 MINIMUM            33  1156 PM    20  1955     32       1     32
 AVERAGE            35                          36      -1     34

PRECIPITATION
(INCHES)
 YESTERDAY        0.00           0.41  2002   0.03   -0.03   0.02
 MONTH TO DATE    0.05                        0.09   -0.04   0.44
 SINCE SEP 1      0.05                        0.09   -0.04   0.44
 SINCE JAN 1      4.76                        3.14    1.62   4.99

SNOWFALL
(INCHES)
 YESTERDAY         0.0            2.4  1993    0.0     0.0    0.1
 MONTH TO DATE     0.0                         0.2    -0.2    4.5
 SINCE SEP 1       0.0                         0.2    -0.2    4.5
 SINCE JUL 1       0.8                         1.3    -0.5    5.9
 SNOW DEPTH (IN)     0                                          T

DEGREE DAYS
 HEATING
  YESTERDAY         30                          29       1     31
  MONTH TO DATE     81                          86      -5     94
  SINCE SEP 1       81                          86      -5     94
  SINCE JUL 1     1659                        1640      19   1760

 COOLING
  YESTERDAY          0                           0       0      0
  MONTH TO DATE      0                           0       0      0
  SINCE SEP 1        0                           0       0      0
  SINCE JAN 1        0                           0       0      0
...................................................................

WIND (MPH)
 HIGHEST WIND SPEED    26     HIGHEST WIND DIRECTION    100
 HIGHEST GUST SPEED    32     HIGHEST GUST DIRECTION    100
 AVERAGE WIND SPEED  17.4

WEATHER CONDITIONS
 THE FOLLOWING WEATHER WAS RECORDED YESTERDAY.


RELATIVE HUMIDITY
 HIGHEST RH     MM PERCENT       MM
 LOWEST  RH     MM PERCENT       MM
 AVERAGE RH     MM PERCENT       MM
...................................................................

THE BARROW CLIMATE NORMALS FOR TODAY
                           NORMAL    RECORD   YEAR
 MAXIMUM TEMPERATURE (F)     40        62     1957
 MINIMUM TEMPERATURE (F)     32        19     1975

SUNRISE AND SUNSET
 SEP 4 2015..........SUNRISE  6:48 AM      SUNSET 10:02 PM
 SEP 5 2015..........SUNRISE  6:53 AM      SUNSET  9:57 PM

-  INDICATES NEGATIVE NUMBERS.
R  INDICATES RECORD HAS BEEN SET OR TIED.
MM INDICATES DATA IS MISSING.
T  INDICATES TRACE OF PRECIPITATION.

&&
-------------------------------------------------------------------

AMOUNT OF DAYLIGHT TODAY  (HOUR:MIN)........15 HOURS 14 MINUTES
GAIN/LOSS SINCE YESTERDAY (HOUR:MIN:SEC)....-0:09:45

$$
DZB SEP 15
