000
CDAK49 PAFG 220940
CLIBRW

CLIMATE REPORT
NATIONAL WEATHER SERVICE FAIRBANKS AK
140 AM AKDT TUE AUG 22 2017


...................................

...THE BARROW AK CLIMATE SUMMARY FOR AUGUST 21 2017...

CLIMATE NORMAL PERIOD 1981 TO 2010
CLIMATE RECORD PERIOD 1920 TO 2017


WEATHER ITEM   OBSERVED TIME   RECORD YEAR NORMAL DEPARTURE LAST
                VALUE   (LST)  VALUE       VALUE  FROM      YEAR
                                                  NORMAL
..................................................................
TEMPERATURE (F)
 YESTERDAY
  MAXIMUM         46    234 PM  65    1940  43      3       39
  MINIMUM         38   1159 PM  22    1960  34      4       34
  AVERAGE         42                        39      3       37

PRECIPITATION (IN)
  YESTERDAY        T             0.18 1973   0.03  -0.03      T
  MONTH TO DATE    1.30                      0.72   0.58     0.80
  SINCE JUN 1      3.16                      2.02   1.14     2.28
  SINCE JAN 1      5.27                      2.72   2.55     5.63

SNOWFALL (IN)
  YESTERDAY        0.0           2.8  2003   0.0    0.0       T
  MONTH TO DATE    T                         0.4   -0.4      1.6
  SINCE JUN 1      0.5                       1.3   -0.8      3.5
  SINCE JUL 1      T                         0.6   -0.6      1.6
  SNOW DEPTH       0

DEGREE DAYS
 HEATING
  YESTERDAY       23                        26     -3       28
  MONTH TO DATE  482                       533    -51      540
  SINCE JUN 1   1965                      2163   -198     2002
  SINCE JUL 1   1064                      1282   -218     1193

 COOLING
  YESTERDAY        0                         0      0        0
  MONTH TO DATE    0                         0      0        0
  SINCE JUN 1      0                         0      0        0
  SINCE JAN 1      0                         0      0        0
..................................................................


WIND (MPH)
  HIGHEST GUST SPEED    19   HIGHEST GUST DIRECTION     E (110)


SKY COVER
  AVERAGE SKY COVER 1.0


WEATHER CONDITIONS
 THE FOLLOWING WEATHER WAS RECORDED YESTERDAY.
  FOG


RELATIVE HUMIDITY (PERCENT)
 HIGHEST   100
 LOWEST     76
 AVERAGE    88

..........................................................


THE BARROW AK CLIMATE NORMALS FOR TODAY
                         NORMAL    RECORD    YEAR
 MAXIMUM TEMPERATURE (F)   43        63      2012
                                             1972
 MINIMUM TEMPERATURE (F)   34        22      1933


SUNRISE AND SUNSET
AUGUST 22 2017........SUNRISE   548 AM AKDT  SUNSET  1109 PM AKDT
AUGUST 23 2017........SUNRISE   553 AM AKDT  SUNSET  1103 PM AKDT

-  INDICATES NEGATIVE NUMBERS.
R  INDICATES RECORD WAS SET OR TIED.
MM INDICATES DATA IS MISSING.
T  INDICATES TRACE AMOUNT.

&&

SNOW DEPTH IS MEASURED AT 3AM AKST/4AM AKDT.

----------------------------
AVAILABLE DAYLIGHT

AMOUNT OF DAYLIGHT TODAY  (HOUR:MIN)........17:21
GAIN/LOSS SINCE YESTERDAY (HOUR:MIN:SEC)....-0:11:00

$$
SDB AUG 17
