000
CDAK49 PABR 250910
CLIBRW

CLIMATE REPORT
NATIONAL WEATHER SERVICE BARROW, AK
1210 AM AKST THU DEC 25 2014

...................................
...THE BARROW WSO AP CLIMATE SUMMARY FOR DECEMBER 24 2014...

CLIMATE NORMAL PERIOD  1981 TO  2010
CLIMATE RECORD PERIOD  1915 TO  2014

WEATHER ITEM   OBSERVED TIME    RECORD YEAR NORMAL DEPARTURE LAST
               VALUE    (LST)   VALUE       VALUE  FROM      YEAR
                                                   NORMAL
...................................................................
TEMPERATURE
YESTERDAY
 MAXIMUM             2   453 PM    31  1983     -3       5      0
 MINIMUM            -6  1253 AM   -49  1994    -16      10    -18
 AVERAGE            -2                         -10       8     -9

PRECIPITATION
(INCHES)
 YESTERDAY           T           0.08  1955   0.01   -0.01      T
 MONTH TO DATE    0.06                        0.11   -0.05   1.16
 SINCE DEC 1      0.06                        0.11   -0.05   1.16
 SINCE JAN 1      7.28                        4.50    2.78   8.38

SNOWFALL
(INCHES)
 YESTERDAY         0.1            1.1  1977    0.1     0.0      T
 MONTH TO DATE     1.5                         2.8    -1.3   13.0
 SINCE DEC 1       1.5                         2.8    -1.3   13.0
 SINCE JUL 1      32.6                        23.1     9.5   36.9
 SNOW DEPTH (IN)     4                                          8

DEGREE DAYS
 HEATING
  YESTERDAY         67                          75      -8     74
  MONTH TO DATE   1755                        1729      26   1544
  SINCE DEC 1     1742                        1729      13   1535
  SINCE JUL 1     7344                        7679    -335   6917

 COOLING
  YESTERDAY          0                           0       0      0
  MONTH TO DATE      0                           0       0      0
  SINCE DEC 1        0                           0       0      0
  SINCE JAN 1        0                           0       0      0
...................................................................

WIND (MPH)
 HIGHEST WIND SPEED    15     HIGHEST WIND DIRECTION     50
 HIGHEST GUST SPEED    19     HIGHEST GUST DIRECTION     40
 AVERAGE WIND SPEED   8.0

SKY COVER
  POSSIBLE SUNSHINE    MM          AVERAGE SKY COVER     MM

WEATHER CONDITIONS
 THE FOLLOWING WEATHER WAS RECORDED YESTERDAY.
 FOG
 SNOW


RELATIVE HUMIDITY
 HIGHEST RH     95 PERCENT       453 PM
 LOWEST  RH     75 PERCENT       953 AM
 AVERAGE RH     85 PERCENT
...................................................................

THE BARROW CLIMATE NORMALS FOR TODAY
                           NORMAL    RECORD   YEAR
 MAXIMUM TEMPERATURE (F)     -4        27     1983
 MINIMUM TEMPERATURE (F)    -16       -47     1994

SUNRISE AND SUNSET
 DEC 25 2014..........SUNRISE  --.--      SUNSET --.--
 DEC 26 2014..........SUNRISE  --.--      SUNSET --.--

-  INDICATES NEGATIVE NUMBERS.
R  INDICATES RECORD HAS BEEN SET OR TIED.
MM INDICATES DATA IS MISSING.
T  INDICATES TRACE OF PRECIPITATION.

&&
-------------------------------------------------------------------

AMOUNT OF DAYLIGHT TODAY  (HOUR:MIN)........0 HOURS 00 MINUTES
GAIN/LOSS SINCE YESTERDAY (HOUR:MIN:SEC)....+0:00:00

$$
JML DEC 14
