000
CDAK49 PAFG 170945
CLIBRW

CLIMATE REPORT
NATIONAL WEATHER SERVICE FAIRBANKS AK
1245 AM AKST TUE JAN 17 2017


...................................

...THE BARROW AK CLIMATE SUMMARY FOR JANUARY 16 2017...

CLIMATE NORMAL PERIOD 1981 TO 2010
CLIMATE RECORD PERIOD 1920 TO 2017


WEATHER ITEM   OBSERVED TIME   RECORD YEAR NORMAL DEPARTURE LAST
                VALUE   (LST)  VALUE       VALUE  FROM      YEAR
                                                  NORMAL
..................................................................
TEMPERATURE (F)
 YESTERDAY
  MAXIMUM        -15   1159 PM  32    1957  -8     -7        4
  MINIMUM        -32    227 PM -52    1980 -20    -12      -10
  AVERAGE        -23                       -14     -9       -3

PRECIPITATION (IN)
  YESTERDAY        T             0.17 1929   0.00   0.00      T
  MONTH TO DATE    0.46                      0.07   0.39     0.28
  SINCE DEC 1      0.76                      0.21   0.55     0.29
  SINCE JAN 1      0.46                      0.07   0.39     0.28

SNOWFALL (IN)
  YESTERDAY        T             1.3  1929   0.1   -0.1       T
  MONTH TO DATE    4.2                       1.4    2.8      0.9
  SINCE DEC 1      8.4                       4.9    3.5      1.3
  SINCE JUL 1     21.5                      25.2   -3.7      4.8
  SNOW DEPTH       6

DEGREE DAYS
 HEATING
  YESTERDAY       88                        79      9       68
  MONTH TO DATE  912                      1244   -332      986
  SINCE DEC 1   2916                      3501   -585     3320
  SINCE JUL 1   7871                      9453  -1582     8381

 COOLING
  YESTERDAY        0                         0      0        0
  MONTH TO DATE    0                         0      0        0
  SINCE DEC 1      0                         0      0        0
  SINCE JAN 1      0                         0      0        0
..................................................................


WIND (MPH)
  HIGHEST GUST SPEED    18   HIGHEST GUST DIRECTION     S (200)


SKY COVER
  AVERAGE SKY COVER 0.8


WEATHER CONDITIONS
 THE FOLLOWING WEATHER WAS RECORDED YESTERDAY.
  LIGHT SNOW
  FOG
  HAZE


RELATIVE HUMIDITY (PERCENT)
 HIGHEST    78
 LOWEST     66
 AVERAGE    72

..........................................................


THE BARROW AK CLIMATE NORMALS FOR TODAY
                         NORMAL    RECORD    YEAR
 MAXIMUM TEMPERATURE (F)   -8        33      1963
                                             1922
 MINIMUM TEMPERATURE (F)  -20       -48      1989


SUNRISE AND SUNSET
JANUARY 17 2017.......SUN BELOW VISIBLE HORIZON.
JANUARY 18 2017.......SUN BELOW VISIBLE HORIZON.

-  INDICATES NEGATIVE NUMBERS.
R  INDICATES RECORD WAS SET OR TIED.
MM INDICATES DATA IS MISSING.
T  INDICATES TRACE AMOUNT.

&&

SNOW DEPTH IS MEASURED AT 3AM AKST/4AM AKDT.

----------------------------
AVAILABLE DAYLIGHT

AMOUNT OF DAYLIGHT TODAY  (HOUR:MIN)........0:00
GAIN/LOSS SINCE YESTERDAY (HOUR:MIN:SEC)....+0:00:00

$$
JB JAN 17
