341
CDAK49 PAFG 050054
CLIBRW

CLIMATE REPORT
NATIONAL WEATHER SERVICE FAIRBANKS AK
354 PM AKST SUN DEC 4 2016


...................................

...THE BARROW AK CLIMATE SUMMARY FOR DECEMBER 4 2016...
VALID TODAY AS OF 0300 PM LOCAL TIME.

CLIMATE NORMAL PERIOD 1981 TO 2010
CLIMATE RECORD PERIOD 1920 TO 2016


WEATHER ITEM   OBSERVED TIME   RECORD YEAR NORMAL DEPARTURE LAST
                VALUE   (LST)  VALUE       VALUE  FROM      YEAR
                                                  NORMAL
..................................................................
TEMPERATURE (F)
 TODAY
  MAXIMUM          1    117 AM  30    1922   1      0       -8
  MINIMUM        -18    259 PM -42    1948 -11     -7      -19
  AVERAGE         -8                        -5     -3      -13

PRECIPITATION (IN)
  TODAY            0.00          0.33 2011   0.00   0.00      T
  MONTH TO DATE    T                         0.02  -0.02      T
  SINCE DEC 1      T                         0.02  -0.02      T
  SINCE JAN 1      7.13                      4.41   2.72     5.26

SNOWFALL (IN)
  TODAY            0.0           6.5  2011   0.1   -0.1       T
  MONTH TO DATE    T                         0.5   -0.5       T
  SINCE DEC 1      T                         0.5   -0.5       T
  SINCE JUL 1     13.0                      20.8   -7.8      3.5
  SNOW DEPTH       6

DEGREE DAYS
 HEATING
  TODAY           73                        70      3       78
  MONTH TO DATE  281                       280      1      309
  SINCE DEC 1    281                       280      1      309
  SINCE JUL 1   5236                      6232   -996     5370

 COOLING
  TODAY            0                         0      0        0
  MONTH TO DATE    0                         0      0        0
  SINCE DEC 1      0                         0      0        0
  SINCE JAN 1      0                         0      0        0
..................................................................


WIND (MPH)
  HIGHEST GUST SPEED    18   HIGHEST GUST DIRECTION     S (200)


SKY COVER
  AVERAGE SKY COVER 0.6


WEATHER CONDITIONS
 THE FOLLOWING WEATHER WAS RECORDED TODAY.
  FOG
  HAZE


RELATIVE HUMIDITY (PERCENT)
 HIGHEST    78
 LOWEST     69
 AVERAGE    74

..........................................................


THE BARROW AK CLIMATE NORMALS FOR TOMORROW
                         NORMAL    RECORD    YEAR
 MAXIMUM TEMPERATURE (F)    0        26      2006
                                             1972
 MINIMUM TEMPERATURE (F)  -11       -45      1948


SUNRISE AND SUNSET
DECEMBER 04 2016......SUN BELOW VISIBLE HORIZON.
DECEMBER 05 2016......SUN BELOW VISIBLE HORIZON.

-  INDICATES NEGATIVE NUMBERS.
R  INDICATES RECORD WAS SET OR TIED.
MM INDICATES DATA IS MISSING.
T  INDICATES TRACE AMOUNT.

&&

SNOW DEPTH IS MEASURED AT 3AM AKST/4AM AKDT.

----------------------------
AVAILABLE DAYLIGHT

AMOUNT OF DAYLIGHT TODAY  (HOUR:MIN)........0:00
GAIN/LOSS SINCE YESTERDAY (HOUR:MIN:SEC)....+0:00:00

$$
DEC 16
