000
CDUS43 KGRR 300521
CLIBTL


CLIMATE REPORT
NATIONAL WEATHER SERVICE GRAND RAPIDS, MI
121 AM EDT SUN APR 30 2017


...................................

...THE BATTLE CREEK MI CLIMATE SUMMARY FOR APRIL 29 2017...

CLIMATE NORMAL PERIOD 1981 TO 2010
CLIMATE RECORD PERIOD 1998 TO 2017


WEATHER ITEM   OBSERVED TIME   NORMAL DEPARTURE LAST
                VALUE   (LST)  VALUE  FROM      YEAR
                                      NORMAL
......................................................
TEMPERATURE (F)
 YESTERDAY
  MAXIMUM         54    148 AM  65    -11       53
  MINIMUM         43   1159 PM  41      2       43
  AVERAGE         49            53     -4       48

PRECIPITATION (IN)
  YESTERDAY        0.26          0.10   0.16      T
  MONTH TO DATE    2.86          2.70   0.16     2.07
  SINCE MAR 1      6.59          4.61   1.98     5.01
  SINCE JAN 1     12.06          7.61   4.45     6.61

DEGREE DAYS
 HEATING
  YESTERDAY       16            12      4       17
  MONTH TO DATE  350           501   -151      516
  SINCE MAR 1   1255          1411   -156     1243
  SINCE JUL 1   5158          6376  -1218     5158

 COOLING
  YESTERDAY        0             0      0        0
  MONTH TO DATE    9             0      9        2
  SINCE MAR 1      9             0      9        2
  SINCE JAN 1      9             0      9        2
......................................................


WIND (MPH)
  RESULTANT WIND SPEED   9   RESULTANT WIND DIRECTION  NE (50)
  HIGHEST WIND SPEED    23   HIGHEST WIND DIRECTION    NE (60)
  HIGHEST GUST SPEED    35   HIGHEST GUST DIRECTION    NE (60)
  AVERAGE WIND SPEED    11.1


SKY COVER
  AVERAGE SKY COVER 0.7


WEATHER CONDITIONS
 THE FOLLOWING WEATHER WAS RECORDED YESTERDAY.
  THUNDERSTORM
  HEAVY RAIN
  RAIN
  LIGHT RAIN
  FOG


RELATIVE HUMIDITY (PERCENT)
 HIGHEST    86           600 PM
 LOWEST     59          1100 AM
 AVERAGE    73

..........................................................


THE BATTLE CREEK MI CLIMATE NORMALS FOR TODAY
                         NORMAL
 MAXIMUM TEMPERATURE (F)   66
 MINIMUM TEMPERATURE (F)   41


SUNRISE AND SUNSET
APRIL 30 2017.........SUNRISE   637 AM EDT   SUNSET   840 PM EDT
MAY  1 2017...........SUNRISE   636 AM EDT   SUNSET   841 PM EDT


-  INDICATES NEGATIVE NUMBERS.
R  INDICATES RECORD WAS SET OR TIED.
MM INDICATES DATA IS MISSING.
T  INDICATES TRACE AMOUNT.




$$
