000
CDUS43 KGRR 111428
CLIBTL


CLIMATE REPORT
NATIONAL WEATHER SERVICE GRAND RAPIDS, MI
926 AM EST MON DEC 11 2017


...................................

...THE BATTLE CREEK MI CLIMATE SUMMARY FOR DECEMBER 11 2017...
VALID AS OF 0900 AM LOCAL TIME.

CLIMATE NORMAL PERIOD 1981 TO 2010
CLIMATE RECORD PERIOD 1998 TO 2017


WEATHER ITEM   OBSERVED TIME   NORMAL DEPARTURE LAST
                VALUE   (LST)  VALUE  FROM      YEAR
                                      NORMAL
......................................................
TEMPERATURE (F)
 TODAY
  MAXIMUM         27    757 AM  36     -9       32
  MINIMUM         26    859 AM  21      5       22
  AVERAGE         27            28     -1       27

PRECIPITATION (IN)
  TODAY            T             0.06  -0.06    MM
  MONTH TO DATE    0.12          0.75  -0.63     0.62
  SINCE DEC 1      0.12          0.75  -0.63     0.62
  SINCE JAN 1     36.83         31.91   4.92    31.00

DEGREE DAYS
 HEATING
  TODAY           38            36      2       38
  MONTH TO DATE  338           380    -42      370
  SINCE DEC 1    338           380    -42      370
  SINCE JUL 1   1533          1818   -285     1213

 COOLING
  TODAY            0             0      0        0
  MONTH TO DATE    0             0      0        0
  SINCE DEC 1      0             0      0        0
  SINCE JAN 1    735           578    157      727
......................................................


WIND (MPH)
  RESULTANT WIND SPEED   1   RESULTANT WIND DIRECTION  SW (220)
  HIGHEST WIND SPEED    10   HIGHEST WIND DIRECTION     S (180)
  HIGHEST GUST SPEED    13   HIGHEST GUST DIRECTION     S (200)
  AVERAGE WIND SPEED     2.9


SKY COVER
  AVERAGE SKY COVER 1.0


WEATHER CONDITIONS
 THE FOLLOWING WEATHER WAS RECORDED TODAY.
  LIGHT SNOW
  FOG


RELATIVE HUMIDITY (PERCENT)
 HIGHEST    84           900 AM
 LOWEST     81          1200 AM
 AVERAGE    83

..........................................................


THE BATTLE CREEK MI CLIMATE NORMALS FOR TOMORROW
                         NORMAL
 MAXIMUM TEMPERATURE (F)   36
 MINIMUM TEMPERATURE (F)   21


SUNRISE AND SUNSET
DECEMBER 11 2017......SUNRISE   800 AM EST   SUNSET   509 PM EST
DECEMBER 12 2017......SUNRISE   801 AM EST   SUNSET   509 PM EST


-  INDICATES NEGATIVE NUMBERS.
R  INDICATES RECORD WAS SET OR TIED.
MM INDICATES DATA IS MISSING.
T  INDICATES TRACE AMOUNT.




$$

63
