000
CDUS43 KGRR 222124
CLIBTL


CLIMATE REPORT
NATIONAL WEATHER SERVICE GRAND RAPIDS, MI
524 PM EDT TUE JUL 22 2014


...................................

...THE BATTLE CREEK MI CLIMATE SUMMARY FOR JULY 22 2014...
VALID TODAY AS OF 0500 PM LOCAL TIME.

CLIMATE NORMAL PERIOD 1981 TO 2010
CLIMATE RECORD PERIOD 9999 TO 9999


WEATHER ITEM   OBSERVED TIME   RECORD YEAR NORMAL DEPARTURE LAST
                VALUE   (LST)  VALUE       VALUE  FROM      YEAR
                                                  NORMAL
..................................................................
TEMPERATURE (F)
 TODAY
  MAXIMUM         87    359 PM  MM      MM  82      5       81
  MINIMUM         65    513 AM  MM      MM  59      6       65
  AVERAGE         76                        71      5       73

PRECIPITATION (IN)
  TODAY            0.00         MM      MM   0.11  -0.11     0.11
  MONTH TO DATE    3.60                      2.36   1.24     4.56
  SINCE JUN 1      9.17                      5.59   3.58     8.30
  SINCE JAN 1     17.13                     17.07   0.06    21.08

DEGREE DAYS
 HEATING
  TODAY            0                         0      0        0
  MONTH TO DATE   13                         6      7        1
  SINCE JUN 1     31                        63    -32       43
  SINCE JUL 1     13                         6      7        1

 COOLING
  TODAY           11                         6      5        8
  MONTH TO DATE   81                       144    -63      216
  SINCE JUN 1    257                       270    -13      362
  SINCE JAN 1    309                       308      1      439
..................................................................


WIND (MPH)
  RESULTANT WIND SPEED   7   RESULTANT WIND DIRECTION  SW (210)
  HIGHEST WIND SPEED    20   HIGHEST WIND DIRECTION     S (200)
  HIGHEST GUST SPEED    25   HIGHEST GUST DIRECTION     S (200)
  AVERAGE WIND SPEED     7.9



WEATHER CONDITIONS
 THE FOLLOWING WEATHER WAS RECORDED TODAY.
  NO SIGNIFICANT WEATHER WAS OBSERVED.


RELATIVE HUMIDITY (PERCENT)
 HIGHEST    87           400 AM
 LOWEST     50           300 PM
 AVERAGE    69

..........................................................




SUNRISE AND SUNSET
JULY 22 2014..........SUNRISE   624 AM EDT   SUNSET   910 PM EDT
JULY 23 2014..........SUNRISE   625 AM EDT   SUNSET   910 PM EDT


-  INDICATES NEGATIVE NUMBERS.
R  INDICATES RECORD WAS SET OR TIED.
MM INDICATES DATA IS MISSING.
T  INDICATES TRACE AMOUNT.




$$
