000
CDUS43 KGRR 032141
CLIBTL


CLIMATE REPORT
NATIONAL WEATHER SERVICE GRAND RAPIDS, MI
539 PM EDT MON AUG 3 2015


...................................

...THE BATTLE CREEK MI CLIMATE SUMMARY FOR AUGUST 3 2015...
VALID TODAY AS OF 0500 PM LOCAL TIME.

CLIMATE NORMAL PERIOD 1981 TO 2010
CLIMATE RECORD PERIOD 1998 TO 2015


WEATHER ITEM   OBSERVED TIME   NORMAL DEPARTURE LAST
                VALUE   (LST)  VALUE  FROM      YEAR
                                      NORMAL
......................................................
TEMPERATURE (F)
 TODAY
  MAXIMUM         MM        MM  82     MM       84
  MINIMUM         MM        MM  59     MM       55
  AVERAGE         MM            70     MM       70

PRECIPITATION (IN)
  TODAY            T             0.11  -0.11     0.00
  MONTH TO DATE    0.75          0.33   0.42      T
  SINCE JUN 1     13.53          6.92   6.61     9.78
  SINCE JAN 1     21.78         18.40   3.38    17.74

DEGREE DAYS
 HEATING
  TODAY           MM             1     MM        0
  MONTH TO DATE    0             3     -3        0
  SINCE JUN 1     30            75    -45       36
  SINCE JUL 1      7            18    -11       18

 COOLING
  TODAY           MM             6     MM        5
  MONTH TO DATE   21            18      3       17
  SINCE JUN 1    365           341     24      298
  SINCE JAN 1    438           379     59      350
......................................................


WIND (MPH)
  RESULTANT WIND SPEED   6   RESULTANT WIND DIRECTION  SW (230)
  HIGHEST WIND SPEED     9   HIGHEST WIND DIRECTION    SW (210)
  HIGHEST GUST SPEED    MM   HIGHEST GUST DIRECTION    MM
  AVERAGE WIND SPEED     6.6


SKY COVER
  AVERAGE SKY COVER 0.8


WEATHER CONDITIONS
 THE FOLLOWING WEATHER WAS RECORDED TODAY.
  THUNDERSTORM
  LIGHT RAIN
  FOG
  FOG W/VISIBILITY <= 1/4 MILE


RELATIVE HUMIDITY (PERCENT)
 HIGHEST    93           200 AM
 LOWEST     87           800 AM
 AVERAGE    90

..........................................................


THE BATTLE CREEK MI CLIMATE NORMALS FOR TOMORROW
                         NORMAL
 MAXIMUM TEMPERATURE (F)   82
 MINIMUM TEMPERATURE (F)   59


SUNRISE AND SUNSET
AUGUST  3 2015........SUNRISE   635 AM EDT   SUNSET   858 PM EDT
AUGUST  4 2015........SUNRISE   636 AM EDT   SUNSET   857 PM EDT


-  INDICATES NEGATIVE NUMBERS.
R  INDICATES RECORD WAS SET OR TIED.
MM INDICATES DATA IS MISSING.
T  INDICATES TRACE AMOUNT.




$$

63
