000
CDUS43 KGRR 170514
CLIBTL


CLIMATE REPORT
NATIONAL WEATHER SERVICE GRAND RAPIDS, MI
114 AM EDT THU APR 17 2014


...................................

...THE BATTLE CREEK MI CLIMATE SUMMARY FOR APRIL 16 2014...

CLIMATE NORMAL PERIOD 1981 TO 2010
CLIMATE RECORD PERIOD 9999 TO 9999


WEATHER ITEM   OBSERVED TIME   NORMAL DEPARTURE LAST
                VALUE   (LST)  VALUE  FROM      YEAR
                                      NORMAL
......................................................
TEMPERATURE (F)
 YESTERDAY
  MAXIMUM         46    501 PM  61    -15       56
  MINIMUM         21    418 AM  36    -15       42
  AVERAGE         34            48    -14       49

PRECIPITATION (IN)
  YESTERDAY        0.00          0.09  -0.09     0.20
  MONTH TO DATE    1.38          1.45  -0.07     2.46
  SINCE MAR 1      2.34          3.36  -1.02     3.00
  SINCE JAN 1      3.87          6.36  -2.49     7.73

DEGREE DAYS
 HEATING
  YESTERDAY       31            17     14       16
  MONTH TO DATE  334           315     19      365
  SINCE MAR 1   1503          1225    278     1407
  SINCE JUL 1   6957          6190    767     6002

 COOLING
  YESTERDAY        0             0      0        0
  MONTH TO DATE    0             0      0        0
  SINCE MAR 1      0             0      0        0
  SINCE JAN 1      0             0      0        0
......................................................


WIND (MPH)
  RESULTANT WIND SPEED   8   RESULTANT WIND DIRECTION  SE (150)
  HIGHEST WIND SPEED    21   HIGHEST WIND DIRECTION     S (170)
  HIGHEST GUST SPEED    28   HIGHEST GUST DIRECTION    SE (130)
  AVERAGE WIND SPEED     9.4


SKY COVER
  AVERAGE SKY COVER 0.0


WEATHER CONDITIONS
 THE FOLLOWING WEATHER WAS RECORDED YESTERDAY.
  NO SIGNIFICANT WEATHER WAS OBSERVED.


RELATIVE HUMIDITY (PERCENT)
 HIGHEST    77           400 AM
 LOWEST     33           200 PM
 AVERAGE    55

..........................................................


THE BATTLE CREEK MI CLIMATE NORMALS FOR TODAY
                         NORMAL
 MAXIMUM TEMPERATURE (F)   61
 MINIMUM TEMPERATURE (F)   37


SUNRISE AND SUNSET
APRIL 17 2014.........SUNRISE   657 AM EDT   SUNSET   825 PM EDT
APRIL 18 2014.........SUNRISE   655 AM EDT   SUNSET   826 PM EDT


-  INDICATES NEGATIVE NUMBERS.
R  INDICATES RECORD WAS SET OR TIED.
MM INDICATES DATA IS MISSING.
T  INDICATES TRACE AMOUNT.




$$
