000
CDUS43 KGRR 290518
CLIBTL


CLIMATE REPORT
NATIONAL WEATHER SERVICE GRAND RAPIDS, MI
1215 AM EST SAT NOV 29 2014


...................................

...THE BATTLE CREEK MI CLIMATE SUMMARY FOR NOVEMBER 28 2014...

CLIMATE NORMAL PERIOD 1981 TO 2010
CLIMATE RECORD PERIOD 1998 TO 2014


WEATHER ITEM   OBSERVED TIME   NORMAL DEPARTURE LAST
                VALUE   (LST)  VALUE  FROM      YEAR
                                      NORMAL
......................................................
TEMPERATURE (F)
 YESTERDAY
  MAXIMUM         31   1159 PM  42    -11       27
  MINIMUM         21    516 AM  26     -5       17
  AVERAGE         26            34     -8       22

PRECIPITATION (IN)
  YESTERDAY        T             0.08  -0.08      T
  MONTH TO DATE    2.37          2.66  -0.29     1.90
  SINCE SEP 1      8.38          9.45  -1.07     7.63
  SINCE JAN 1     28.32         30.99  -2.67    33.80

DEGREE DAYS
 HEATING
  YESTERDAY       39            31      8       43
  MONTH TO DATE  849           711    138      764
  SINCE SEP 1   1432          1332    100     1296
  SINCE JUL 1   1461          1373     88     1334

 COOLING
  YESTERDAY        0             0      0        0
  MONTH TO DATE    0             0      0        0
  SINCE SEP 1     56            60     -4       84
  SINCE JAN 1    593           578     15      689
......................................................


WIND (MPH)
  RESULTANT WIND SPEED   6   RESULTANT WIND DIRECTION   S (180)
  HIGHEST WIND SPEED    16   HIGHEST WIND DIRECTION     S (200)
  HIGHEST GUST SPEED    20   HIGHEST GUST DIRECTION     S (200)
  AVERAGE WIND SPEED     8.8


SKY COVER
  AVERAGE SKY COVER 1.0


WEATHER CONDITIONS
 THE FOLLOWING WEATHER WAS RECORDED YESTERDAY.
  LIGHT SNOW


RELATIVE HUMIDITY (PERCENT)
 HIGHEST    74           800 AM
 LOWEST     57           100 AM
 AVERAGE    66

..........................................................


THE BATTLE CREEK MI CLIMATE NORMALS FOR TODAY
                         NORMAL
 MAXIMUM TEMPERATURE (F)   41
 MINIMUM TEMPERATURE (F)   25


SUNRISE AND SUNSET
NOVEMBER 29 2014......SUNRISE   748 AM EST   SUNSET   510 PM EST
NOVEMBER 30 2014......SUNRISE   749 AM EST   SUNSET   510 PM EST


-  INDICATES NEGATIVE NUMBERS.
R  INDICATES RECORD WAS SET OR TIED.
MM INDICATES DATA IS MISSING.
T  INDICATES TRACE AMOUNT.




$$

CAS
