000
CDUS45 KMSO 190832
CLIBTM


CLIMATE REPORT
NATIONAL WEATHER SERVICE MISSOULA, MT
132 AM MST MON FEB 19 2018


...................................

...THE BUTTE MT CLIMATE SUMMARY FOR FEBRUARY 18 2018...

CLIMATE NORMAL PERIOD 1981 TO 2010
CLIMATE RECORD PERIOD 1895 TO 2018


WEATHER ITEM   OBSERVED TIME   RECORD YEAR NORMAL DEPARTURE LAST
                VALUE   (LST)  VALUE       VALUE  FROM      YEAR
                                                  NORMAL
..................................................................
TEMPERATURE (F)
 YESTERDAY
  MAXIMUM         34   1217 PM  58    1930  35     -1       45
  MINIMUM         -3   1159 PM -38    1942  10    -13       32
  AVERAGE         16                        22     -6       39

PRECIPITATION (IN)
  YESTERDAY        0.13          0.31 1951   0.02   0.11     0.00
  MONTH TO DATE    0.60                      0.26   0.34     0.38
  SINCE OCT 1      2.68                      2.62   0.06     3.91
  SINCE JAN 1      1.24                      0.73   0.51     0.69

SNOWFALL (IN)
  YESTERDAY       MM
  MONTH TO DATE   MM
  SINCE JAN 1     MM
  SINCE JUL 1     MM
  SNOW DEPTH      MM

DEGREE DAYS
 HEATING
  YESTERDAY       49                        42      7       26
  MONTH TO DATE  730                       791    -61      738
  SINCE DEC 1   3466                      3672   -206     4096
  SINCE JUL 1   5861                      6162   -301     6390

 COOLING
  YESTERDAY        0                         0      0        0
  MONTH TO DATE    0                         0      0        0
  SINCE DEC 1      0                         0      0        0
  SINCE JAN 1      0                         0      0        0
..................................................................


WIND (MPH)
  HIGHEST WIND SPEED    30   HIGHEST WIND DIRECTION     W (270)
  HIGHEST GUST SPEED    46   HIGHEST GUST DIRECTION     W (270)
  AVERAGE WIND SPEED     6.6


SKY COVER
  POSSIBLE SUNSHINE  MM
  AVERAGE SKY COVER 1.0


WEATHER CONDITIONS
 THE FOLLOWING WEATHER WAS RECORDED YESTERDAY.
  HEAVY SNOW
  SNOW
  LIGHT SNOW
  FOG
  HAZE


RELATIVE HUMIDITY (PERCENT)
 HIGHEST    88           500 AM
 LOWEST     72          1100 PM
 AVERAGE    80

..........................................................


THE BUTTE MT CLIMATE NORMALS FOR TODAY
                         NORMAL    RECORD    YEAR
 MAXIMUM TEMPERATURE (F)   36        54      1981
 MINIMUM TEMPERATURE (F)   10       -23      1952


SUNRISE AND SUNSET
FEBRUARY 19 2018......SUNRISE   726 AM MST   SUNSET   602 PM MST
FEBRUARY 20 2018......SUNRISE   724 AM MST   SUNSET   604 PM MST


-  INDICATES NEGATIVE NUMBERS.
R  INDICATES RECORD WAS SET OR TIED.
MM INDICATES DATA IS MISSING.
T  INDICATES TRACE AMOUNT.




$$
