000
CDUS45 KMSO 240738
CLIBTM


CLIMATE REPORT
NATIONAL WEATHER SERVICE MISSOULA, MT
137 AM MDT MON APR 24 2017


...................................

...THE BUTTE MT CLIMATE SUMMARY FOR APRIL 23 2017...

CLIMATE NORMAL PERIOD 1981 TO 2010
CLIMATE RECORD PERIOD 1895 TO 2017


WEATHER ITEM   OBSERVED TIME   RECORD YEAR NORMAL DEPARTURE LAST
                VALUE   (LST)  VALUE       VALUE  FROM      YEAR
                                                  NORMAL
..................................................................
TEMPERATURE (F)
 YESTERDAY
  MAXIMUM         54   1201 PM  77    2012  54      0       52
  MINIMUM         37    439 AM  10    2013  28      9       38
  AVERAGE         46                        41      5       45

PRECIPITATION (IN)
  YESTERDAY        T             1.03 1979   0.04  -0.04     0.13
  MONTH TO DATE    1.21                      0.86   0.35     1.05
  SINCE OCT 1      6.15                      4.41   1.74     4.71
  SINCE JAN 1      2.93                      2.52   0.41     1.97

SNOWFALL (IN)
  YESTERDAY       MM
  MONTH TO DATE   MM
  SINCE JAN 1     MM
  SINCE JUL 1     MM
  SNOW DEPTH      MM

DEGREE DAYS
 HEATING
  YESTERDAY       19                        24     -5       20
  MONTH TO DATE  585                       619    -34      482
  SINCE MAR 1   1426                      1661   -235     1444
  SINCE JUL 1   8210                      8230    -20     7841

 COOLING
  YESTERDAY        0                         0      0        0
  MONTH TO DATE    0                         0      0        0
  SINCE MAR 1      0                         0      0        0
  SINCE JAN 1      0                         0      0        0
..................................................................


WIND (MPH)
  HIGHEST WIND SPEED    31   HIGHEST WIND DIRECTION    NW (300)
  HIGHEST GUST SPEED    38   HIGHEST GUST DIRECTION    NW (300)
  AVERAGE WIND SPEED     4.6


SKY COVER
  POSSIBLE SUNSHINE  MM
  AVERAGE SKY COVER 0.8


WEATHER CONDITIONS
 THE FOLLOWING WEATHER WAS RECORDED YESTERDAY.
  LIGHT RAIN


RELATIVE HUMIDITY (PERCENT)
 HIGHEST    79          1100 PM
 LOWEST     44          1100 AM
 AVERAGE    62

..........................................................


THE BUTTE MT CLIMATE NORMALS FOR TODAY
                         NORMAL    RECORD    YEAR
 MAXIMUM TEMPERATURE (F)   54        77      1910
 MINIMUM TEMPERATURE (F)   28        13      1958


SUNRISE AND SUNSET
APRIL 24 2017.........SUNRISE   628 AM MDT   SUNSET   829 PM MDT
APRIL 25 2017.........SUNRISE   626 AM MDT   SUNSET   831 PM MDT


-  INDICATES NEGATIVE NUMBERS.
R  INDICATES RECORD WAS SET OR TIED.
MM INDICATES DATA IS MISSING.
T  INDICATES TRACE AMOUNT.




$$
