000
CDUS45 KMSO 010738
CLIBTM


CLIMATE REPORT
NATIONAL WEATHER SERVICE MISSOULA, MT
137 AM MDT SUN MAY 1 2016


...................................

...THE BUTTE MT CLIMATE SUMMARY FOR APRIL 30 2016...

CLIMATE NORMAL PERIOD 1981 TO 2010
CLIMATE RECORD PERIOD 1895 TO 2016


WEATHER ITEM   OBSERVED TIME   RECORD YEAR NORMAL DEPARTURE LAST
                VALUE   (LST)  VALUE       VALUE  FROM      YEAR
                                                  NORMAL
..................................................................
TEMPERATURE (F)
 YESTERDAY
  MAXIMUM         46    205 PM  79    1926  56    -10       60
  MINIMUM         35    108 AM   9    1950  29      6       35
  AVERAGE         41                        43     -2       48

PRECIPITATION (IN)
  YESTERDAY        T             0.63 1951   0.05  -0.05     0.00
  MONTH TO DATE    1.16                      1.17  -0.01     0.88
  SINCE OCT 1      4.82                      4.72   0.10     3.98
  SINCE JAN 1      2.08                      2.83  -0.75     1.59

SNOWFALL (IN)
  YESTERDAY       MM
  MONTH TO DATE   MM
  SINCE JAN 1     MM
  SINCE JUL 1     MM
  SNOW DEPTH      MM

DEGREE DAYS
 HEATING
  YESTERDAY       24                        22      2       17
  MONTH TO DATE  656                       781   -125      776
  SINCE MAR 1   1618                      1822   -204     1624
  SINCE JUL 1   8015                      8391   -376     7505

 COOLING
  YESTERDAY        0                         0      0        0
  MONTH TO DATE    0                         0      0        0
  SINCE MAR 1      0                         0      0        0
  SINCE JAN 1      0                         0      0        0
..................................................................


WIND (MPH)
  HIGHEST WIND SPEED    17   HIGHEST WIND DIRECTION     E (70)
  HIGHEST GUST SPEED    22   HIGHEST GUST DIRECTION     N (20)
  AVERAGE WIND SPEED     4.9


SKY COVER
  POSSIBLE SUNSHINE  MM
  AVERAGE SKY COVER 1.0


WEATHER CONDITIONS
 THE FOLLOWING WEATHER WAS RECORDED YESTERDAY.
  LIGHT RAIN


RELATIVE HUMIDITY (PERCENT)
 HIGHEST    92          1200 AM
 LOWEST     49           100 PM
 AVERAGE    71

..........................................................


THE BUTTE MT CLIMATE NORMALS FOR TODAY
                         NORMAL    RECORD    YEAR
 MAXIMUM TEMPERATURE (F)   57        80      1985
                                             2000
 MINIMUM TEMPERATURE (F)   30         9      1975


SUNRISE AND SUNSET
MAY  1 2016...........SUNRISE   616 AM MDT   SUNSET   839 PM MDT
MAY  2 2016...........SUNRISE   615 AM MDT   SUNSET   840 PM MDT


-  INDICATES NEGATIVE NUMBERS.
R  INDICATES RECORD WAS SET OR TIED.
MM INDICATES DATA IS MISSING.
T  INDICATES TRACE AMOUNT.




$$
