000
CDUS45 KMSO 262232
CLIBTM


CLIMATE REPORT
NATIONAL WEATHER SERVICE MISSOULA, MT
431 PM MDT TUE MAY 26 2015


...................................

...THE BUTTE MT CLIMATE SUMMARY FOR MAY 26 2015...
VALID TODAY AS OF 0400 PM LOCAL TIME.

CLIMATE NORMAL PERIOD 1981 TO 2010
CLIMATE RECORD PERIOD 1895 TO 2015


WEATHER ITEM   OBSERVED TIME   RECORD YEAR NORMAL DEPARTURE LAST
                VALUE   (LST)  VALUE       VALUE  FROM      YEAR
                                                  NORMAL
..................................................................
TEMPERATURE (F)
 TODAY
  MAXIMUM         66    225 PM  83    1936  64      2       74
  MINIMUM         43    619 AM  22    1975  37      6       43
  AVERAGE         55                        50      5       59

PRECIPITATION (IN)
  TODAY            0.05          1.00 1906   0.08  -0.03     0.00
  MONTH TO DATE    1.28                      1.63  -0.35     0.80
  SINCE OCT 1      5.26                      6.35  -1.09     5.30
  SINCE JAN 1      2.87                      4.46  -1.59     4.26

SNOWFALL (IN)
  TODAY           MM
  MONTH TO DATE   MM
  SINCE JAN 1     MM
  SINCE JUL 1     MM
  SNOW DEPTH      MM

DEGREE DAYS
 HEATING
  TODAY           10                        15     -5        6
  MONTH TO DATE  469                       472     -3      469
  SINCE MAR 1   2093                      2294   -201     2312
  SINCE JUL 1   7974                      8863   -889     8690

 COOLING
  TODAY            0                         0      0        0
  MONTH TO DATE    0                         0      0        0
  SINCE MAR 1      0                         0      0        0
  SINCE JAN 1      0                         0      0        0
..................................................................


WIND (MPH)
  HIGHEST WIND SPEED     9   HIGHEST WIND DIRECTION    NW (310)
  HIGHEST GUST SPEED    12   HIGHEST GUST DIRECTION     W (280)
  AVERAGE WIND SPEED     2.3


SKY COVER
  POSSIBLE SUNSHINE  MM
  AVERAGE SKY COVER 0.6


WEATHER CONDITIONS
 THE FOLLOWING WEATHER WAS RECORDED TODAY.
  LIGHT RAIN


RELATIVE HUMIDITY (PERCENT)
 HIGHEST    93          1200 AM
 LOWEST     28           300 PM
 AVERAGE    61

..........................................................


THE BUTTE MT CLIMATE NORMALS FOR TOMORROW
                         NORMAL    RECORD    YEAR
 MAXIMUM TEMPERATURE (F)   64        87      1986
 MINIMUM TEMPERATURE (F)   37        25      1973


SUNRISE AND SUNSET
MAY 26 2015...........SUNRISE   547 AM MDT   SUNSET   907 PM MDT
MAY 27 2015...........SUNRISE   546 AM MDT   SUNSET   908 PM MDT


-  INDICATES NEGATIVE NUMBERS.
R  INDICATES RECORD WAS SET OR TIED.
MM INDICATES DATA IS MISSING.
T  INDICATES TRACE AMOUNT.




$$
