000
CDUS44 KLIX 182217
CLIBTR


CLIMATE REPORT
NATIONAL WEATHER SERVICE NEW ORLEANS
417 PM CST THU DEC 18 2014


...................................

...THE BATON ROUGE  ASOS CLIMATE SUMMARY FOR DECEMBER 18 2014...
VALID TODAY AS OF 0400 PM LOCAL TIME.

CLIMATE NORMAL PERIOD 1981 TO 2010
CLIMATE RECORD PERIOD 1894 TO 2014


WEATHER ITEM   OBSERVED TIME   RECORD YEAR NORMAL DEPARTURE LAST
                VALUE   (LST)  VALUE       VALUE  FROM      YEAR
                                                  NORMAL
..................................................................
TEMPERATURE (F)
 TODAY
  MAXIMUM         65    223 PM  82    1924  64      1       68
  MINIMUM         44    149 AM  20    1979  42      2       34
  AVERAGE         55

PRECIPITATION (IN)
  TODAY            T             6.39 1995   0.18  -0.18     0.00
  MONTH TO DATE    0.10                      3.16  -3.06     3.06
  SINCE DEC 1      0.10                      3.16  -3.06     3.06
  SINCE JAN 1     56.13                     58.21  -2.08    68.20

SNOWFALL (IN)
  TODAY            0.0
  MONTH TO DATE    0.0
  SINCE DEC 1      0.0
  SINCE JUL 1      0.0
  SNOW DEPTH       0

DEGREE DAYS
 HEATING
  TODAY           10                        13     -3       14
  MONTH TO DATE  132                       206    -74      249
  SINCE DEC 1    132                       206    -74      249
  SINCE JUL 1    473                       441     32      536

 COOLING
  TODAY            0                         1     -1        0
  MONTH TO DATE   13                        18     -5       32
  SINCE DEC 1     13                        18     -5       32
  SINCE JAN 1   2693                      2819   -126     2698
..................................................................


WIND (MPH)
  HIGHEST WIND SPEED    12   HIGHEST WIND DIRECTION    SE (120)
  HIGHEST GUST SPEED    15   HIGHEST GUST DIRECTION     E (100)
  AVERAGE WIND SPEED     5.8


SKY COVER
  POSSIBLE SUNSHINE  MM
  AVERAGE SKY COVER 0.5


WEATHER CONDITIONS
 THE FOLLOWING WEATHER WAS RECORDED TODAY.
  LIGHT RAIN


RELATIVE HUMIDITY (PERCENT)
 HIGHEST    92           200 AM
 LOWEST     62          1000 AM
 AVERAGE    77

..........................................................


THE BATON ROUGE  ASOS CLIMATE NORMALS FOR TOMORROW
                         NORMAL    RECORD    YEAR
 MAXIMUM TEMPERATURE (F)   63        84      1908
 MINIMUM TEMPERATURE (F)   42        16      1901


SUNRISE AND SUNSET
DECEMBER 18 2014......SUNRISE   656 AM CST   SUNSET   507 PM CST
DECEMBER 19 2014......SUNRISE   656 AM CST   SUNSET   507 PM CST


-  INDICATES NEGATIVE NUMBERS.
R  INDICATES RECORD WAS SET OR TIED.
MM INDICATES DATA IS MISSING.
T  INDICATES TRACE AMOUNT.




$$
