000
CDUS44 KLIX 130800
CLIBTR


CLIMATE REPORT
NATIONAL WEATHER SERVICE NEW ORLEANS
200 AM CST WED DEC 13 2017


...................................

...THE BATON ROUGE  ASOS CLIMATE SUMMARY FOR DECEMBER 12 2017...

CLIMATE NORMAL PERIOD 1981 TO 2010
CLIMATE RECORD PERIOD 1894 TO 2017


WEATHER ITEM   OBSERVED TIME   RECORD YEAR NORMAL DEPARTURE LAST
                VALUE   (LST)  VALUE       VALUE  FROM      YEAR
                                                  NORMAL
..................................................................
TEMPERATURE (F)
 YESTERDAY
  MAXIMUM         62    236 PM  83    1971  65     -3       81
  MINIMUM         36   1159 PM  15    1962  43     -7       58
  AVERAGE         49                        54     -5       70

PRECIPITATION (IN)
  YESTERDAY        0.00          3.98 1935   0.18  -0.18     0.55
  MONTH TO DATE    3.25                      2.05   1.20     5.05
  SINCE DEC 1      3.25                      2.05   1.20     5.05
  SINCE JAN 1     65.04                     57.10   7.94    85.88

SNOWFALL (IN)
  YESTERDAY        0.0
  MONTH TO DATE    3.5
  SINCE DEC 1      3.5
  SINCE JUL 1      3.5
  SNOW DEPTH       0

DEGREE DAYS
 HEATING
  YESTERDAY       16                        12      4        0
  MONTH TO DATE  162                       132     30      132
  SINCE DEC 1    162                       132     30      132
  SINCE JUL 1    369                       367      2      245

 COOLING
  YESTERDAY        0                         1     -1        5
  MONTH TO DATE    2                        12    -10        5
  SINCE DEC 1      2                        12    -10        5
  SINCE JAN 1   2976                      2813    163     3126
..................................................................


WIND (MPH)
  HIGHEST WIND SPEED    17   HIGHEST WIND DIRECTION     N (10)
  HIGHEST GUST SPEED    23   HIGHEST GUST DIRECTION     N (10)
  AVERAGE WIND SPEED     5.9


SKY COVER
  POSSIBLE SUNSHINE  MM
  AVERAGE SKY COVER 0.0


WEATHER CONDITIONS
 THE FOLLOWING WEATHER WAS RECORDED YESTERDAY.
  NO SIGNIFICANT WEATHER WAS OBSERVED.


RELATIVE HUMIDITY (PERCENT)
 HIGHEST    89           300 AM
 LOWEST     32           200 PM
 AVERAGE    61

..........................................................


THE BATON ROUGE  ASOS CLIMATE NORMALS FOR TODAY
                         NORMAL    RECORD    YEAR
 MAXIMUM TEMPERATURE (F)   64        82      1933
                                             1921
 MINIMUM TEMPERATURE (F)   43        11      1962


SUNRISE AND SUNSET
DECEMBER 13 2017......SUNRISE   653 AM CST   SUNSET   505 PM CST
DECEMBER 14 2017......SUNRISE   654 AM CST   SUNSET   505 PM CST


-  INDICATES NEGATIVE NUMBERS.
R  INDICATES RECORD WAS SET OR TIED.
MM INDICATES DATA IS MISSING.
T  INDICATES TRACE AMOUNT.




$$
