958
CDUS44 KLIX 230900
CLIBTR


CLIMATE REPORT
NATIONAL WEATHER SERVICE NEW ORLEANS
NATIONAL WEATHER SERVICE NEW ORL
252 AM CST FRI FEB 23 2018


...................................

...THE BATON ROUGE  ASOS CLIMATE SUMMARY FOR FEBRUARY 22 2018...

CLIMATE NORMAL PERIOD 1981 TO 2010
CLIMATE RECORD PERIOD 1894 TO 2018


WEATHER ITEM   OBSERVED TIME   RECORD YEAR NORMAL DEPARTURE LAST
                VALUE   (LST)  VALUE       VALUE  FROM      YEAR
                                                  NORMAL
..................................................................
TEMPERATURE (F)
 YESTERDAY
  MAXIMUM         87R   355 PM  87    1925  67     20       77
  MINIMUM         70    656 AM  24    1978  46     24       57
  AVERAGE         79                        57     22       67

PRECIPITATION (IN)
  YESTERDAY        T             3.00 1932   0.17  -0.17      T
  MONTH TO DATE    2.76                      4.04  -1.28     1.28
  SINCE DEC 1     15.87                     15.36   0.51    20.67
  SINCE JAN 1      9.93                      9.76   0.17    10.96

SNOWFALL (IN)
  YESTERDAY        0.0
  MONTH TO DATE    0.0
  SINCE DEC 1      4.0
  SINCE JUL 1      4.0
  SNOW DEPTH       0

DEGREE DAYS
 HEATING
  YESTERDAY        0                         9     -9        0
  MONTH TO DATE  108                       245   -137       81
  SINCE DEC 1   1078                      1050     28      574
  SINCE JUL 1   1285                      1285      0      687

 COOLING
  YESTERDAY       14                         1     13        2
  MONTH TO DATE   88                        20     68       64
  SINCE DEC 1    106                        55     51      183
  SINCE JAN 1     88                        33     55      118
..................................................................


WIND (MPH)
  HIGHEST WIND SPEED    20   HIGHEST WIND DIRECTION    SE (140)
  HIGHEST GUST SPEED    25   HIGHEST GUST DIRECTION     S (170)
  AVERAGE WIND SPEED     9.2


SKY COVER
  POSSIBLE SUNSHINE  MM
  AVERAGE SKY COVER 0.8


WEATHER CONDITIONS
 THE FOLLOWING WEATHER WAS RECORDED YESTERDAY.
  FOG
  HAZE


RELATIVE HUMIDITY (PERCENT)
 HIGHEST    93           400 AM
 LOWEST     40           300 PM
 AVERAGE    67

..........................................................


THE BATON ROUGE  ASOS CLIMATE NORMALS FOR TODAY
                         NORMAL    RECORD    YEAR
 MAXIMUM TEMPERATURE (F)   68        82      1909
 MINIMUM TEMPERATURE (F)   46        25      1964
                                             1939


SUNRISE AND SUNSET
FEBRUARY 23 2018......SUNRISE   637 AM CST   SUNSET   559 PM CST
FEBRUARY 24 2018......SUNRISE   636 AM CST   SUNSET   600 PM CST


-  INDICATES NEGATIVE NUMBERS.
R  INDICATES RECORD WAS SET OR TIED.
MM INDICATES DATA IS MISSING.
T  INDICATES TRACE AMOUNT.




$$
