000
CDUS44 KLIX 030700
CLIBTR


CLIMATE REPORT
NATIONAL WEATHER SERVICE NEW ORLEANS
200 AM CDT THU SEP 3 2015


...................................

...THE BATON ROUGE  ASOS CLIMATE SUMMARY FOR SEPTEMBER 2 2015...

CLIMATE NORMAL PERIOD 1981 TO 2010
CLIMATE RECORD PERIOD 1894 TO 2015


WEATHER ITEM   OBSERVED TIME   RECORD YEAR NORMAL DEPARTURE LAST
                VALUE   (LST)  VALUE       VALUE  FROM      YEAR
                                                  NORMAL
..................................................................
TEMPERATURE (F)
 YESTERDAY
  MAXIMUM         88   1248 PM 102    2000  92     -4       93
  MINIMUM         75   1153 PM  59    1915  72      3       74
  AVERAGE         82                        82      0       84

PRECIPITATION (IN)
  YESTERDAY        T             3.77 2008   0.16  -0.16     0.42
  MONTH TO DATE    T                         0.33  -0.33     0.48
  SINCE SEP 1      T                         0.33  -0.33     0.48
  SINCE JAN 1     47.39                     42.04   5.35    47.60

SNOWFALL (IN)
  YESTERDAY        0.0
  MONTH TO DATE    0.0
  SINCE SEP 1      0.0
  SINCE JUL 1      0.0
  SNOW DEPTH       0

DEGREE DAYS
 HEATING
  YESTERDAY        0                         0      0        0
  MONTH TO DATE    0                         0      0        0
  SINCE SEP 1      0                         0      0        0
  SINCE JUL 1      0                         0      0        0

 COOLING
  YESTERDAY       17                        17      0       19
  MONTH TO DATE   35                        34      1       37
  SINCE SEP 1     35                        34      1       37
  SINCE JAN 1   2408                      2195    213     2065
..................................................................


WIND (MPH)
  HIGHEST WIND SPEED    17   HIGHEST WIND DIRECTION     S (160)
  HIGHEST GUST SPEED    23   HIGHEST GUST DIRECTION     S (160)
  AVERAGE WIND SPEED     3.8


SKY COVER
  POSSIBLE SUNSHINE  MM
  AVERAGE SKY COVER 0.3


WEATHER CONDITIONS
 THE FOLLOWING WEATHER WAS RECORDED YESTERDAY.
  FOG
  HAZE


RELATIVE HUMIDITY (PERCENT)
 HIGHEST    88           700 AM
 LOWEST     63           100 PM
 AVERAGE    76

..........................................................


THE BATON ROUGE  ASOS CLIMATE NORMALS FOR TODAY
                         NORMAL    RECORD    YEAR
 MAXIMUM TEMPERATURE (F)   91       103      2000
 MINIMUM TEMPERATURE (F)   72        60      1952


SUNRISE AND SUNSET
SEPTEMBER  3 2015.....SUNRISE   642 AM CDT   SUNSET   725 PM CDT
SEPTEMBER  4 2015.....SUNRISE   643 AM CDT   SUNSET   724 PM CDT


-  INDICATES NEGATIVE NUMBERS.
R  INDICATES RECORD WAS SET OR TIED.
MM INDICATES DATA IS MISSING.
T  INDICATES TRACE AMOUNT.




$$
