000
CDUS44 KLIX 300702
CLIBTR


CLIMATE REPORT
NATIONAL WEATHER SERVICE NEW ORLEANS
202 AM CDT SAT APR 30 2016


...................................

...THE BATON ROUGE  ASOS CLIMATE SUMMARY FOR APRIL 29 2016...

CLIMATE NORMAL PERIOD 1981 TO 2010
CLIMATE RECORD PERIOD 1894 TO 2016


WEATHER ITEM   OBSERVED TIME   RECORD YEAR NORMAL DEPARTURE LAST
                VALUE   (LST)  VALUE       VALUE  FROM      YEAR
                                                  NORMAL
..................................................................
TEMPERATURE (F)
 YESTERDAY
  MAXIMUM         89    217 PM  91    1955  82      7       73
                                      1915
  MINIMUM         71    333 AM  47    1965  61     10       52
  AVERAGE         80                        71      9       63

PRECIPITATION (IN)
  YESTERDAY        0.00          3.04 1991   0.13  -0.13     0.00
  MONTH TO DATE    3.12                      4.32  -1.20     8.08
  SINCE MAR 1     13.12                      8.73   4.39    11.46
  SINCE JAN 1     22.43                     19.49   2.94    21.21

SNOWFALL (IN)
  YESTERDAY        0.0
  MONTH TO DATE    0.0
  SINCE MAR 1      0.0
  SINCE JUL 1      0.0
  SNOW DEPTH       0

DEGREE DAYS
 HEATING
  YESTERDAY        0                         0      0        2
  MONTH TO DATE   19                        51    -32        6
  SINCE MAR 1     88                       218   -130       99
  SINCE JUL 1   1079                      1553   -474     1641

 COOLING
  YESTERDAY       15                         7      8        0
  MONTH TO DATE  151                       135     16      202
  SINCE MAR 1    248                       193     55      305
  SINCE JAN 1    265                       224     41      309
..................................................................


WIND (MPH)
  HIGHEST WIND SPEED    23   HIGHEST WIND DIRECTION     S (170)
  HIGHEST GUST SPEED    30   HIGHEST GUST DIRECTION     S (180)
  AVERAGE WIND SPEED    12.3


SKY COVER
  POSSIBLE SUNSHINE  MM
  AVERAGE SKY COVER 0.6


WEATHER CONDITIONS
 THE FOLLOWING WEATHER WAS RECORDED YESTERDAY.
  FOG


RELATIVE HUMIDITY (PERCENT)
 HIGHEST    93          1200 AM
 LOWEST     50           200 PM
 AVERAGE    72

..........................................................


THE BATON ROUGE  ASOS CLIMATE NORMALS FOR TODAY
                         NORMAL    RECORD    YEAR
 MAXIMUM TEMPERATURE (F)   83        92      1952
 MINIMUM TEMPERATURE (F)   61        42      1908


SUNRISE AND SUNSET
APRIL 30 2016.........SUNRISE   621 AM CDT   SUNSET   743 PM CDT
MAY  1 2016...........SUNRISE   620 AM CDT   SUNSET   743 PM CDT


-  INDICATES NEGATIVE NUMBERS.
R  INDICATES RECORD WAS SET OR TIED.
MM INDICATES DATA IS MISSING.
T  INDICATES TRACE AMOUNT.




$$
