000
CDUS44 KLIX 280701
CLIBTR


CLIMATE REPORT
NATIONAL WEATHER SERVICE NEW ORLEANS
201 AM CDT FRI APR 28 2017


...................................

...THE BATON ROUGE  ASOS CLIMATE SUMMARY FOR APRIL 27 2017...

CLIMATE NORMAL PERIOD 1981 TO 2010
CLIMATE RECORD PERIOD 1894 TO 2017


WEATHER ITEM   OBSERVED TIME   RECORD YEAR NORMAL DEPARTURE LAST
                VALUE   (LST)  VALUE       VALUE  FROM      YEAR
                                                  NORMAL
..................................................................
TEMPERATURE (F)
 YESTERDAY
  MAXIMUM         82    443 PM  90    1963  82      0       83
  MINIMUM         58    700 AM  47    1992  60     -2       66
                                      1908
                                      1903
  AVERAGE         70                        71     -1       75

PRECIPITATION (IN)
  YESTERDAY        0.00          6.30 1962   0.14  -0.14     0.31
  MONTH TO DATE    4.57                      4.05   0.52     3.01
  SINCE MAR 1      8.31                      8.46  -0.15    13.01
  SINCE JAN 1     19.74                     19.22   0.52    22.32

SNOWFALL (IN)
  YESTERDAY        0.0
  MONTH TO DATE    0.0
  SINCE MAR 1      0.0
  SINCE JUL 1      0.0
  SNOW DEPTH       0

DEGREE DAYS
 HEATING
  YESTERDAY        0                         1     -1        0
  MONTH TO DATE   11                        51    -40       19
  SINCE MAR 1     95                       218   -123       88
  SINCE JUL 1    799                      1553   -754     1079

 COOLING
  YESTERDAY        5                         6     -1       10
  MONTH TO DATE  162                       121     41      123
  SINCE MAR 1    300                       179    121      220
  SINCE JAN 1    443                       210    233      237
..................................................................


WIND (MPH)
  HIGHEST WIND SPEED    12   HIGHEST WIND DIRECTION    SE (120)
  HIGHEST GUST SPEED    15   HIGHEST GUST DIRECTION    NW (320)
  AVERAGE WIND SPEED     6.0


SKY COVER
  POSSIBLE SUNSHINE  MM
  AVERAGE SKY COVER 0.4


WEATHER CONDITIONS
 THE FOLLOWING WEATHER WAS RECORDED YESTERDAY.
  NO SIGNIFICANT WEATHER WAS OBSERVED.


RELATIVE HUMIDITY (PERCENT)
 HIGHEST    87           200 AM
 LOWEST     40           400 PM
 AVERAGE    64

..........................................................


THE BATON ROUGE  ASOS CLIMATE NORMALS FOR TODAY
                         NORMAL    RECORD    YEAR
 MAXIMUM TEMPERATURE (F)   82        90      1987
                                             1963
                                             1899
 MINIMUM TEMPERATURE (F)   60        44      1992


SUNRISE AND SUNSET
APRIL 28 2017.........SUNRISE   623 AM CDT   SUNSET   741 PM CDT
APRIL 29 2017.........SUNRISE   623 AM CDT   SUNSET   742 PM CDT


-  INDICATES NEGATIVE NUMBERS.
R  INDICATES RECORD WAS SET OR TIED.
MM INDICATES DATA IS MISSING.
T  INDICATES TRACE AMOUNT.




$$
