000
CDUS41 KBTV 220606
CLIBTV


CLIMATE REPORT
NATIONAL WEATHER SERVICE BURLINGTON VT
104 AM EST MON DEC 22 2014


...................................

...THE BURLINGTON VT CLIMATE SUMMARY FOR DECEMBER 21 2014...

CLIMATE NORMAL PERIOD 1981 TO 2010
CLIMATE RECORD PERIOD 1884 TO 2014


WEATHER ITEM   OBSERVED TIME   RECORD YEAR NORMAL DEPARTURE LAST
                VALUE   (LST)  VALUE       VALUE  FROM      YEAR
                                                  NORMAL
..................................................................
TEMPERATURE (F)
 YESTERDAY
  MAXIMUM         27    351 PM  61    1957  31     -4       30
  MINIMUM         16    314 AM -22    1955  16      0       22
  AVERAGE         22                        24     -2       26

PRECIPITATION (IN)
  YESTERDAY        0.00          1.68 1973   0.07  -0.07     0.36
  MONTH TO DATE    2.21                      1.68   0.53     1.46
  SINCE DEC 1      2.21                      1.68   0.53     1.46
  SINCE JAN 1     35.69                     36.12  -0.43    43.91

SNOWFALL (IN)
  YESTERDAY        0.0           9.1  2008   0.7   -0.7       T
  MONTH TO DATE   19.4                      11.4    8.0      9.2
  SINCE DEC 1     19.4                      11.4    8.0      9.2
  SINCE JUL 1     30.0                      16.8   13.2     15.6
  SNOW DEPTH       7

DEGREE DAYS
 HEATING
  YESTERDAY       43                        41      2       39
  MONTH TO DATE  762                       782    -20      845
  SINCE DEC 1    762                       782    -20      845
  SINCE JUL 1   2087                      2327   -240     2338

 COOLING
  YESTERDAY        0                         0      0        0
  MONTH TO DATE    0                         0      0        0
  SINCE DEC 1      0                         0      0        0
  SINCE JAN 1    582                       491     91      662
..................................................................


WIND (MPH)
  HIGHEST WIND SPEED     8   HIGHEST WIND DIRECTION     E (90)
  HIGHEST GUST SPEED     9   HIGHEST GUST DIRECTION     E (90)
  AVERAGE WIND SPEED     2.5


SKY COVER
  POSSIBLE SUNSHINE  MM
  AVERAGE SKY COVER 1.0


WEATHER CONDITIONS
 THE FOLLOWING WEATHER WAS RECORDED YESTERDAY.
  FOG
  HAZE


RELATIVE HUMIDITY (PERCENT)
 HIGHEST    88           300 AM
 LOWEST     75           200 PM
 AVERAGE    82

..........................................................


THE BURLINGTON VT CLIMATE NORMALS FOR TODAY
                         NORMAL    RECORD    YEAR
 MAXIMUM TEMPERATURE (F)   31        57      1990
 MINIMUM TEMPERATURE (F)   16       -20      1955


SUNRISE AND SUNSET
DECEMBER 22 2014......SUNRISE   726 AM EST   SUNSET   416 PM EST
DECEMBER 23 2014......SUNRISE   727 AM EST   SUNSET   417 PM EST


-  INDICATES NEGATIVE NUMBERS.
R  INDICATES RECORD WAS SET OR TIED.
MM INDICATES DATA IS MISSING.
T  INDICATES TRACE AMOUNT.







&&

LAKE CHAMPLAIN DATA:
LEVEL...............94.88 FEET
TEMPERATURE.........40 DEGREES

MOUNT MANSFIELD DATA:
HIGH................24 DEGREES
LOW.................14 DEGREES
PRECIPITATION.......NONE
NEW SNOW............NONE
SNOW AT STAKE.......33 INCHES



&&

LAKE CHAMPLAIN DATA:
LEVEL...............94.88 FEET
TEMPERATURE.........40 DEGREES

MOUNT MANSFIELD DATA:
HIGH................24 DEGREES
LOW.................14 DEGREES
PRECIPITATION.......NONE
NEW SNOW............NONE
SNOW AT STAKE.......33 INCHES

$$
