000
CDUS41 KBTV 220521
CLIBTV


CLIMATE REPORT
NATIONAL WEATHER SERVICE BURLINGTON VT
1219 AM EST MON JAN 22 2018


...................................

...THE BURLINGTON VT CLIMATE SUMMARY FOR JANUARY 21 2018...

CLIMATE NORMAL PERIOD 1981 TO 2010
CLIMATE RECORD PERIOD 1884 TO 2018


WEATHER ITEM   OBSERVED TIME   RECORD YEAR NORMAL DEPARTURE LAST
                VALUE   (LST)  VALUE       VALUE  FROM      YEAR
                                                  NORMAL
..................................................................
TEMPERATURE (F)
 YESTERDAY
  MAXIMUM         41    159 AM  54    2006  27     14       44
  MINIMUM         30   1159 PM -15    1971  10     20       37
  AVERAGE         36                        18     18       41

PRECIPITATION (IN)
  YESTERDAY        0.00          0.92 1979   0.07  -0.07      T
  MONTH TO DATE    2.04                      1.39   0.65     0.88
  SINCE DEC 1      4.22                      3.77   0.45     3.23
  SINCE JAN 1      2.04                      1.39   0.65     0.88

SNOWFALL (IN)
  YESTERDAY        0.0           4.9  1979   0.7   -0.7     MM
  MONTH TO DATE   14.9                      14.2    0.7      4.1
  SINCE DEC 1     38.4                      32.1    6.3     20.8
  SINCE JUL 1     41.4                      37.5    3.9     25.1
  SNOW DEPTH       4

DEGREE DAYS
 HEATING
  YESTERDAY       29                        47    -18       24
  MONTH TO DATE  999                       972     27      752
  SINCE DEC 1   2316                      2186    130     1860
  SINCE JUL 1   3455                      3731   -276     3065

 COOLING
  YESTERDAY        0                         0      0        0
  MONTH TO DATE    0                         0      0        0
  SINCE DEC 1      0                         0      0        0
  SINCE JAN 1      0                         0      0        0
..................................................................


WIND (MPH)
  HIGHEST WIND SPEED     8   HIGHEST WIND DIRECTION    NW (330)
  HIGHEST GUST SPEED    MM   HIGHEST GUST DIRECTION    MM
  AVERAGE WIND SPEED     3.9


SKY COVER
  POSSIBLE SUNSHINE  MM
  AVERAGE SKY COVER 1.0


WEATHER CONDITIONS
 THE FOLLOWING WEATHER WAS RECORDED YESTERDAY.
  NO SIGNIFICANT WEATHER WAS OBSERVED.


RELATIVE HUMIDITY (PERCENT)
 HIGHEST    78           900 PM
 LOWEST     59          1200 PM
 AVERAGE    69

..........................................................


THE BURLINGTON VT CLIMATE NORMALS FOR TODAY
                         NORMAL    RECORD    YEAR
 MAXIMUM TEMPERATURE (F)   27        59      1906
 MINIMUM TEMPERATURE (F)   10       -22      1970


SUNRISE AND SUNSET
JANUARY 22 2018.......SUNRISE   721 AM EST   SUNSET   448 PM EST
JANUARY 23 2018.......SUNRISE   720 AM EST   SUNSET   449 PM EST


-  INDICATES NEGATIVE NUMBERS.
R  INDICATES RECORD WAS SET OR TIED.
MM INDICATES DATA IS MISSING.
T  INDICATES TRACE AMOUNT.




&&

LAKE CHAMPLAIN DATA:
LEVEL...............96.02 FEET
TEMPERATURE.........35 DEGREES

MOUNT MANSFIELD DATA:
HIGH................27 DEGREES
LOW.................22 DEGREES
PRECIPITATION.......0.00 INCHES
NEW SNOW............MISSING
SNOW AT STAKE.......36 INCHES

$$
