789
CDUS41 KBUF 190654
CLIBUF


CLIMATE REPORT
NATIONAL WEATHER SERVICE BUFFALO NY
254 AM EDT TUE SEP 19 2017


...................................

...THE BUFFALO NY CLIMATE SUMMARY FOR SEPTEMBER 18 2017...

CLIMATE NORMAL PERIOD 1981 TO 2010
CLIMATE RECORD PERIOD 1871 TO 2017


WEATHER ITEM   OBSERVED TIME   RECORD YEAR NORMAL DEPARTURE LAST
                VALUE   (LST)  VALUE       VALUE  FROM      YEAR
                                                  NORMAL
..................................................................
TEMPERATURE (F)
 YESTERDAY
  MAXIMUM         82    150 PM  89    1946  70     12       77
  MINIMUM         63    558 AM  37    1943  53     10       66
  AVERAGE         73                        62     11       72

PRECIPITATION (IN)
  YESTERDAY        0.00          2.11 1945   0.13  -0.13     0.00
  MONTH TO DATE    2.43                      2.19   0.24     2.81
  SINCE SEP 1      2.43                      2.19   0.24     2.81
  SINCE JAN 1     34.71                     27.35   7.36    21.33

SNOWFALL (IN)
  YESTERDAY        0.0           0.0    MM   0.0    0.0      0.0
  MONTH TO DATE    0.0                       0.0    0.0      0.0
  SINCE SEP 1      0.0                       0.0    0.0      0.0
  SINCE JUL 1      0.0                       0.0    0.0      0.0
  SNOW DEPTH       0

DEGREE DAYS
 HEATING
  YESTERDAY        0                         5     -5        0
  MONTH TO DATE   62                        53      9        9
  SINCE SEP 1     62                        53      9        9
  SINCE JUL 1     78                        80     -2        9

 COOLING
  YESTERDAY        8                         1      7        7
  MONTH TO DATE   37                        43     -6       89
  SINCE SEP 1     37                        43     -6       89
  SINCE JAN 1    507                       530    -23      907
..................................................................


WIND (MPH)
  HIGHEST WIND SPEED     9   HIGHEST WIND DIRECTION    SW (240)
  HIGHEST GUST SPEED    14   HIGHEST GUST DIRECTION     W (250)
  AVERAGE WIND SPEED     3.2


SKY COVER
  AVERAGE SKY COVER 0.6


WEATHER CONDITIONS
 THE FOLLOWING WEATHER WAS RECORDED YESTERDAY.
  NO SIGNIFICANT WEATHER WAS OBSERVED.


RELATIVE HUMIDITY (PERCENT)
 HIGHEST   100           400 AM
 LOWEST     54           200 PM
 AVERAGE    77

..........................................................


THE BUFFALO NY CLIMATE NORMALS FOR TODAY
                         NORMAL    RECORD    YEAR
 MAXIMUM TEMPERATURE (F)   70        88      1946
 MINIMUM TEMPERATURE (F)   52        38      1995
                                             1993


SUNRISE AND SUNSET
SEPTEMBER 19 2017.....SUNRISE   659 AM EDT   SUNSET   717 PM EDT
SEPTEMBER 20 2017.....SUNRISE   700 AM EDT   SUNSET   715 PM EDT


-  INDICATES NEGATIVE NUMBERS.
R  INDICATES RECORD WAS SET OR TIED.
MM INDICATES DATA IS MISSING.
T  INDICATES TRACE AMOUNT.




$$
