000
CDUS46 KLOX 240858
CLIBUR


CLIMATE REPORT
NATIONAL WEATHER SERVICE LOS ANGELES/OXNARD CA
158 AM PDT WED MAY 24 2017


...................................

...THE BOB HOPE AIRPORT (BURBANK) CA CLIMATE SUMMARY FOR MAY 23 2017...

CLIMATE NORMAL PERIOD 1981 TO 2010
CLIMATE RECORD PERIOD 1939 TO 2017


WEATHER ITEM   OBSERVED TIME   RECORD YEAR NORMAL DEPARTURE LAST
                VALUE   (LST)  VALUE       VALUE  FROM      YEAR
                                                  NORMAL
..................................................................
TEMPERATURE (F)
 YESTERDAY
  MAXIMUM         90    426 PM  96    1949  77     13       71
  MINIMUM         61    456 AM  46    1960  56      5       53
  AVERAGE         76                        66     10       62

PRECIPITATION (IN)
  YESTERDAY        0.00          0.13 2008   0.01  -0.01     0.00
  MONTH TO DATE    0.13                      0.29  -0.16     0.02
  SINCE OCT 1     13.83                     16.82  -2.99     7.66
  SINCE JAN 1      9.57                     12.38  -2.81     6.56

SNOWFALL (IN)
  YESTERDAY        0.0
  MONTH TO DATE    0.0
  SINCE MAR 1      0.0
  SINCE JUL 1      0.0

DEGREE DAYS
 HEATING
  YESTERDAY        0                         1     -1        3
  MONTH TO DATE   55                        49      6       41
  SINCE MAR 1    181                       405   -224      213
  SINCE JUL 1   1174                      1546   -372     1120

 COOLING
  YESTERDAY       11                         2      9        0
  MONTH TO DATE   86                        46     40       29
  SINCE MAR 1    233                        91    142      118
  SINCE JAN 1    234                        97    137      173
..................................................................


WIND (MPH)
  HIGHEST WIND SPEED    16   HIGHEST WIND DIRECTION     S (180)
  HIGHEST GUST SPEED    19   HIGHEST GUST DIRECTION     E (90)
  AVERAGE WIND SPEED     5.2


SKY COVER
  POSSIBLE SUNSHINE  MM
  AVERAGE SKY COVER 0.0


WEATHER CONDITIONS
 THE FOLLOWING WEATHER WAS RECORDED YESTERDAY.
  NO SIGNIFICANT WEATHER WAS OBSERVED.


RELATIVE HUMIDITY (PERCENT)
 HIGHEST    78          1200 AM
 LOWEST     29           400 PM
 AVERAGE    54

..........................................................


THE BOB HOPE AIRPORT (BURBANK) CA CLIMATE NORMALS FOR TODAY
                         NORMAL    RECORD    YEAR
 MAXIMUM TEMPERATURE (F)   77        92      1949
 MINIMUM TEMPERATURE (F)   56        42      1980


SUNRISE AND SUNSET
MAY 24 2017...........SUNRISE   546 AM PDT   SUNSET   755 PM PDT
MAY 25 2017...........SUNRISE   545 AM PDT   SUNSET   756 PM PDT


-  INDICATES NEGATIVE NUMBERS.
R  INDICATES RECORD WAS SET OR TIED.
MM INDICATES DATA IS MISSING.
T  INDICATES TRACE AMOUNT.




$$
