000
CDUS46 KLOX 180112
CLIBUR


CLIMATE REPORT
NATIONAL WEATHER SERVICE LOS ANGELES/OXNARD CA
612 PM PDT THU AUG 17 2017


...................................

...THE BOB HOPE AIRPORT (BURBANK) CA CLIMATE SUMMARY FOR AUGUST 17 2017...
VALID TODAY AS OF 0600 PM LOCAL TIME.

CLIMATE NORMAL PERIOD 1981 TO 2010
CLIMATE RECORD PERIOD 1939 TO 2017


WEATHER ITEM   OBSERVED TIME   RECORD YEAR NORMAL DEPARTURE LAST
                VALUE   (LST)  VALUE       VALUE  FROM      YEAR
                                                  NORMAL
..................................................................
TEMPERATURE (F)
 TODAY
  MAXIMUM         83    215 PM 103    1992  88     -5       95
  MINIMUM         63    520 AM  52    1940  62      1       62
  AVERAGE         73                        75     -2       79

PRECIPITATION (IN)
  TODAY            0.00          2.86 1977   0.01  -0.01     0.00
  MONTH TO DATE    T                         0.04  -0.04     0.00
  SINCE OCT 1     13.83                     17.05  -3.22     7.66
  SINCE JAN 1      9.57                     12.61  -3.04     6.56

SNOWFALL (IN)
  TODAY            0.0
  MONTH TO DATE    0.0
  SINCE JUN 1      0.0
  SINCE JUL 1      0.0

DEGREE DAYS
 HEATING
  TODAY            0                         0      0        0
  MONTH TO DATE    0                         0      0        0
  SINCE JUN 1      4                        13     -9        2
  SINCE JUL 1      0                         0      0        0

 COOLING
  TODAY            8                        10     -2       14
  MONTH TO DATE  220                       170     50      211
  SINCE JUN 1    889                       610    279      879
  SINCE JAN 1   1134                       734    400     1056
..................................................................


WIND (MPH)
  HIGHEST WIND SPEED    14   HIGHEST WIND DIRECTION     S (170)
  HIGHEST GUST SPEED    27   HIGHEST GUST DIRECTION    SW (220)
  AVERAGE WIND SPEED     5.4


SKY COVER
  POSSIBLE SUNSHINE  MM
  AVERAGE SKY COVER 0.0


WEATHER CONDITIONS
 THE FOLLOWING WEATHER WAS RECORDED TODAY.
  NO SIGNIFICANT WEATHER WAS OBSERVED.


RELATIVE HUMIDITY (PERCENT)
 HIGHEST    78           100 AM
 LOWEST     33           300 PM
 AVERAGE    56

..........................................................


THE BOB HOPE AIRPORT (BURBANK) CA CLIMATE NORMALS FOR TOMORROW
                         NORMAL    RECORD    YEAR
 MAXIMUM TEMPERATURE (F)   88       100      1986
                                             1973
 MINIMUM TEMPERATURE (F)   62        54      1948
                                             1940


SUNRISE AND SUNSET
AUGUST 17 2017........SUNRISE   616 AM PDT   SUNSET   738 PM PDT
AUGUST 18 2017........SUNRISE   617 AM PDT   SUNSET   737 PM PDT


-  INDICATES NEGATIVE NUMBERS.
R  INDICATES RECORD WAS SET OR TIED.
MM INDICATES DATA IS MISSING.
T  INDICATES TRACE AMOUNT.




$$
