000
CDUS46 KLOX 210127
CLIBUR


CLIMATE REPORT
NATIONAL WEATHER SERVICE LOS ANGELES/OXNARD CA
627 PM PDT FRI OCT 20 2017


...................................

...THE BOB HOPE AIRPORT (BURBANK) CA CLIMATE SUMMARY FOR OCTOBER 20 2017...
VALID TODAY AS OF 0600 PM LOCAL TIME.

CLIMATE NORMAL PERIOD 1981 TO 2010
CLIMATE RECORD PERIOD 1939 TO 2017


WEATHER ITEM   OBSERVED TIME   RECORD YEAR NORMAL DEPARTURE LAST
                VALUE   (LST)  VALUE       VALUE  FROM      YEAR
                                                  NORMAL
..................................................................
TEMPERATURE (F)
 TODAY
  MAXIMUM         73    215 PM  98    2003  79     -6       96
  MINIMUM         63    813 AM  39    1949  53     10       58
  AVERAGE         68                        66      2       77

PRECIPITATION (IN)
  TODAY            0.00          1.62 2004   0.03  -0.03     0.00
  MONTH TO DATE    0.00                      0.57  -0.57     0.08
  SINCE OCT 1      0.00                      0.57  -0.57     0.08
  SINCE JAN 1      9.62                     13.44  -3.82     6.64

SNOWFALL (IN)
  TODAY            0.0
  MONTH TO DATE    0.0
  SINCE SEP 1      0.0
  SINCE JUL 1      0.0

DEGREE DAYS
 HEATING
  TODAY            0                         2     -2        0
  MONTH TO DATE    0                        21    -21        1
  SINCE SEP 1      3                        27    -24        2
  SINCE JUL 1      3                        27    -24        2

 COOLING
  TODAY            3                         3      0       12
  MONTH TO DATE  141                        79     62       97
  SINCE SEP 1    440                       328    112      378
  SINCE JAN 1   1768                      1210    558     1591
..................................................................


WIND (MPH)
  HIGHEST WIND SPEED    13   HIGHEST WIND DIRECTION     S (160)
  HIGHEST GUST SPEED    17   HIGHEST GUST DIRECTION     S (170)
  AVERAGE WIND SPEED     6.1


SKY COVER
  POSSIBLE SUNSHINE  MM
  AVERAGE SKY COVER 0.7


WEATHER CONDITIONS
 THE FOLLOWING WEATHER WAS RECORDED TODAY.
  NO SIGNIFICANT WEATHER WAS OBSERVED.


RELATIVE HUMIDITY (PERCENT)
 HIGHEST    84          1200 AM
 LOWEST     49           300 PM
 AVERAGE    67

..........................................................


THE BOB HOPE AIRPORT (BURBANK) CA CLIMATE NORMALS FOR TOMORROW
                         NORMAL    RECORD    YEAR
 MAXIMUM TEMPERATURE (F)   79       101      2003
 MINIMUM TEMPERATURE (F)   53        41      1949


SUNRISE AND SUNSET
OCTOBER 20 2017.......SUNRISE   703 AM PDT   SUNSET   613 PM PDT
OCTOBER 21 2017.......SUNRISE   704 AM PDT   SUNSET   612 PM PDT


-  INDICATES NEGATIVE NUMBERS.
R  INDICATES RECORD WAS SET OR TIED.
MM INDICATES DATA IS MISSING.
T  INDICATES TRACE AMOUNT.




$$
