000
CDUS46 KLOX 140128
CLIBUR


CLIMATE REPORT
NATIONAL WEATHER SERVICE LOS ANGELES/OXNARD CA
528 PM PST SAT FEB 13 2016


...................................

...THE BOB HOPE AIRPORT (BURBANK) CA CLIMATE SUMMARY FOR FEBRUARY 13 2016...
VALID TODAY AS OF 0500 PM LOCAL TIME.

CLIMATE NORMAL PERIOD 1981 TO 2010
CLIMATE RECORD PERIOD 1939 TO 2016


WEATHER ITEM   OBSERVED TIME   RECORD YEAR NORMAL DEPARTURE LAST
                VALUE   (LST)  VALUE       VALUE  FROM      YEAR
                                                  NORMAL
..................................................................
TEMPERATURE (F)
 TODAY
  MAXIMUM         79    126 PM  88    1957  68     11       87
  MINIMUM         50    703 AM  11    2013  44      6       53
  AVERAGE         65                        56      9       70

PRECIPITATION (IN)
  TODAY            0.00          2.17 1954   0.16  -0.16     0.00
  MONTH TO DATE    T                         1.95  -1.95     0.01
  SINCE OCT 1      4.84                      9.92  -5.08     5.62
  SINCE JAN 1      3.74                      5.48  -1.74     1.12

SNOWFALL (IN)
  TODAY            0.0
  MONTH TO DATE    0.0
  SINCE DEC 1      0.0
  SINCE JUL 1      0.0

DEGREE DAYS
 HEATING
  TODAY            0                         9     -9        0
  MONTH TO DATE   65                       127    -62       22
  SINCE DEC 1    705                       782    -77      429
  SINCE JUL 1    881                      1010   -129      489

 COOLING
  TODAY            0                         0      0        5
  MONTH TO DATE   27                         0     27       16
  SINCE DEC 1     31                         3     28       25
  SINCE JAN 1     27                         2     25       22
..................................................................


WIND (MPH)
  HIGHEST WIND SPEED    12   HIGHEST WIND DIRECTION     S (180)
  HIGHEST GUST SPEED    28   HIGHEST GUST DIRECTION     E (110)
  AVERAGE WIND SPEED     2.9


SKY COVER
  POSSIBLE SUNSHINE  MM
  AVERAGE SKY COVER 0.0


WEATHER CONDITIONS
 THE FOLLOWING WEATHER WAS RECORDED TODAY.
  HAZE


RELATIVE HUMIDITY (PERCENT)
 HIGHEST    54           500 AM
 LOWEST     19           100 PM
 AVERAGE    37

..........................................................


THE BOB HOPE AIRPORT (BURBANK) CA CLIMATE NORMALS FOR TOMORROW
                         NORMAL    RECORD    YEAR
 MAXIMUM TEMPERATURE (F)   68        90      1977
 MINIMUM TEMPERATURE (F)   44        30      1978


SUNRISE AND SUNSET
FEBRUARY 13 2016......SUNRISE   641 AM PST   SUNSET   535 PM PST
FEBRUARY 14 2016......SUNRISE   640 AM PST   SUNSET   536 PM PST


-  INDICATES NEGATIVE NUMBERS.
R  INDICATES RECORD WAS SET OR TIED.
MM INDICATES DATA IS MISSING.
T  INDICATES TRACE AMOUNT.




$$
