000
CDUS46 KLOX 210908
CLIBUR


CLIMATE REPORT
NATIONAL WEATHER SERVICE LOS ANGELES/OXNARD CA
107 AM PST SUN DEC 21 2014


...................................

...THE BOB HOPE AIRPORT (BURBANK) CA CLIMATE SUMMARY FOR DECEMBER 20 2014...

CLIMATE NORMAL PERIOD 1981 TO 2010
CLIMATE RECORD PERIOD 1939 TO 2014


WEATHER ITEM   OBSERVED TIME   RECORD YEAR NORMAL DEPARTURE LAST
                VALUE   (LST)  VALUE       VALUE  FROM      YEAR
                                                  NORMAL
..................................................................
TEMPERATURE (F)
 YESTERDAY
  MAXIMUM         63    146 PM  83    1985  67     -4       65
  MINIMUM         47    533 AM  30    1967  41      6       46
  AVERAGE         55                        54      1       56

PRECIPITATION (IN)
  YESTERDAY        0.00          1.51 1943   0.08  -0.08     0.00
  MONTH TO DATE    3.36                      1.34   2.02     0.20
  SINCE JUL 1      4.54                      3.70   0.84     0.64
  SINCE JAN 1      9.45                     16.25  -6.80     3.24

SNOWFALL (IN)
  YESTERDAY        0.0
  MONTH TO DATE    0.0
  SINCE DEC 1      0.0
  SINCE JUL 1      0.0

DEGREE DAYS
 HEATING
  YESTERDAY       10                        11     -1        9
  MONTH TO DATE  126                       214    -88      169
  SINCE DEC 1    126                       214    -88      169
  SINCE JUL 1    186                       442   -256      257

 COOLING
  YESTERDAY        0                         0      0        0
  MONTH TO DATE    1                         0      1       13
  SINCE DEC 1      1                         0      1       13
  SINCE JAN 1   1956                      1245    711     2024
..................................................................


WIND (MPH)
  HIGHEST WIND SPEED     9   HIGHEST WIND DIRECTION    SE (120)
  HIGHEST GUST SPEED    14   HIGHEST GUST DIRECTION    SE (120)
  AVERAGE WIND SPEED     2.1


SKY COVER
  POSSIBLE SUNSHINE  MM
  AVERAGE SKY COVER 0.0


WEATHER CONDITIONS
 THE FOLLOWING WEATHER WAS RECORDED YESTERDAY.
  HAZE


RELATIVE HUMIDITY (PERCENT)
 HIGHEST    86           200 AM
 LOWEST     60           200 PM
 AVERAGE    73

..........................................................


THE BOB HOPE AIRPORT (BURBANK) CA CLIMATE NORMALS FOR TODAY
                         NORMAL    RECORD    YEAR
 MAXIMUM TEMPERATURE (F)   67        81      2005
 MINIMUM TEMPERATURE (F)   41        26      1968


SUNRISE AND SUNSET
DECEMBER 21 2014......SUNRISE   655 AM PST   SUNSET   448 PM PST
DECEMBER 22 2014......SUNRISE   656 AM PST   SUNSET   448 PM PST


-  INDICATES NEGATIVE NUMBERS.
R  INDICATES RECORD WAS SET OR TIED.
MM INDICATES DATA IS MISSING.
T  INDICATES TRACE AMOUNT.




$$
