481
CDUS43 KLMK 242129
CLIBWG


CLIMATE REPORT
NATIONAL WEATHER SERVICE LOUISVILLE KY
429 PM EST SAT FEB 24 2018


...................................

...THE BOWLING GREEN CLIMATE SUMMARY FOR FEBRUARY 24 2018...
VALID TODAY AS OF 0400 PM LOCAL TIME.

CLIMATE NORMAL PERIOD 1981 TO 2010
CLIMATE RECORD PERIOD 1870 TO 2018


WEATHER ITEM   OBSERVED TIME   RECORD YEAR NORMAL DEPARTURE LAST
                VALUE   (LST)  VALUE       VALUE  FROM      YEAR
                                                  NORMAL
..................................................................
TEMPERATURE (F)
 TODAY
  MAXIMUM         74   1247 PM  81    2017  53     21       81
  MINIMUM         57    112 AM   7    1914  32     25       56
  AVERAGE         66                        42     24       69

PRECIPITATION (IN)
  TODAY            0.85          2.76 2011   0.14   0.71      T
  MONTH TO DATE    7.20                      3.42   3.78     2.21
  SINCE DEC 1     12.97                     11.83   1.14    12.01
  SINCE JAN 1      9.48                      7.03   2.45     6.37

SNOWFALL (IN)
  TODAY            0.0           4.0  1942   0.1   -0.1      0.0
  MONTH TO DATE    0.2                       3.1   -2.9      0.0
  SINCE DEC 1      8.4                       7.6    0.8      0.7
  SINCE JUL 1      8.4                       7.6    0.8      0.7
  SNOW DEPTH       0

DEGREE DAYS
 HEATING
  TODAY            0                        23    -23        0
  MONTH TO DATE  441                       617   -176      395
  SINCE DEC 1   2265                      2346    -81     1830
  SINCE JUL 1   2966                      3109   -143     2316

 COOLING
  TODAY            1                         0      1        4
  MONTH TO DATE   15                         0     15        4
  SINCE DEC 1     15                         1     14        4
  SINCE JAN 1     15                         0     15        4
..................................................................


WIND (MPH)
  HIGHEST WIND SPEED    15   HIGHEST WIND DIRECTION     S (180)
  HIGHEST GUST SPEED    21   HIGHEST GUST DIRECTION    SW (210)
  AVERAGE WIND SPEED     5.9


SKY COVER
  POSSIBLE SUNSHINE  MM
  AVERAGE SKY COVER 1.0


WEATHER CONDITIONS
 THE FOLLOWING WEATHER WAS RECORDED TODAY.
  THUNDERSTORM
  HEAVY RAIN
  RAIN
  LIGHT RAIN
  FOG


RELATIVE HUMIDITY (PERCENT)
 HIGHEST   100          1200 AM
 LOWEST     73           100 PM
 AVERAGE    87

..........................................................


THE BOWLING GREEN CLIMATE NORMALS FOR TOMORROW
                         NORMAL    RECORD    YEAR
 MAXIMUM TEMPERATURE (F)   53        79      1930
 MINIMUM TEMPERATURE (F)   32         2      1967


SUNRISE AND SUNSET
FEBRUARY 24 2018......SUNRISE   623 AM CST   SUNSET   535 PM CST
FEBRUARY 25 2018......SUNRISE   622 AM CST   SUNSET   536 PM CST


-  INDICATES NEGATIVE NUMBERS.
R  INDICATES RECORD WAS SET OR TIED.
MM INDICATES DATA IS MISSING.
T  INDICATES TRACE AMOUNT.




$$
