000
CDUS43 KLMK 282041
CLIBWG


CLIMATE REPORT
NATIONAL WEATHER SERVICE LOUISVILLE KY
439 PM EDT SAT MAY 28 2016


...................................

...THE BOWLING GREEN CLIMATE SUMMARY FOR MAY 28 2016...
VALID TODAY AS OF 0400 PM LOCAL TIME.

CLIMATE NORMAL PERIOD 1981 TO 2010
CLIMATE RECORD PERIOD 1870 TO 2016


WEATHER ITEM   OBSERVED TIME   RECORD YEAR NORMAL DEPARTURE LAST
                VALUE   (LST)  VALUE       VALUE  FROM      YEAR
                                                  NORMAL
..................................................................
TEMPERATURE (F)
 TODAY
  MAXIMUM         82   1053 AM 100    1911  81      1       83
  MINIMUM         70    454 AM  38    1907  59     11       64
  AVERAGE         76                        70      6       74

PRECIPITATION (IN)
  TODAY            0.00          1.62 1976   0.18  -0.18     0.00
  MONTH TO DATE    7.24                      5.09   2.15     2.77
  SINCE MAR 1     12.59                     13.84  -1.25    18.12
  SINCE JAN 1     19.17                     21.41  -2.24    24.00

SNOWFALL (IN)
  TODAY            0.0           0.0    MM   0.0    0.0      0.0
  MONTH TO DATE    0.0                       0.0    0.0      0.0
  SINCE MAR 1      T                         1.3   -1.3      7.2
  SINCE JUL 1     24.0                       9.1   14.9     23.5
  SNOW DEPTH       0

DEGREE DAYS
 HEATING
  TODAY            0                         1     -1        0
  MONTH TO DATE   93                        71     22       38
  SINCE MAR 1    630                       842   -212      750
  SINCE JUL 1   3230                      4040   -810     4285

 COOLING
  TODAY           11                         6      5        9
  MONTH TO DATE   91                        99     -8      138
  SINCE MAR 1    135                       135      0      173
  SINCE JAN 1    135                       135      0      173
..................................................................


WIND (MPH)
  HIGHEST WIND SPEED    16   HIGHEST WIND DIRECTION     S (190)
  HIGHEST GUST SPEED    19   HIGHEST GUST DIRECTION     S (190)
  AVERAGE WIND SPEED     6.8


SKY COVER
  POSSIBLE SUNSHINE   0 PERCENT
  AVERAGE SKY COVER 0.0


WEATHER CONDITIONS
 THE FOLLOWING WEATHER WAS RECORDED TODAY.
  NO SIGNIFICANT WEATHER WAS OBSERVED.


RELATIVE HUMIDITY (PERCENT)
 HIGHEST     0          1200 AM
 LOWEST      0          1200 AM
 AVERAGE     0

..........................................................


THE BOWLING GREEN CLIMATE NORMALS FOR TOMORROW
                         NORMAL    RECORD    YEAR
 MAXIMUM TEMPERATURE (F)   82        98      1911
 MINIMUM TEMPERATURE (F)   59        41      1902


SUNRISE AND SUNSET
MAY 28 2016...........SUNRISE   529 AM CDT   SUNSET   757 PM CDT
MAY 29 2016...........SUNRISE   529 AM CDT   SUNSET   758 PM CDT


-  INDICATES NEGATIVE NUMBERS.
R  INDICATES RECORD WAS SET OR TIED.
MM INDICATES DATA IS MISSING.
T  INDICATES TRACE AMOUNT.




$$
