000
CDUS41 KLWX 010521
CLIBWI


CLIMATE REPORT
NATIONAL WEATHER SERVICE BALTIMORE MD/WASHINGTON DC
1220 AM EST SUN FEB 1 2015


...................................

...THE BALTIMORE MD CLIMATE SUMMARY FOR JANUARY 31 2015...

CLIMATE NORMAL PERIOD 1981 TO 2010
CLIMATE RECORD PERIOD 1870 TO 2015


WEATHER ITEM   OBSERVED TIME   RECORD YEAR NORMAL DEPARTURE LAST
                VALUE   (LST)  VALUE       VALUE  FROM      YEAR
                                                  NORMAL
..................................................................
TEMPERATURE (F)
 YESTERDAY
  MAXIMUM         31    419 PM  69    1947  42    -11       49
                                      1916
                                      1914
  MINIMUM         16    607 AM   4    1966  25     -9       17
                                      1965
  AVERAGE         24                        33     -9       33

PRECIPITATION (IN)
  YESTERDAY        0.00          1.54 1914   0.10  -0.10     0.00
  MONTH TO DATE    3.89                      3.05   0.84     2.71
  SINCE DEC 1      7.47                      6.42   1.05     7.98
  SINCE JAN 1      3.89                      3.05   0.84     2.71

SNOWFALL (IN)
  YESTERDAY        0.0           3.7  1985   0.3   -0.3
  MONTH TO DATE    5.9                       6.8   -0.9
  SINCE JUL 1      6.4                      10.2   -3.8
  SNOW DEPTH       0

DEGREE DAYS
 HEATING
  YESTERDAY       41                        32      9       32
  MONTH TO DATE 1052                       992     60     1157
  SINCE DEC 1   1821                      1872    -51     1940
  SINCE JUL 1   2713                      2776    -63     2865

 COOLING
  YESTERDAY        0                         0      0        0
  MONTH TO DATE    0                         0      0        0
  SINCE DEC 1      0                         0      0        2
  SINCE JAN 1      0                         0      0        0
..................................................................


WIND (MPH)
  HIGHEST WIND SPEED    24   HIGHEST WIND DIRECTION    NW (310)
  HIGHEST GUST SPEED    30   HIGHEST GUST DIRECTION     W (290)
  AVERAGE WIND SPEED    10.2


SKY COVER
  POSSIBLE SUNSHINE  MM
  AVERAGE SKY COVER 0.0


WEATHER CONDITIONS
 THE FOLLOWING WEATHER WAS RECORDED YESTERDAY.
  NO SIGNIFICANT WEATHER WAS OBSERVED.


RELATIVE HUMIDITY (PERCENT)
 HIGHEST    67          1100 PM
 LOWEST     31           200 PM
 AVERAGE    49

..........................................................


THE BALTIMORE MD CLIMATE NORMALS FOR TODAY
                         NORMAL    RECORD    YEAR
 MAXIMUM TEMPERATURE (F)   42        75      2002
 MINIMUM TEMPERATURE (F)   25         7      1965


SUNRISE AND SUNSET
FEBRUARY  1 2015......SUNRISE   714 AM EST   SUNSET   527 PM EST
FEBRUARY  2 2015......SUNRISE   713 AM EST   SUNSET   528 PM EST


-  INDICATES NEGATIVE NUMBERS.
R  INDICATES RECORD WAS SET OR TIED.
MM INDICATES DATA IS MISSING.
T  INDICATES TRACE AMOUNT.




$$
