000
CDUS41 KLWX 222125
CLIBWI


CLIMATE REPORT
NATIONAL WEATHER SERVICE BALTIMORE MD/WASHINGTON DC
425 PM EST WED FEB 22 2017


...................................

...THE BALTIMORE MD CLIMATE SUMMARY FOR FEBRUARY 22 2017...
VALID TODAY AS OF 0400 PM LOCAL TIME.

CLIMATE NORMAL PERIOD 1981 TO 2010
CLIMATE RECORD PERIOD 1870 TO 2017


WEATHER ITEM   OBSERVED TIME   RECORD YEAR NORMAL DEPARTURE LAST
                VALUE   (LST)  VALUE       VALUE  FROM      YEAR
                                                  NORMAL
..................................................................
TEMPERATURE (F)
 TODAY
  MAXIMUM         62    353 PM  74    1874  47     15       51
  MINIMUM         43    712 AM   7    1963  28     15       37
  AVERAGE         53                        37     16       44

PRECIPITATION (IN)
  TODAY            0.00          2.30 2003   0.11  -0.11     0.00
  MONTH TO DATE    0.46                      2.27  -1.81     2.48
  SINCE DEC 1      5.92                      8.69  -2.77    11.83
  SINCE JAN 1      3.15                      5.32  -2.17     5.98

SNOWFALL (IN)
  TODAY            0.0           4.0  1987   0.2   -0.2
  MONTH TO DATE    T                         6.7   -6.7
  SINCE JUL 1      0.7                      16.9  -16.2
  SNOW DEPTH       0

DEGREE DAYS
 HEATING
  TODAY           12                        28    -16       21
  MONTH TO DATE  496                       657   -161      651
  SINCE DEC 1   2112                      2529   -417     2157
  SINCE JUL 1   2811                      3433   -622     2877

 COOLING
  TODAY            0                         0      0        0
  MONTH TO DATE    0                         0      0        0
  SINCE DEC 1      0                         0      0        1
  SINCE JAN 1      0                         0      0        0
..................................................................


WIND (MPH)
  HIGHEST WIND SPEED    10   HIGHEST WIND DIRECTION     E (80)
  HIGHEST GUST SPEED    13   HIGHEST GUST DIRECTION     E (70)
  AVERAGE WIND SPEED     2.0


SKY COVER
  POSSIBLE SUNSHINE  MM
  AVERAGE SKY COVER 1.0


WEATHER CONDITIONS
 THE FOLLOWING WEATHER WAS RECORDED TODAY.
  NO SIGNIFICANT WEATHER WAS OBSERVED.


RELATIVE HUMIDITY (PERCENT)
 HIGHEST    89           500 AM
 LOWEST     51           100 PM
 AVERAGE    70

..........................................................


THE BALTIMORE MD CLIMATE NORMALS FOR TOMORROW
                         NORMAL    RECORD    YEAR
 MAXIMUM TEMPERATURE (F)   47        78      1874
 MINIMUM TEMPERATURE (F)   28         5      1963


SUNRISE AND SUNSET
FEBRUARY 22 2017......SUNRISE   649 AM EST   SUNSET   552 PM EST
FEBRUARY 23 2017......SUNRISE   647 AM EST   SUNSET   553 PM EST


-  INDICATES NEGATIVE NUMBERS.
R  INDICATES RECORD WAS SET OR TIED.
MM INDICATES DATA IS MISSING.
T  INDICATES TRACE AMOUNT.




$$
