000
CDUS41 KLWX 012124
CLIBWI


CLIMATE REPORT
NATIONAL WEATHER SERVICE BALTIMORE MD/WASHINGTON DC
524 PM EDT WED JUL 1 2015


...................................

...THE BALTIMORE MD CLIMATE SUMMARY FOR JULY 1 2015...
VALID TODAY AS OF 0500 PM LOCAL TIME.

CLIMATE NORMAL PERIOD 1981 TO 2010
CLIMATE RECORD PERIOD 1870 TO 2015


WEATHER ITEM   OBSERVED TIME   RECORD YEAR NORMAL DEPARTURE LAST
                VALUE   (LST)  VALUE       VALUE  FROM      YEAR
                                                  NORMAL
..................................................................
TEMPERATURE (F)
 TODAY
  MAXIMUM         85    347 PM 103    1901  87     -2       91
  MINIMUM         66    535 AM  50    1988  66      0       71
  AVERAGE         76                        76      0       81

PRECIPITATION (IN)
  TODAY            0.62          3.18 1987   0.13   0.49     0.00
  MONTH TO DATE    0.62                      0.13   0.49     0.00
  SINCE JUN 1     13.71                      3.59  10.12     3.95
  SINCE JAN 1     30.91                     20.62  10.29    27.57

SNOWFALL (IN)
  TODAY            0.0          MM      MM   0.0    0.0
  MONTH TO DATE    0.0                       0.0    0.0
  SINCE JUL 1      0.0                       0.0    0.0
  SNOW DEPTH       0

DEGREE DAYS
 HEATING
  TODAY            0                         0      0        0
  MONTH TO DATE    0                         0      0        0
  SINCE JUN 1     14                        15     -1        2
  SINCE JUL 1      0                         0      0        0

 COOLING
  TODAY           11                        11      0       16
  MONTH TO DATE   11                        11      0       16
  SINCE JUN 1    307                       249     58      272
  SINCE JAN 1    496                       333    163      357
..................................................................


WIND (MPH)
  HIGHEST WIND SPEED    24   HIGHEST WIND DIRECTION    SE (150)
  HIGHEST GUST SPEED    35   HIGHEST GUST DIRECTION     S (160)
  AVERAGE WIND SPEED     8.1


SKY COVER
  POSSIBLE SUNSHINE  MM
  AVERAGE SKY COVER 0.4


WEATHER CONDITIONS
 THE FOLLOWING WEATHER WAS RECORDED TODAY.
  THUNDERSTORM
  HEAVY RAIN
  RAIN
  LIGHT RAIN
  FOG


RELATIVE HUMIDITY (PERCENT)
 HIGHEST   100           600 AM
 LOWEST     48           200 PM
 AVERAGE    74

..........................................................


THE BALTIMORE MD CLIMATE NORMALS FOR TOMORROW
                         NORMAL    RECORD    YEAR
 MAXIMUM TEMPERATURE (F)   87       103      1901
 MINIMUM TEMPERATURE (F)   66        51      2001
                                             1952


SUNRISE AND SUNSET
JULY  1 2015..........SUNRISE   544 AM EDT   SUNSET   837 PM EDT
JULY  2 2015..........SUNRISE   545 AM EDT   SUNSET   837 PM EDT


-  INDICATES NEGATIVE NUMBERS.
R  INDICATES RECORD WAS SET OR TIED.
MM INDICATES DATA IS MISSING.
T  INDICATES TRACE AMOUNT.




$$
