000
CDUS41 KLWX 032125
CLIBWI


CLIMATE REPORT
NATIONAL WEATHER SERVICE BALTIMORE MD/WASHINGTON DC
523 PM EDT MON AUG 3 2015


...................................

...THE BALTIMORE MD CLIMATE SUMMARY FOR AUGUST 3 2015...
VALID TODAY AS OF 0500 PM LOCAL TIME.

CLIMATE NORMAL PERIOD 1981 TO 2010
CLIMATE RECORD PERIOD 1870 TO 2015


WEATHER ITEM   OBSERVED TIME   RECORD YEAR NORMAL DEPARTURE LAST
                VALUE   (LST)  VALUE       VALUE  FROM      YEAR
                                                  NORMAL
..................................................................
TEMPERATURE (F)
 TODAY
  MAXIMUM         91    359 PM 100    2006  86      5       79
                                      1931
  MINIMUM         64    412 AM  55    1998  67     -3       65
                                      1959
  AVERAGE         78                        76      2       72

PRECIPITATION (IN)
  TODAY            0.00          3.35 1885   0.12  -0.12     0.53
  MONTH TO DATE    0.00                      0.36  -0.36     0.82
  SINCE JUN 1     16.58                      7.89   8.69     7.57
  SINCE JAN 1     33.78                     24.92   8.86    31.19

SNOWFALL (IN)
  TODAY            0.0          MM      MM   0.0    0.0
  MONTH TO DATE    0.0                       0.0    0.0
  SINCE JUL 1      0.0                       0.0    0.0
  SNOW DEPTH       0

DEGREE DAYS
 HEATING
  TODAY            0                         0      0        0
  MONTH TO DATE    0                         0      0        0
  SINCE JUN 1     14                        15     -1        2
  SINCE JUL 1      0                         0      0        0

 COOLING
  TODAY           13                        11      2        7
  MONTH TO DATE   38                        35      3       23
  SINCE JUN 1    716                       645     71      614
  SINCE JAN 1    905                       729    176      699
..................................................................


WIND (MPH)
  HIGHEST WIND SPEED    14   HIGHEST WIND DIRECTION     S (200)
  HIGHEST GUST SPEED    18   HIGHEST GUST DIRECTION     S (200)
  AVERAGE WIND SPEED     6.0


SKY COVER
  POSSIBLE SUNSHINE  MM
  AVERAGE SKY COVER 0.4


WEATHER CONDITIONS
 THE FOLLOWING WEATHER WAS RECORDED TODAY.
  NO SIGNIFICANT WEATHER WAS OBSERVED.


RELATIVE HUMIDITY (PERCENT)
 HIGHEST    87           400 AM
 LOWEST     32          1200 PM
 AVERAGE    60

..........................................................


THE BALTIMORE MD CLIMATE NORMALS FOR TOMORROW
                         NORMAL    RECORD    YEAR
 MAXIMUM TEMPERATURE (F)   86       101      1930
 MINIMUM TEMPERATURE (F)   67        55      1966


SUNRISE AND SUNSET
AUGUST  3 2015........SUNRISE   609 AM EDT   SUNSET   817 PM EDT
AUGUST  4 2015........SUNRISE   609 AM EDT   SUNSET   816 PM EDT


-  INDICATES NEGATIVE NUMBERS.
R  INDICATES RECORD WAS SET OR TIED.
MM INDICATES DATA IS MISSING.
T  INDICATES TRACE AMOUNT.




$$
