000
CDUS41 KLWX 300528
CLIBWI


CLIMATE REPORT
NATIONAL WEATHER SERVICE BALTIMORE MD/WASHINGTON DC
128 AM EDT MON MAR 30 2015


...................................

...THE BALTIMORE MD CLIMATE SUMMARY FOR MARCH 29 2015...

CLIMATE NORMAL PERIOD 1981 TO 2010
CLIMATE RECORD PERIOD 1870 TO 2015


WEATHER ITEM   OBSERVED TIME   RECORD YEAR NORMAL DEPARTURE LAST
                VALUE   (LST)  VALUE       VALUE  FROM      YEAR
                                                  NORMAL
..................................................................
TEMPERATURE (F)
 YESTERDAY
  MAXIMUM         46    439 PM  90    1945  58    -12       60
  MINIMUM         21    550 AM  18    1923  37    -16       50
  AVERAGE         34                        48    -14       55

PRECIPITATION (IN)
  YESTERDAY        0.00          2.05 1942   0.14  -0.14     0.99
  MONTH TO DATE    4.62                      3.64   0.98     2.98
  SINCE MAR 1      4.62                      3.64   0.98     2.98
  SINCE JAN 1     10.75                      9.59   1.16    10.27

SNOWFALL (IN)
  YESTERDAY        0.0          21.9  1942   0.0    0.0
  MONTH TO DATE    7.7                       1.9    5.8
  SINCE JUL 1     28.7                      20.1    8.6
  SNOW DEPTH       0

DEGREE DAYS
 HEATING
  YESTERDAY       31                        17     14       10
  MONTH TO DATE  749                       633    116      780
  SINCE MAR 1    749                       633    116      780
  SINCE JUL 1   4564                      4228    336     4537

 COOLING
  YESTERDAY        0                         0      0        0
  MONTH TO DATE    0                         0      0        0
  SINCE MAR 1      0                         0      0        0
  SINCE JAN 1      0                         0      0        0
..................................................................


WIND (MPH)
  HIGHEST WIND SPEED    14   HIGHEST WIND DIRECTION     W (270)
  HIGHEST GUST SPEED    26   HIGHEST GUST DIRECTION    SW (210)
  AVERAGE WIND SPEED     6.6


SKY COVER
  POSSIBLE SUNSHINE  MM
  AVERAGE SKY COVER 0.2


WEATHER CONDITIONS
 THE FOLLOWING WEATHER WAS RECORDED YESTERDAY.
  NO SIGNIFICANT WEATHER WAS OBSERVED.


RELATIVE HUMIDITY (PERCENT)
 HIGHEST    57           600 AM
 LOWEST     20           300 PM
 AVERAGE    39

..........................................................


THE BALTIMORE MD CLIMATE NORMALS FOR TODAY
                         NORMAL    RECORD    YEAR
 MAXIMUM TEMPERATURE (F)   59        89      1998
 MINIMUM TEMPERATURE (F)   38        21      1887


SUNRISE AND SUNSET
MARCH 30 2015.........SUNRISE   655 AM EDT   SUNSET   728 PM EDT
MARCH 31 2015.........SUNRISE   653 AM EDT   SUNSET   729 PM EDT


-  INDICATES NEGATIVE NUMBERS.
R  INDICATES RECORD WAS SET OR TIED.
MM INDICATES DATA IS MISSING.
T  INDICATES TRACE AMOUNT.




$$
