000
CDUS45 KRIW 230737
CLIBYG


CLIMATE REPORT
NATIONAL WEATHER SERVICE RIVERTON WY
1236 AM MST FRI FEB 23 2018


...................................

...THE BUFFALO WY CLIMATE SUMMARY FOR FEBRUARY 22 2018...

CLIMATE NORMAL PERIOD 1981 TO 2010
CLIMATE RECORD PERIOD 1998 TO 2018


WEATHER ITEM   OBSERVED TIME   RECORD YEAR NORMAL DEPARTURE LAST
                VALUE   (LST)  VALUE       VALUE  FROM      YEAR
                                                  NORMAL
..................................................................
TEMPERATURE (F)
 YESTERDAY
  MAXIMUM         27    221 PM  61    2002  39    -12       46
  MINIMUM          5   1116 PM  -1    2015  19    -14       30
                                      2003
  AVERAGE         16                        29    -13       38

PRECIPITATION (IN)
  YESTERDAY        0.00          0.25 2012   0.02  -0.02     0.06
  MONTH TO DATE    0.22                      0.28  -0.06     0.22
  SINCE DEC 1      0.66                      1.10  -0.44     0.57
  SINCE JAN 1      0.34                      0.70  -0.36     0.32

DEGREE DAYS
 HEATING
  YESTERDAY       49                        36     13       27
  MONTH TO DATE 1036                       822    214      661
  SINCE DEC 1   3216                      3195     21     3406
  SINCE JUL 1   4878                      5029   -151     4588

 COOLING
  YESTERDAY        0                         0      0        0
  MONTH TO DATE    0                         0      0        0
  SINCE DEC 1      0                         0      0        0
  SINCE JAN 1      0                         0      0        0
..................................................................


WIND (MPH)
  HIGHEST WIND SPEED    12   HIGHEST WIND DIRECTION    NW (320)
  HIGHEST GUST SPEED    15   HIGHEST GUST DIRECTION     N (340)
  AVERAGE WIND SPEED     6.2


SKY COVER
  POSSIBLE SUNSHINE  MM
  AVERAGE SKY COVER 0.0


WEATHER CONDITIONS
 THE FOLLOWING WEATHER WAS RECORDED YESTERDAY.
  NO SIGNIFICANT WEATHER WAS OBSERVED.


RELATIVE HUMIDITY (PERCENT)
 HIGHEST    55          1000 PM
 LOWEST     32           100 PM
 AVERAGE    44

..........................................................


THE BUFFALO WY CLIMATE NORMALS FOR TODAY
                         NORMAL    RECORD    YEAR
 MAXIMUM TEMPERATURE (F)   40        57      2009
 MINIMUM TEMPERATURE (F)   19       -13      2003


SUNRISE AND SUNSET
FEBRUARY 23 2018......SUNRISE   654 AM MST   SUNSET   547 PM MST
FEBRUARY 24 2018......SUNRISE   652 AM MST   SUNSET   548 PM MST


-  INDICATES NEGATIVE NUMBERS.
R  INDICATES RECORD WAS SET OR TIED.
MM INDICATES DATA IS MISSING.
T  INDICATES TRACE AMOUNT.




$$
