000
CDUS45 KRIW 240728
CLIBYG


CLIMATE REPORT
NATIONAL WEATHER SERVICE RIVERTON WY
127 AM MDT MON APR 24 2017


...................................

...THE BUFFALO WY CLIMATE SUMMARY FOR APRIL 23 2017...

CLIMATE NORMAL PERIOD 1981 TO 2010
CLIMATE RECORD PERIOD 1998 TO 2017


WEATHER ITEM   OBSERVED TIME   RECORD YEAR NORMAL DEPARTURE LAST
                VALUE   (LST)  VALUE       VALUE  FROM      YEAR
                                                  NORMAL
..................................................................
TEMPERATURE (F)
 YESTERDAY
  MAXIMUM         71    232 PM  82    2012  56     15       74
  MINIMUM         39   1215 AM   8    2013  35      4       46
  AVERAGE         55                        46      9       60

PRECIPITATION (IN)
  YESTERDAY        0.00          0.53 2010   0.05  -0.05     0.05
  MONTH TO DATE    1.50                      0.79   0.71     0.65
  SINCE MAR 1      3.52                      1.71   1.81     1.30
  SINCE JAN 1      3.95                      2.48   1.47     1.89

DEGREE DAYS
 HEATING
  YESTERDAY       10                        19     -9        5
  MONTH TO DATE  398                       527   -129      337
  SINCE MAR 1   1088                      1477   -389     1011
  SINCE JUL 1   5930                      6717   -787     5402

 COOLING
  YESTERDAY        0                         0      0        0
  MONTH TO DATE    0                         0      0        1
  SINCE MAR 1      0                         0      0        1
  SINCE JAN 1      0                         0      0        1
..................................................................


WIND (MPH)
  HIGHEST WIND SPEED    35   HIGHEST WIND DIRECTION    NW (330)
  HIGHEST GUST SPEED    45   HIGHEST GUST DIRECTION     N (340)
  AVERAGE WIND SPEED    10.8


SKY COVER
  POSSIBLE SUNSHINE  MM
  AVERAGE SKY COVER 0.2


WEATHER CONDITIONS
 THE FOLLOWING WEATHER WAS RECORDED YESTERDAY.
  NO SIGNIFICANT WEATHER WAS OBSERVED.


RELATIVE HUMIDITY (PERCENT)
 HIGHEST    76          1000 PM
 LOWEST     17           300 PM
 AVERAGE    47

..........................................................


THE BUFFALO WY CLIMATE NORMALS FOR TODAY
                         NORMAL    RECORD    YEAR
 MAXIMUM TEMPERATURE (F)   57        80      2012
 MINIMUM TEMPERATURE (F)   35        23      2002


SUNRISE AND SUNSET
APRIL 24 2017.........SUNRISE   608 AM MDT   SUNSET   803 PM MDT
APRIL 25 2017.........SUNRISE   606 AM MDT   SUNSET   804 PM MDT


-  INDICATES NEGATIVE NUMBERS.
R  INDICATES RECORD WAS SET OR TIED.
MM INDICATES DATA IS MISSING.
T  INDICATES TRACE AMOUNT.




$$
