000
CDUS45 KRIW 270742
CLIBYG


CLIMATE REPORT
NATIONAL WEATHER SERVICE RIVERTON WY
142 AM MDT WED AUG 27 2014


...................................

...THE BUFFALO WY CLIMATE SUMMARY FOR AUGUST 26 2014...

CLIMATE NORMAL PERIOD 1981 TO 2010
CLIMATE RECORD PERIOD 1998 TO 2014


WEATHER ITEM   OBSERVED TIME   RECORD YEAR NORMAL DEPARTURE LAST
                VALUE   (LST)  VALUE       VALUE  FROM      YEAR
                                                  NORMAL
..................................................................
TEMPERATURE (F)
 YESTERDAY
  MAXIMUM         74    338 PM  95    2010  82     -8       93
                                      2007
  MINIMUM         46    503 AM  42    2004  53     -7       67
  AVERAGE         60                        67     -7       80

PRECIPITATION (IN)
  YESTERDAY        0.00          0.18 2002   0.02  -0.02     0.00
  MONTH TO DATE    2.09                      0.73   1.36     0.22
  SINCE JUN 1      5.94                      4.67   1.27     1.28
  SINCE JAN 1      9.70                     10.19  -0.49     4.41

DEGREE DAYS
 HEATING
  YESTERDAY        5                         2      3        0
  MONTH TO DATE   42                        29     13        0
  SINCE JUN 1    259                       217     42      101
  SINCE JUL 1     53                        54     -1        1

 COOLING
  YESTERDAY        0                         4     -4       15
  MONTH TO DATE  122                       164    -42      213
  SINCE JUN 1    316                       418   -102      548
  SINCE JAN 1    327                       425    -98      558
..................................................................


WIND (MPH)
  HIGHEST WIND SPEED    15   HIGHEST WIND DIRECTION     N (10)
  HIGHEST GUST SPEED    21   HIGHEST GUST DIRECTION     N (10)
  AVERAGE WIND SPEED     6.5


SKY COVER
  POSSIBLE SUNSHINE  MM
  AVERAGE SKY COVER 0.2


WEATHER CONDITIONS
 THE FOLLOWING WEATHER WAS RECORDED YESTERDAY.
  NO SIGNIFICANT WEATHER WAS OBSERVED.


RELATIVE HUMIDITY (PERCENT)
 HIGHEST    93           500 AM
 LOWEST     41          1200 PM
 AVERAGE    67

..........................................................


THE BUFFALO WY CLIMATE NORMALS FOR TODAY
                         NORMAL    RECORD    YEAR
 MAXIMUM TEMPERATURE (F)   81        96      2012
                                             2011
 MINIMUM TEMPERATURE (F)   53        41      2004


SUNRISE AND SUNSET
AUGUST 27 2014........SUNRISE   624 AM MDT   SUNSET   752 PM MDT
AUGUST 28 2014........SUNRISE   625 AM MDT   SUNSET   750 PM MDT


-  INDICATES NEGATIVE NUMBERS.
R  INDICATES RECORD WAS SET OR TIED.
MM INDICATES DATA IS MISSING.
T  INDICATES TRACE AMOUNT.




$$
