000
CDUS45 KRIW 270741
CLIBYG


CLIMATE REPORT
NATIONAL WEATHER SERVICE RIVERTON WY
1241 AM MST FRI FEB 27 2015


...................................

...THE BUFFALO WY CLIMATE SUMMARY FOR FEBRUARY 26 2015...

CLIMATE NORMAL PERIOD 1981 TO 2010
CLIMATE RECORD PERIOD 1998 TO 2015


WEATHER ITEM   OBSERVED TIME   RECORD YEAR NORMAL DEPARTURE LAST
                VALUE   (LST)  VALUE       VALUE  FROM      YEAR
                                                  NORMAL
..................................................................
TEMPERATURE (F)
 YESTERDAY
  MAXIMUM          9    259 PM  53    2006  40    -31       32
  MINIMUM          0    612 PM  -7    2011  19    -19       -2
                                      2002
  AVERAGE          5                        30    -25       15

PRECIPITATION (IN)
  YESTERDAY        0.07R         0.01 2009   0.01   0.06     0.00
  MONTH TO DATE    0.48                      0.32   0.16     0.15
  SINCE DEC 1      0.72                      1.14  -0.42     0.60
  SINCE JAN 1      0.64                      0.74  -0.10     0.36

DEGREE DAYS
 HEATING
  YESTERDAY       60                        35     25       50
  MONTH TO DATE  844                       964   -120     1215
  SINCE DEC 1   2829                      3337   -508     3454
  SINCE JUL 1   4585                      5171   -586     5162

 COOLING
  YESTERDAY        0                         0      0        0
  MONTH TO DATE    0                         0      0        0
  SINCE DEC 1      0                         0      0        0
  SINCE JAN 1      0                         0      0        0
..................................................................


WIND (MPH)
  HIGHEST WIND SPEED    20   HIGHEST WIND DIRECTION    SE (150)
  HIGHEST GUST SPEED    23   HIGHEST GUST DIRECTION    SE (150)
  AVERAGE WIND SPEED     5.7


SKY COVER
  POSSIBLE SUNSHINE  MM
  AVERAGE SKY COVER 1.0


WEATHER CONDITIONS
 THE FOLLOWING WEATHER WAS RECORDED YESTERDAY.
  LIGHT SNOW
  FOG
  HAZE


RELATIVE HUMIDITY (PERCENT)
 HIGHEST    88          1200 AM
 LOWEST     69           300 PM
 AVERAGE    79

..........................................................


THE BUFFALO WY CLIMATE NORMALS FOR TODAY
                         NORMAL    RECORD    YEAR
 MAXIMUM TEMPERATURE (F)   41        64      2006
 MINIMUM TEMPERATURE (F)   19         4      2009


SUNRISE AND SUNSET
FEBRUARY 27 2015......SUNRISE   648 AM MST   SUNSET   552 PM MST
FEBRUARY 28 2015......SUNRISE   646 AM MST   SUNSET   553 PM MST


-  INDICATES NEGATIVE NUMBERS.
R  INDICATES RECORD WAS SET OR TIED.
MM INDICATES DATA IS MISSING.
T  INDICATES TRACE AMOUNT.




$$
