000
CDUS45 KRIW 200735
CLIBYG


CLIMATE REPORT
NATIONAL WEATHER SERVICE RIVERTON WY
132 AM MDT MON OCT 20 2014


...................................

...THE BUFFALO WY CLIMATE SUMMARY FOR OCTOBER 19 2014...

CLIMATE NORMAL PERIOD 1981 TO 2010
CLIMATE RECORD PERIOD 1998 TO 2014


WEATHER ITEM   OBSERVED TIME   RECORD YEAR NORMAL DEPARTURE LAST
                VALUE   (LST)  VALUE       VALUE  FROM      YEAR
                                                  NORMAL
..................................................................
TEMPERATURE (F)
 YESTERDAY
  MAXIMUM         72    247 PM  82    2003  57     15       59
  MINIMUM         43    534 AM  27    1999  33     10       35
  AVERAGE         58                        45     13       47

PRECIPITATION (IN)
  YESTERDAY        0.00          0.01 2001   0.03  -0.03     0.01
                                      2001
                                      2013
  MONTH TO DATE    0.20                      0.73  -0.53     1.90
  SINCE SEP 1      1.30                      2.04  -0.74     5.24
  SINCE JAN 1     11.51                     12.31  -0.80     9.66

DEGREE DAYS
 HEATING
  YESTERDAY        7                        20    -13       18
  MONTH TO DATE  234                       328    -94      419
  SINCE SEP 1    472                       577   -105      570
  SINCE JUL 1    531                       642   -111      571

 COOLING
  YESTERDAY        0                         0      0        0
  MONTH TO DATE    2                         0      2        0
  SINCE SEP 1     53                        45      8       95
  SINCE JAN 1    387                       491   -104      709
..................................................................


WIND (MPH)
  HIGHEST WIND SPEED    15   HIGHEST WIND DIRECTION    SE (150)
  HIGHEST GUST SPEED    19   HIGHEST GUST DIRECTION     S (170)
  AVERAGE WIND SPEED     7.5


SKY COVER
  POSSIBLE SUNSHINE  MM
  AVERAGE SKY COVER 0.0


WEATHER CONDITIONS
 THE FOLLOWING WEATHER WAS RECORDED YESTERDAY.
  NO SIGNIFICANT WEATHER WAS OBSERVED.


RELATIVE HUMIDITY (PERCENT)
 HIGHEST    58           500 AM
 LOWEST     22           300 PM
 AVERAGE    40

..........................................................


THE BUFFALO WY CLIMATE NORMALS FOR TODAY
                         NORMAL    RECORD    YEAR
 MAXIMUM TEMPERATURE (F)   56        75      2003
 MINIMUM TEMPERATURE (F)   33        30      2006
                                             1998


SUNRISE AND SUNSET
OCTOBER 20 2014.......SUNRISE   728 AM MDT   SUNSET   614 PM MDT
OCTOBER 21 2014.......SUNRISE   730 AM MDT   SUNSET   613 PM MDT


-  INDICATES NEGATIVE NUMBERS.
R  INDICATES RECORD WAS SET OR TIED.
MM INDICATES DATA IS MISSING.
T  INDICATES TRACE AMOUNT.




$$
