000
CDUS45 KPIH 270737
CLIBYI


CLIMATE REPORT
NATIONAL WEATHER SERVICE POCATELLO ID
1236 AM MST THU NOV 27 2014


...................................

...THE BURLEY ID CLIMATE SUMMARY FOR NOVEMBER 26 2014...

CLIMATE NORMAL PERIOD 1981 TO 2010
CLIMATE RECORD PERIOD 1948 TO 2014


WEATHER ITEM   OBSERVED TIME   RECORD YEAR NORMAL DEPARTURE LAST
                VALUE   (LST)  VALUE       VALUE  FROM      YEAR
                                                  NORMAL
..................................................................
TEMPERATURE (F)
 YESTERDAY
  MAXIMUM         58    220 PM  64    1950  40     18       53
  MINIMUM         36    815 PM -12    1952  22     14       18
  AVERAGE         47                        31     16       36

PRECIPITATION (IN)
  YESTERDAY        0.00          0.49 1971   0.03  -0.03     0.00
  MONTH TO DATE    1.05                      0.80   0.25     0.19
  SINCE OCT 1      1.17                      1.56  -0.39     0.44
  SINCE JAN 1     11.09                      8.87   2.22     4.52

SNOWFALL (IN)
  YESTERDAY       MM
  MONTH TO DATE   MM
  SINCE SEP 1     MM
  SINCE JUL 1     MM
  SNOW DEPTH      MM

DEGREE DAYS
 HEATING
  YESTERDAY       18                        34    -16       29
  MONTH TO DATE  767                       741     26      706
  SINCE SEP 1   1270                      1492   -222     1455
  SINCE JUL 1   1300                      1549   -249     1455

 COOLING
  YESTERDAY        0                         0      0        0
  MONTH TO DATE    0                         0      0        0
  SINCE SEP 1     27                        21      6       54
  SINCE JAN 1    428                       365     63      642
..................................................................


WIND (MPH)
  HIGHEST WIND SPEED    20   HIGHEST WIND DIRECTION     S (200)
  HIGHEST GUST SPEED    25   HIGHEST GUST DIRECTION     S (200)
  AVERAGE WIND SPEED    10.6


SKY COVER
  POSSIBLE SUNSHINE  MM
  AVERAGE SKY COVER 0.1


WEATHER CONDITIONS
 THE FOLLOWING WEATHER WAS RECORDED YESTERDAY.
  NO SIGNIFICANT WEATHER WAS OBSERVED.


RELATIVE HUMIDITY (PERCENT)
 HIGHEST    89           800 PM
 LOWEST     43           100 PM
 AVERAGE    66

..........................................................


THE BURLEY ID CLIMATE NORMALS FOR TODAY
                         NORMAL    RECORD    YEAR
 MAXIMUM TEMPERATURE (F)   40        67      1949
 MINIMUM TEMPERATURE (F)   22        -4      1952


SUNRISE AND SUNSET
NOVEMBER 27 2014......SUNRISE   741 AM MST   SUNSET   504 PM MST
NOVEMBER 28 2014......SUNRISE   742 AM MST   SUNSET   504 PM MST


-  INDICATES NEGATIVE NUMBERS.
R  INDICATES RECORD WAS SET OR TIED.
MM INDICATES DATA IS MISSING.
T  INDICATES TRACE AMOUNT.




$$
