000
CDUS45 KPIH 072325
CLIBYI


CLIMATE REPORT
NATIONAL WEATHER SERVICE POCATELLO ID
424 PM MST SUN FEB 7 2016


...................................

...THE BURLEY ID CLIMATE SUMMARY FOR FEBRUARY 7 2016...
VALID TODAY AS OF 0400 PM LOCAL TIME.

CLIMATE NORMAL PERIOD 1981 TO 2010
CLIMATE RECORD PERIOD 1948 TO 2016


WEATHER ITEM   OBSERVED TIME   RECORD YEAR NORMAL DEPARTURE LAST
                VALUE   (LST)  VALUE       VALUE  FROM      YEAR
                                                  NORMAL
..................................................................
TEMPERATURE (F)
 TODAY
  MAXIMUM         41    359 PM  64    2015  38      3       64
  MINIMUM         25    758 AM  -8    1989  20      5       41
  AVERAGE         33                        29      4       53

PRECIPITATION (IN)
  TODAY            0.00          0.56 2004   0.03  -0.03      T
  MONTH TO DATE    0.03                      0.18  -0.15     0.28
  SINCE OCT 1      3.91                      3.92  -0.01     2.95
  SINCE JAN 1      1.11                      1.09   0.02     0.90

SNOWFALL (IN)
  TODAY           MM
  MONTH TO DATE   MM
  SINCE DEC 1     MM
  SINCE JUL 1     MM
  SNOW DEPTH      MM

DEGREE DAYS
 HEATING
  TODAY           32                        36     -4       12
  MONTH TO DATE  261                       256      5      137
  SINCE DEC 1   2522                      2634   -112     2054
  SINCE JUL 1   3943                      4322   -379     3435

 COOLING
  TODAY            0                         0      0        0
  MONTH TO DATE    0                         0      0        0
  SINCE DEC 1      0                         0      0        0
  SINCE JAN 1      0                         0      0        0
..................................................................


WIND (MPH)
  HIGHEST WIND SPEED    14   HIGHEST WIND DIRECTION    SW (220)
  HIGHEST GUST SPEED    17   HIGHEST GUST DIRECTION    SW (210)
  AVERAGE WIND SPEED     5.3


SKY COVER
  POSSIBLE SUNSHINE  MM
  AVERAGE SKY COVER 0.1


WEATHER CONDITIONS
 THE FOLLOWING WEATHER WAS RECORDED TODAY.
  NO SIGNIFICANT WEATHER WAS OBSERVED.


RELATIVE HUMIDITY (PERCENT)
 HIGHEST    88           800 AM
 LOWEST     64          1200 PM
 AVERAGE    76

..........................................................


THE BURLEY ID CLIMATE NORMALS FOR TOMORROW
                         NORMAL    RECORD    YEAR
 MAXIMUM TEMPERATURE (F)   38        63      2015
 MINIMUM TEMPERATURE (F)   20        -7      1982


SUNRISE AND SUNSET
FEBRUARY  7 2016......SUNRISE   743 AM MST   SUNSET   556 PM MST
FEBRUARY  8 2016......SUNRISE   742 AM MST   SUNSET   557 PM MST


-  INDICATES NEGATIVE NUMBERS.
R  INDICATES RECORD WAS SET OR TIED.
MM INDICATES DATA IS MISSING.
T  INDICATES TRACE AMOUNT.




$$
