000
CDUS45 KPIH 222327
CLIBYI


CLIMATE REPORT
NATIONAL WEATHER SERVICE POCATELLO ID
524 PM MDT SAT JUL 22 2017


...................................

...THE BURLEY ID CLIMATE SUMMARY FOR JULY 22 2017...
VALID TODAY AS OF 0500 PM LOCAL TIME.

CLIMATE NORMAL PERIOD 1981 TO 2010
CLIMATE RECORD PERIOD 1948 TO 2017


WEATHER ITEM   OBSERVED TIME   RECORD YEAR NORMAL DEPARTURE LAST
                VALUE   (LST)  VALUE       VALUE  FROM      YEAR
                                                  NORMAL
..................................................................
TEMPERATURE (F)
 TODAY
  MAXIMUM         88    357 PM 102    1994  87      1       87
  MINIMUM         52    527 AM  37    1954  55     -3       57
  AVERAGE         70                        71     -1       72

PRECIPITATION (IN)
  TODAY            0.00          0.37 1979   0.00   0.00     0.00
  MONTH TO DATE    T                         0.21  -0.21     0.24
  SINCE OCT 1     13.17                      9.10   4.07     8.17
  SINCE JAN 1      8.38                      6.27   2.11     5.37

SNOWFALL (IN)
  TODAY           MM
  MONTH TO DATE   MM
  SINCE JUN 1     MM
  SINCE JUL 1     MM
  SNOW DEPTH      MM

DEGREE DAYS
 HEATING
  TODAY            0                         0      0        0
  MONTH TO DATE    0                        20    -20       26
  SINCE JUN 1     77                       154    -77       76
  SINCE JUL 1      0                        20    -20       26

 COOLING
  TODAY            5                         6     -1        7
  MONTH TO DATE  196                       106     90       74
  SINCE JUN 1    267                       153    114      174
  SINCE JAN 1    272                       159    113      178
..................................................................


WIND (MPH)
  HIGHEST WIND SPEED    13   HIGHEST WIND DIRECTION     W (280)
  HIGHEST GUST SPEED    21   HIGHEST GUST DIRECTION     W (270)
  AVERAGE WIND SPEED     5.3


SKY COVER
  POSSIBLE SUNSHINE  MM
  AVERAGE SKY COVER 0.0


WEATHER CONDITIONS
 THE FOLLOWING WEATHER WAS RECORDED TODAY.
  NO SIGNIFICANT WEATHER WAS OBSERVED.


RELATIVE HUMIDITY (PERCENT)
 HIGHEST    71           400 AM
 LOWEST     17           400 PM
 AVERAGE    44

..........................................................


THE BURLEY ID CLIMATE NORMALS FOR TOMORROW
                         NORMAL    RECORD    YEAR
 MAXIMUM TEMPERATURE (F)   87       101      2003
                                             1959
 MINIMUM TEMPERATURE (F)   55        40      1954


SUNRISE AND SUNSET
JULY 22 2017..........SUNRISE   618 AM MDT   SUNSET   905 PM MDT
JULY 23 2017..........SUNRISE   619 AM MDT   SUNSET   904 PM MDT


-  INDICATES NEGATIVE NUMBERS.
R  INDICATES RECORD WAS SET OR TIED.
MM INDICATES DATA IS MISSING.
T  INDICATES TRACE AMOUNT.




$$
