000
CDUS45 KPIH 190742
CLIBYI


CLIMATE REPORT
NATIONAL WEATHER SERVICE POCATELLO ID
141 AM MDT SAT APR 19 2014


...................................

...THE BURLEY ID CLIMATE SUMMARY FOR APRIL 18 2014...

CLIMATE NORMAL PERIOD 1981 TO 2010
CLIMATE RECORD PERIOD 1948 TO 2014


WEATHER ITEM   OBSERVED TIME   RECORD YEAR NORMAL DEPARTURE LAST
                VALUE   (LST)  VALUE       VALUE  FROM      YEAR
                                                  NORMAL
..................................................................
TEMPERATURE (F)
 YESTERDAY
  MAXIMUM         59    509 PM  88    1994  59      0       52
  MINIMUM         38   1159 PM  18    2013  34      4       18
  AVERAGE         49                        46      3       35

PRECIPITATION (IN)
  YESTERDAY        0.11          0.56 1957   0.04   0.07      T
  MONTH TO DATE    0.51                      0.58  -0.07     0.69
  SINCE OCT 1      4.44                      6.12  -1.68     5.24
  SINCE JAN 1      3.83                      3.29   0.54     1.64

SNOWFALL (IN)
  YESTERDAY       MM
  MONTH TO DATE   MM
  SINCE MAR 1     MM
  SINCE JUL 1     MM
  SNOW DEPTH      MM

DEGREE DAYS
 HEATING
  YESTERDAY       16                        19     -3       30
  MONTH TO DATE  323                       366    -43      388
  SINCE MAR 1   1018                      1163   -145     1120
  SINCE JUL 1   5713                      6185   -472     5878

 COOLING
  YESTERDAY        0                         0      0        0
  MONTH TO DATE    0                         0      0        0
  SINCE MAR 1      0                         0      0        0
  SINCE JAN 1      0                         0      0        0
..................................................................


WIND (MPH)
  HIGHEST WIND SPEED    26   HIGHEST WIND DIRECTION     W (250)
  HIGHEST GUST SPEED    34   HIGHEST GUST DIRECTION     W (260)
  AVERAGE WIND SPEED    13.5


SKY COVER
  POSSIBLE SUNSHINE  MM
  AVERAGE SKY COVER 0.3


WEATHER CONDITIONS
 THE FOLLOWING WEATHER WAS RECORDED YESTERDAY.
  RAIN
  LIGHT RAIN
  FOG


RELATIVE HUMIDITY (PERCENT)
 HIGHEST    92           500 AM
 LOWEST     25           500 PM
 AVERAGE    59

..........................................................


THE BURLEY ID CLIMATE NORMALS FOR TODAY
                         NORMAL    RECORD    YEAR
 MAXIMUM TEMPERATURE (F)   59        85      1994
 MINIMUM TEMPERATURE (F)   34        18      1982


SUNRISE AND SUNSET
APRIL 19 2014.........SUNRISE   647 AM MDT   SUNSET   822 PM MDT
APRIL 20 2014.........SUNRISE   646 AM MDT   SUNSET   823 PM MDT


-  INDICATES NEGATIVE NUMBERS.
R  INDICATES RECORD WAS SET OR TIED.
MM INDICATES DATA IS MISSING.
T  INDICATES TRACE AMOUNT.




$$
