000
CDUS45 KPIH 222322
CLIBYI


CLIMATE REPORT
NATIONAL WEATHER SERVICE POCATELLO ID
521 PM MDT FRI SEP 22 2017


...................................

...THE BURLEY ID CLIMATE SUMMARY FOR SEPTEMBER 22 2017...
VALID TODAY AS OF 0500 PM LOCAL TIME.

CLIMATE NORMAL PERIOD 1981 TO 2010
CLIMATE RECORD PERIOD 1948 TO 2017


WEATHER ITEM   OBSERVED TIME   RECORD YEAR NORMAL DEPARTURE LAST
                VALUE   (LST)  VALUE       VALUE  FROM      YEAR
                                                  NORMAL
..................................................................
TEMPERATURE (F)
 TODAY
  MAXIMUM         52    155 PM  93    1992  71    -19       57
  MINIMUM         40    759 AM  28    1956  41     -1       48
  AVERAGE         46                        56    -10       53

PRECIPITATION (IN)
  TODAY            0.02          1.08 2016   0.02   0.00     1.08
  MONTH TO DATE    1.60                      0.38   1.22     2.64
  SINCE OCT 1     14.98                      9.97   5.01    10.83
  SINCE JAN 1     10.19                      7.14   3.05     8.03

SNOWFALL (IN)
  TODAY           MM
  MONTH TO DATE   MM
  SINCE SEP 1     MM
  SINCE JUL 1     MM
  SNOW DEPTH      MM

DEGREE DAYS
 HEATING
  TODAY           19                         9     10       12
  MONTH TO DATE  117                       127    -10      154
  SINCE SEP 1    117                       127    -10      154
  SINCE JUL 1    123                       184    -61      210

 COOLING
  TODAY            0                         0      0        0
  MONTH TO DATE   68                        19     49        9
  SINCE SEP 1     68                        19     49        9
  SINCE JAN 1    601                       363    238      352
..................................................................


WIND (MPH)
  HIGHEST WIND SPEED    15   HIGHEST WIND DIRECTION     W (260)
  HIGHEST GUST SPEED    20   HIGHEST GUST DIRECTION     W (250)
  AVERAGE WIND SPEED     8.8


SKY COVER
  POSSIBLE SUNSHINE  MM
  AVERAGE SKY COVER 0.8


WEATHER CONDITIONS
 THE FOLLOWING WEATHER WAS RECORDED TODAY.
  LIGHT RAIN


RELATIVE HUMIDITY (PERCENT)
 HIGHEST    89          1200 AM
 LOWEST     52           400 PM
 AVERAGE    71

..........................................................


THE BURLEY ID CLIMATE NORMALS FOR TOMORROW
                         NORMAL    RECORD    YEAR
 MAXIMUM TEMPERATURE (F)   71        91      1987
 MINIMUM TEMPERATURE (F)   41        28      1985


SUNRISE AND SUNSET
SEPTEMBER 22 2017.....SUNRISE   723 AM MDT   SUNSET   732 PM MDT
SEPTEMBER 23 2017.....SUNRISE   724 AM MDT   SUNSET   730 PM MDT


-  INDICATES NEGATIVE NUMBERS.
R  INDICATES RECORD WAS SET OR TIED.
MM INDICATES DATA IS MISSING.
T  INDICATES TRACE AMOUNT.




$$
