000
CDUS45 KPIH 280730
CLIBYI


CLIMATE REPORT
NATIONAL WEATHER SERVICE POCATELLO ID
1230 AM MST SAT FEB 28 2015


...................................

...THE BURLEY ID CLIMATE SUMMARY FOR FEBRUARY 27 2015...

CLIMATE NORMAL PERIOD 1981 TO 2010
CLIMATE RECORD PERIOD 1948 TO 2015


WEATHER ITEM   OBSERVED TIME   RECORD YEAR NORMAL DEPARTURE LAST
                VALUE   (LST)  VALUE       VALUE  FROM      YEAR
                                                  NORMAL
..................................................................
TEMPERATURE (F)
 YESTERDAY
  MAXIMUM         45    325 PM  67    1980  44      1       48
  MINIMUM         31   1159 PM  -4    1962  24      7       34
  AVERAGE         38                        34      4       41

PRECIPITATION (IN)
  YESTERDAY        0.01          0.14 1994   0.03  -0.02     0.08
  MONTH TO DATE    0.43                      0.74  -0.31     1.24
  SINCE OCT 1      3.10                      4.48  -1.38     2.45
  SINCE JAN 1      1.05                      1.65  -0.60     1.84

SNOWFALL (IN)
  YESTERDAY       MM
  MONTH TO DATE   MM
  SINCE DEC 1     MM
  SINCE JUL 1     MM
  SNOW DEPTH      MM

DEGREE DAYS
 HEATING
  YESTERDAY       27                        31     -4       24
  MONTH TO DATE  651                       926   -275      785
  SINCE DEC 1   2568                      3304   -736     3107
  SINCE JUL 1   3949                      4992  -1043     4675

 COOLING
  YESTERDAY        0                         0      0        0
  MONTH TO DATE    0                         0      0        0
  SINCE DEC 1      0                         0      0        0
  SINCE JAN 1      0                         0      0        0
..................................................................


WIND (MPH)
  HIGHEST WIND SPEED    18   HIGHEST WIND DIRECTION    NE (60)
  HIGHEST GUST SPEED    23   HIGHEST GUST DIRECTION     E (70)
  AVERAGE WIND SPEED     7.0


SKY COVER
  POSSIBLE SUNSHINE  MM
  AVERAGE SKY COVER 0.8


WEATHER CONDITIONS
 THE FOLLOWING WEATHER WAS RECORDED YESTERDAY.
  LIGHT SNOW
  FOG


RELATIVE HUMIDITY (PERCENT)
 HIGHEST    89          1200 AM
 LOWEST     53           200 PM
 AVERAGE    71

..........................................................


THE BURLEY ID CLIMATE NORMALS FOR TODAY
                         NORMAL    RECORD    YEAR
 MAXIMUM TEMPERATURE (F)   45        68      1992
 MINIMUM TEMPERATURE (F)   25        -7      1993


SUNRISE AND SUNSET
FEBRUARY 28 2015......SUNRISE   712 AM MST   SUNSET   623 PM MST
MARCH  1 2015.........SUNRISE   711 AM MST   SUNSET   625 PM MST


-  INDICATES NEGATIVE NUMBERS.
R  INDICATES RECORD WAS SET OR TIED.
MM INDICATES DATA IS MISSING.
T  INDICATES TRACE AMOUNT.




$$
