000
CDUS45 KTFX 170921
CLIBZN


CLIMATE REPORT
NATIONAL WEATHER SERVICE GREAT FALLS MT
320 AM MDT THU APR 17 2014


...................................

...THE BOZEMAN/GALLATIN FIELD MT CLIMATE SUMMARY FOR APRIL 16 2014...

CLIMATE NORMAL PERIOD 1981 TO 2010
CLIMATE RECORD PERIOD 1935 TO 2014


WEATHER ITEM   OBSERVED TIME   RECORD YEAR NORMAL DEPARTURE
                VALUE   (LST)  VALUE       VALUE  FROM
                                                  NORMAL
...............................................................
TEMPERATURE (F)
 YESTERDAY
  MAXIMUM         50    450 PM  78    1994  59     -9
  MINIMUM         31    616 AM  13    1970  31      0
  AVERAGE         41                        45     -4

PRECIPITATION (IN)
  YESTERDAY        0.01          0.53 1965   0.06  -0.05
  MONTH TO DATE    0.07                      0.80  -0.73
  SINCE OCT 1      3.56                      5.03  -1.47
  SINCE JAN 1      2.51                      2.65  -0.14

SNOWFALL (IN)
  YESTERDAY        T             4.0  1959   0.2   -0.2
  MONTH TO DATE    0.3                       4.6   -4.3
  SINCE MAR 1      4.8                      12.3   -7.5
  SINCE JUL 1     29.8                      34.6   -4.8
  SNOW DEPTH       0

DEGREE DAYS
 HEATING
  YESTERDAY       24                                4
  MONTH TO DATE  390                               42
  SINCE MAR 1   1361                              129
  SINCE JUL 1   7376                              564

 COOLING
  YESTERDAY        0                                0
  MONTH TO DATE    0                                0
  SINCE MAR 1      0                                0
  SINCE JAN 1      0                                0
...............................................................


WIND (MPH)
  HIGHEST WIND SPEED    16   HIGHEST WIND DIRECTION    NW (310)
  HIGHEST GUST SPEED    24   HIGHEST GUST DIRECTION     S (160)
  AVERAGE WIND SPEED     5.9



WEATHER CONDITIONS
 THE FOLLOWING WEATHER WAS RECORDED YESTERDAY.
  LIGHT SNOW
  HAZE


RELATIVE HUMIDITY (PERCENT)
 HIGHEST    82
 LOWEST     31
 AVERAGE    57

..........................................................


THE BOZEMAN/GALLATIN FIELD MT CLIMATE NORMALS FOR TODAY
                         NORMAL    RECORD    YEAR
 MAXIMUM TEMPERATURE (F)   60        78      1994
 MINIMUM TEMPERATURE (F)   31         5      1964


SUNRISE AND SUNSET
APRIL 17 2014.........SUNRISE   635 AM MDT   SUNSET   814 PM MDT
APRIL 18 2014.........SUNRISE   633 AM MDT   SUNSET   815 PM MDT


-  INDICATES NEGATIVE NUMBERS.
R  INDICATES RECORD WAS SET OR TIED.
MM INDICATES DATA IS MISSING.
T  INDICATES TRACE AMOUNT.




$$
