000
CDUS45 KTFX 252230
CLIBZN


CLIMATE REPORT
NATIONAL WEATHER SERVICE GREAT FALLS MT
430 PM MDT TUE JUL 25 2017


...................................

...THE BOZEMAN/GALLATIN FIELD MT CLIMATE SUMMARY FOR JULY 25 2017...
VALID TODAY AS OF 0400 PM LOCAL TIME.

CLIMATE NORMAL PERIOD 1981 TO 2010
CLIMATE RECORD PERIOD 1935 TO 2017


WEATHER ITEM   OBSERVED TIME   RECORD YEAR NORMAL DEPARTURE LAST
                VALUE   (LST)  VALUE       VALUE  FROM      YEAR
                                                  NORMAL
..................................................................
TEMPERATURE (F)
 TODAY
  MAXIMUM         75    259 PM 100    1945  90    -15       92
  MINIMUM         52    415 AM  38    1948  52      0       48
  AVERAGE         64                        71     -7       70

PRECIPITATION (IN)
  TODAY            0.00          0.34 2005   0.03  -0.03     0.00
  MONTH TO DATE    0.13                      0.95  -0.82     1.25
  SINCE OCT 1     11.58                     11.63  -0.05    10.17
  SINCE JAN 1      8.25                      9.25  -1.00     7.32

SNOWFALL (IN)
  TODAY            0.0           0.0  1999   0.0    0.0      0.0
                                      1994
  MONTH TO DATE    0.0                       0.0    0.0      0.0
  SINCE JUN 1      0.0                       0.0    0.0      0.0
  SINCE JUL 1      0.0                       0.0    0.0      0.0

DEGREE DAYS
 HEATING
  TODAY            1                         0      1        0
  MONTH TO DATE    1                        27    -26       42
  SINCE JUN 1    165                       168     -3      141
  SINCE JUL 1      1                        27    -26       42

 COOLING
  TODAY            0                         6     -6        5
  MONTH TO DATE  155                       126     29       74
  SINCE JUN 1    176                       164     12      129
  SINCE JAN 1    176                       168      8      129
..................................................................


WIND (MPH)
  HIGHEST WIND SPEED    14   HIGHEST WIND DIRECTION     N (20)
  HIGHEST GUST SPEED    18   HIGHEST GUST DIRECTION     S (200)
  AVERAGE WIND SPEED     5.4


SKY COVER
  AVERAGE SKY COVER 0.1


WEATHER CONDITIONS
 THE FOLLOWING WEATHER WAS RECORDED TODAY.
  NO SIGNIFICANT WEATHER WAS OBSERVED.


RELATIVE HUMIDITY (PERCENT)
 HIGHEST    83           300 AM
 LOWEST     36           300 PM
 AVERAGE    60

..........................................................


THE BOZEMAN/GALLATIN FIELD MT CLIMATE NORMALS FOR TOMORROW
                         NORMAL    RECORD    YEAR
 MAXIMUM TEMPERATURE (F)   90        99      2008
 MINIMUM TEMPERATURE (F)   52        40      2014
                                             2005
                                             1999


SUNRISE AND SUNSET
JULY 25 2017..........SUNRISE   600 AM MDT   SUNSET   901 PM MDT
JULY 26 2017..........SUNRISE   601 AM MDT   SUNSET   900 PM MDT


-  INDICATES NEGATIVE NUMBERS.
R  INDICATES RECORD WAS SET OR TIED.
MM INDICATES DATA IS MISSING.
T  INDICATES TRACE AMOUNT.




$$
