000
CDUS45 KTFX 250918
CLIBZN


CLIMATE REPORT
NATIONAL WEATHER SERVICE GREAT FALLS MT
317 AM MDT THU MAY 25 2017


...................................

...THE BOZEMAN/GALLATIN FIELD MT CLIMATE SUMMARY FOR MAY 24 2017...

CLIMATE NORMAL PERIOD 1981 TO 2010
CLIMATE RECORD PERIOD 1935 TO 2017


WEATHER ITEM   OBSERVED TIME   RECORD YEAR NORMAL DEPARTURE LAST
                VALUE   (LST)  VALUE       VALUE  FROM      YEAR
                                                  NORMAL
..................................................................
TEMPERATURE (F)
 YESTERDAY
  MAXIMUM         76    923 AM  87    1988  71      5       60
  MINIMUM         37   1129 PM  28    1989  41     -4       41
  AVERAGE         57                        56      1       51

PRECIPITATION (IN)
  YESTERDAY        0.00          0.99 1997   0.09  -0.09     0.13
  MONTH TO DATE    1.67                      1.79  -0.12     2.27
  SINCE OCT 1      8.83                      7.62   1.21     7.51
  SINCE JAN 1      5.50                      5.24   0.26     4.66

SNOWFALL (IN)
  YESTERDAY        0.0           T    1975   0.1   -0.1      0.0
  MONTH TO DATE    1.0                       2.2   -1.2       T
  SINCE MAR 1      5.3                      17.4  -12.1      2.1
  SINCE JUL 1     44.5                      39.7    4.8     25.7
  SNOW DEPTH       0

DEGREE DAYS
 HEATING
  YESTERDAY        8                         9     -1       14
  MONTH TO DATE  337                       297     40      351
  SINCE MAR 1   1705                      1778    -73     1725
  SINCE JUL 1   7898                      7358    540     7410

 COOLING
  YESTERDAY        0                         0      0        0
  MONTH TO DATE    0                         0      0        0
  SINCE MAR 1      0                         0      0        0
  SINCE JAN 1      0                         0      0        0
..................................................................


WIND (MPH)
  HIGHEST WIND SPEED    38   HIGHEST WIND DIRECTION    NW (300)
  HIGHEST GUST SPEED    48   HIGHEST GUST DIRECTION    NW (300)
  AVERAGE WIND SPEED    18.3


SKY COVER
  AVERAGE SKY COVER 0.0


WEATHER CONDITIONS
 THE FOLLOWING WEATHER WAS RECORDED YESTERDAY.
  NO SIGNIFICANT WEATHER WAS OBSERVED.


RELATIVE HUMIDITY (PERCENT)
 HIGHEST    71
 LOWEST     13
 AVERAGE    42

..........................................................


THE BOZEMAN/GALLATIN FIELD MT CLIMATE NORMALS FOR TODAY
                         NORMAL    RECORD    YEAR
 MAXIMUM TEMPERATURE (F)   71        86      1988
 MINIMUM TEMPERATURE (F)   42        25      1950


SUNRISE AND SUNSET
MAY 25 2017...........SUNRISE   543 AM MDT   SUNSET   901 PM MDT
MAY 26 2017...........SUNRISE   542 AM MDT   SUNSET   902 PM MDT


-  INDICATES NEGATIVE NUMBERS.
R  INDICATES RECORD WAS SET OR TIED.
MM INDICATES DATA IS MISSING.
T  INDICATES TRACE AMOUNT.




$$
