000
CDUS45 KTFX 251021
CLIBZN


CLIMATE REPORT
NATIONAL WEATHER SERVICE GREAT FALLS MT
420 AM MDT THU AUG 25 2016


...................................

...THE BOZEMAN/GALLATIN FIELD MT CLIMATE SUMMARY FOR AUGUST 24 2016...

CLIMATE NORMAL PERIOD 1981 TO 2010
CLIMATE RECORD PERIOD 1935 TO 2016


WEATHER ITEM   OBSERVED TIME   RECORD YEAR NORMAL DEPARTURE LAST
                VALUE   (LST)  VALUE       VALUE  FROM      YEAR
                                                  NORMAL
..................................................................
TEMPERATURE (F)
 YESTERDAY
  MAXIMUM         67    343 PM 102    1969  85    -18       92
  MINIMUM         40    513 AM  32    1992  48     -8       40
  AVERAGE         54                        66    -12       66

PRECIPITATION (IN)
  YESTERDAY        0.00          0.53 1987   0.03  -0.03     0.00
  MONTH TO DATE    1.11                      0.82   0.29     0.60
  SINCE OCT 1     11.64                     12.62  -0.98    10.87
  SINCE JAN 1      8.79                     10.24  -1.45     8.94

SNOWFALL (IN)
  YESTERDAY        0.0           0.6  1992   0.0    0.0      0.0
  MONTH TO DATE    0.0                       0.0    0.0      0.0
  SINCE JUN 1      0.0                       0.0    0.0      0.0
  SINCE JUL 1      0.0                       0.0    0.0      0.0
  SNOW DEPTH       0

DEGREE DAYS
 HEATING
  YESTERDAY       11                         2      9        0
  MONTH TO DATE   44                        21     23       62
  SINCE JUN 1    185                       190     -5      165
  SINCE JUL 1     86                        49     37       93

 COOLING
  YESTERDAY        0                         3     -3        1
  MONTH TO DATE   39                       120    -81       60
  SINCE JUN 1    209                       324   -115      208
  SINCE JAN 1    209                       328   -119      208
..................................................................


WIND (MPH)
  HIGHEST WIND SPEED    20   HIGHEST WIND DIRECTION     N (350)
  HIGHEST GUST SPEED    24   HIGHEST GUST DIRECTION    NW (320)
  AVERAGE WIND SPEED     7.7


SKY COVER
  AVERAGE SKY COVER 0.4


WEATHER CONDITIONS
 THE FOLLOWING WEATHER WAS RECORDED YESTERDAY.
  NO SIGNIFICANT WEATHER WAS OBSERVED.


RELATIVE HUMIDITY (PERCENT)
 HIGHEST    86
 LOWEST     37
 AVERAGE    62

..........................................................


THE BOZEMAN/GALLATIN FIELD MT CLIMATE NORMALS FOR TODAY
                         NORMAL    RECORD    YEAR
 MAXIMUM TEMPERATURE (F)   85       102      2008
 MINIMUM TEMPERATURE (F)   47        27      1992


SUNRISE AND SUNSET
AUGUST 25 2016........SUNRISE   638 AM MDT   SUNSET   814 PM MDT
AUGUST 26 2016........SUNRISE   639 AM MDT   SUNSET   813 PM MDT


-  INDICATES NEGATIVE NUMBERS.
R  INDICATES RECORD WAS SET OR TIED.
MM INDICATES DATA IS MISSING.
T  INDICATES TRACE AMOUNT.




$$
