000
CDUS45 KTFX 052232
CLIBZN


CLIMATE REPORT
NATIONAL WEATHER SERVICE GREAT FALLS MT
431 PM MDT SUN JUL 5 2015


...................................

...THE BOZEMAN/GALLATIN FIELD MT CLIMATE SUMMARY FOR JULY 5 2015...
VALID TODAY AS OF 0400 PM LOCAL TIME.

CLIMATE NORMAL PERIOD 1981 TO 2010
CLIMATE RECORD PERIOD 1935 TO 2015


WEATHER ITEM   OBSERVED TIME   RECORD YEAR NORMAL DEPARTURE LAST
                VALUE   (LST)  VALUE       VALUE  FROM      YEAR
                                                  NORMAL
..................................................................
TEMPERATURE (F)
 TODAY
  MAXIMUM         68    255 PM 100    2007  85    -17       89
  MINIMUM         59    801 AM  38    1999  50      9       50
  AVERAGE         64                        67     -3       70

PRECIPITATION (IN)
  TODAY            0.00          0.51 1938   0.04  -0.04     0.00
  MONTH TO DATE    0.00                      0.23  -0.23     0.06
  SINCE OCT 1      8.49                     10.91  -2.42    10.11
  SINCE JAN 1      6.56                      8.53  -1.97     9.06

SNOWFALL (IN)
  TODAY            0.0           0.0  1999   0.0    0.0      0.0
                                      1994
  MONTH TO DATE    0.0                       0.0    0.0      0.0
  SINCE JUN 1      0.0                       0.0    0.0      0.0
  SINCE JUL 1      0.0                       0.0    0.0      0.0
  SNOW DEPTH       0

DEGREE DAYS
 HEATING
  TODAY            1                         2     -1        0
  MONTH TO DATE    1                        10     -9        6
  SINCE JUN 1     73                       151    -78      242
  SINCE JUL 1      1                        10     -9        6

 COOLING
  TODAY            0                         4     -4        5
  MONTH TO DATE   27                        18      9       18
  SINCE JUN 1     97                        56     41       18
  SINCE JAN 1     97                        60     37       18
..................................................................


WIND (MPH)
  HIGHEST WIND SPEED    28   HIGHEST WIND DIRECTION    NW (330)
  HIGHEST GUST SPEED    33   HIGHEST GUST DIRECTION    NW (330)
  AVERAGE WIND SPEED    10.9


SKY COVER
  AVERAGE SKY COVER 0.6


WEATHER CONDITIONS
 THE FOLLOWING WEATHER WAS RECORDED TODAY.
  HAZE


RELATIVE HUMIDITY (PERCENT)
 HIGHEST    78           400 AM
 LOWEST     56           200 AM
 AVERAGE    67

..........................................................


THE BOZEMAN/GALLATIN FIELD MT CLIMATE NORMALS FOR TOMORROW
                         NORMAL    RECORD    YEAR
 MAXIMUM TEMPERATURE (F)   85       106      2007
 MINIMUM TEMPERATURE (F)   50        35      1999


SUNRISE AND SUNSET
JULY  5 2015..........SUNRISE   541 AM MDT   SUNSET   917 PM MDT
JULY  6 2015..........SUNRISE   542 AM MDT   SUNSET   917 PM MDT


-  INDICATES NEGATIVE NUMBERS.
R  INDICATES RECORD WAS SET OR TIED.
MM INDICATES DATA IS MISSING.
T  INDICATES TRACE AMOUNT.




$$
