000
CDUS45 KTFX 070927
CLIBZN


CLIMATE REPORT
NATIONAL WEATHER SERVICE GREAT FALLS MT
226 AM MST WED DEC 7 2016


...................................

...THE BOZEMAN/GALLATIN FIELD MT CLIMATE SUMMARY FOR DECEMBER 6 2016...

CLIMATE NORMAL PERIOD 1981 TO 2010
CLIMATE RECORD PERIOD 1935 TO 2016


WEATHER ITEM   OBSERVED TIME   RECORD YEAR NORMAL DEPARTURE LAST
                VALUE   (LST)  VALUE       VALUE  FROM      YEAR
                                                  NORMAL
..................................................................
TEMPERATURE (F)
 YESTERDAY
  MAXIMUM         17   1225 AM  60    1939  34    -17       48
  MINIMUM          5   1136 PM -32    1972  11     -6       15
  AVERAGE         11                        22    -11       32

PRECIPITATION (IN)
  YESTERDAY        T             0.33 1982   0.02  -0.02     0.00
  MONTH TO DATE    T                         0.13  -0.13     0.01
  SINCE OCT 1      2.87                      1.99   0.88     2.29
  SINCE JAN 1     12.76                     13.60  -0.84    12.41

SNOWFALL (IN)
  YESTERDAY       MM             3.5  1982   0.2   MM        0.0
  MONTH TO DATE   MM                         1.4   MM         T
  SINCE DEC 1     MM                         1.4   MM         T
  SINCE JUL 1      3.9                       8.8   -4.9      6.6
  SNOW DEPTH       T

DEGREE DAYS
 HEATING
  YESTERDAY       54                        43     11       33
  MONTH TO DATE  236                       251    -15      244
  SINCE DEC 1    236                       251    -15      244
  SINCE JUL 1   2013                      2132   -119     2208

 COOLING
  YESTERDAY        0                         0      0        0
  MONTH TO DATE    0                         0      0        0
  SINCE DEC 1      0                         0      0        0
  SINCE JAN 1    232                       368   -136      243
..................................................................


WIND (MPH)
  HIGHEST WIND SPEED    13   HIGHEST WIND DIRECTION     N (340)
  HIGHEST GUST SPEED    15   HIGHEST GUST DIRECTION    NW (330)
  AVERAGE WIND SPEED     6.7


SKY COVER
  AVERAGE SKY COVER 1.0


WEATHER CONDITIONS
 THE FOLLOWING WEATHER WAS RECORDED YESTERDAY.
  LIGHT SNOW
  FOG
  HAZE


RELATIVE HUMIDITY (PERCENT)
 HIGHEST    92
 LOWEST     66
 AVERAGE    79

..........................................................


THE BOZEMAN/GALLATIN FIELD MT CLIMATE NORMALS FOR TODAY
                         NORMAL    RECORD    YEAR
 MAXIMUM TEMPERATURE (F)   34        53      1939
 MINIMUM TEMPERATURE (F)   10       -29      1972


SUNRISE AND SUNSET
DECEMBER  7 2016......SUNRISE   752 AM MST   SUNSET   440 PM MST
DECEMBER  8 2016......SUNRISE   753 AM MST   SUNSET   440 PM MST


-  INDICATES NEGATIVE NUMBERS.
R  INDICATES RECORD WAS SET OR TIED.
MM INDICATES DATA IS MISSING.
T  INDICATES TRACE AMOUNT.




$$
