000
CDUS45 KTFX 010924
CLIBZN


CLIMATE REPORT
NATIONAL WEATHER SERVICE GREAT FALLS MT
324 AM MDT WED OCT 1 2014


...................................

...THE BOZEMAN/GALLATIN FIELD MT CLIMATE SUMMARY FOR SEPTEMBER 30 2014...

CLIMATE NORMAL PERIOD 1981 TO 2010
CLIMATE RECORD PERIOD 1935 TO 2014


WEATHER ITEM   OBSERVED TIME   RECORD YEAR NORMAL DEPARTURE
                VALUE   (LST)  VALUE       VALUE  FROM
                                                  NORMAL
...............................................................
TEMPERATURE (F)
 YESTERDAY
  MAXIMUM         55    206 PM  90    1963  68    -13
  MINIMUM         40   1115 PM  15    1985  36      4
  AVERAGE         48                        52     -4

PRECIPITATION (IN)
  YESTERDAY        0.08          0.87 1977   0.04   0.04
  MONTH TO DATE    1.30                      1.11   0.19
  SINCE OCT 1     14.66                     13.99   0.67
  SINCE JAN 1     13.61                     11.61   2.00

SNOWFALL (IN)
  YESTERDAY        0.0           5.0  1977   0.0    0.0
  MONTH TO DATE    T                         0.3   -0.3
  SINCE SEP 1      T                         0.3   -0.3
  SINCE JUL 1      T                         0.3   -0.3
  SNOW DEPTH       0

DEGREE DAYS
 HEATING
  YESTERDAY       17                                4
  MONTH TO DATE  305                               66
  SINCE SEP 1    305                               67
  SINCE JUL 1    391                               86

 COOLING
  YESTERDAY        0                                0
  MONTH TO DATE    5                              -17
  SINCE SEP 1      5                              -17
  SINCE JAN 1    187                             -181
...............................................................


WIND (MPH)
  HIGHEST WIND SPEED    17   HIGHEST WIND DIRECTION    NW (300)
  HIGHEST GUST SPEED    22   HIGHEST GUST DIRECTION     W (290)
  AVERAGE WIND SPEED     5.9



WEATHER CONDITIONS
 THE FOLLOWING WEATHER WAS RECORDED YESTERDAY.
  THUNDERSTORM
  LIGHT RAIN


RELATIVE HUMIDITY (PERCENT)
 HIGHEST    93
 LOWEST     61
 AVERAGE    77

..........................................................


THE BOZEMAN/GALLATIN FIELD MT CLIMATE NORMALS FOR TODAY
                         NORMAL    RECORD    YEAR
 MAXIMUM TEMPERATURE (F)   68        89      2011
 MINIMUM TEMPERATURE (F)   35        13      1950


SUNRISE AND SUNSET
OCTOBER  1 2014.......SUNRISE   723 AM MDT   SUNSET   705 PM MDT
OCTOBER  2 2014.......SUNRISE   724 AM MDT   SUNSET   703 PM MDT


-  INDICATES NEGATIVE NUMBERS.
R  INDICATES RECORD WAS SET OR TIED.
MM INDICATES DATA IS MISSING.
T  INDICATES TRACE AMOUNT.




$$
