000
CDUS45 KTFX 012323
CLIBZN


CLIMATE REPORT
NATIONAL WEATHER SERVICE GREAT FALLS MT
423 PM MST SUN MAR 1 2015


...................................

...THE BOZEMAN/GALLATIN FIELD MT CLIMATE SUMMARY FOR MARCH 1 2015...
VALID TODAY AS OF 0400 PM LOCAL TIME.

CLIMATE NORMAL PERIOD 1981 TO 2010
CLIMATE RECORD PERIOD 1935 TO 2015


WEATHER ITEM   OBSERVED TIME   RECORD YEAR NORMAL DEPARTURE LAST
                VALUE   (LST)  VALUE       VALUE  FROM      YEAR
                                                  NORMAL
..................................................................
TEMPERATURE (F)
 TODAY
  MAXIMUM         32    359 PM  62    1992  44    -12        1
  MINIMUM          3    712 AM -17    1943  18    -15       -7
  AVERAGE         18                        31    -13       -3

PRECIPITATION (IN)
  TODAY            0.00          0.56 1979   0.02  -0.02     0.02
  MONTH TO DATE    0.00                      0.02  -0.02     0.02
  SINCE OCT 1      2.30                      3.31  -1.01     2.02
  SINCE JAN 1      0.37                      0.93  -0.56     0.97

SNOWFALL (IN)
  TODAY            0.0           5.5  1979   0.2   -0.2      2.0
  MONTH TO DATE    0.0                       0.2   -0.2      2.0
  SINCE MAR 1      0.0                       0.2   -0.2      2.0
  SINCE JUL 1     30.4                      22.5    7.9     27.0
  SNOW DEPTH       T

DEGREE DAYS
 HEATING
  TODAY           47                        34     13       68
  MONTH TO DATE   47                        34     13       68
  SINCE MAR 1     47                        34     13       68
  SINCE JUL 1   5629                      5614     15     6083

 COOLING
  TODAY            0                         0      0        0
  MONTH TO DATE    0                         0      0        0
  SINCE MAR 1      0                         0      0        0
  SINCE JAN 1      0                         0      0        0
..................................................................


WIND (MPH)
  HIGHEST WIND SPEED     9   HIGHEST WIND DIRECTION     S (170)
  HIGHEST GUST SPEED    11   HIGHEST GUST DIRECTION     S (160)
  AVERAGE WIND SPEED     3.7


SKY COVER
  AVERAGE SKY COVER 0.0


WEATHER CONDITIONS
 THE FOLLOWING WEATHER WAS RECORDED TODAY.
  NO SIGNIFICANT WEATHER WAS OBSERVED.


RELATIVE HUMIDITY (PERCENT)
 HIGHEST    87           300 AM
 LOWEST     28           300 PM
 AVERAGE    58

..........................................................


THE BOZEMAN/GALLATIN FIELD MT CLIMATE NORMALS FOR TOMORROW
                         NORMAL    RECORD    YEAR
 MAXIMUM TEMPERATURE (F)   44        62      1994
 MINIMUM TEMPERATURE (F)   19       -25      1976


SUNRISE AND SUNSET
MARCH  1 2015.........SUNRISE   703 AM MST   SUNSET   611 PM MST
MARCH  2 2015.........SUNRISE   702 AM MST   SUNSET   612 PM MST


-  INDICATES NEGATIVE NUMBERS.
R  INDICATES RECORD WAS SET OR TIED.
MM INDICATES DATA IS MISSING.
T  INDICATES TRACE AMOUNT.




$$
