000
CDUS45 KTFX 240727
CLIBZN


CLIMATE REPORT
NATIONAL WEATHER SERVICE GREAT FALLS MT
126 AM MDT SUN SEP 24 2017


...................................

...THE BOZEMAN/GALLATIN FIELD MT CLIMATE SUMMARY FOR SEPTEMBER 23 2017...

CLIMATE NORMAL PERIOD 1981 TO 2010
CLIMATE RECORD PERIOD 1935 TO 2017


WEATHER ITEM   OBSERVED TIME   RECORD YEAR NORMAL DEPARTURE LAST
                VALUE   (LST)  VALUE       VALUE  FROM      YEAR
                                                  NORMAL
..................................................................
TEMPERATURE (F)
 YESTERDAY
  MAXIMUM         50    432 PM  89    1966  71    -21       56
  MINIMUM         36    140 AM  20    2000  38     -2       47
  AVERAGE         43                        55    -12       52

PRECIPITATION (IN)
  YESTERDAY        0.01          0.95 1941   0.04  -0.03     0.02
  MONTH TO DATE    1.58                      0.83   0.75     1.10
  SINCE OCT 1     13.30                     13.71  -0.41    12.74
  SINCE JAN 1      9.97                     11.33  -1.36     9.89

SNOWFALL (IN)
  YESTERDAY        0.0           1.0  1985   0.1   -0.1      0.0
  MONTH TO DATE    T                         0.2   -0.2      0.0
  SINCE SEP 1      T                         0.2   -0.2      0.0
  SINCE JUL 1      T                         0.2   -0.2      0.0
  SNOW DEPTH       0

DEGREE DAYS
 HEATING
  YESTERDAY       22                        11     11       13
  MONTH TO DATE  212                       155     57      243
  SINCE SEP 1    212                       155     57      243
  SINCE JUL 1    223                       222      1      352

 COOLING
  YESTERDAY        0                         0      0        0
  MONTH TO DATE   27                        20      7       10
  SINCE SEP 1     27                        20      7       10
  SINCE JAN 1    327                       366    -39      232
..................................................................


WIND (MPH)
  HIGHEST WIND SPEED     8   HIGHEST WIND DIRECTION     S (180)
  HIGHEST GUST SPEED     9   HIGHEST GUST DIRECTION     S (180)
  AVERAGE WIND SPEED     3.5


SKY COVER
  AVERAGE SKY COVER 0.9


WEATHER CONDITIONS
 THE FOLLOWING WEATHER WAS RECORDED YESTERDAY.
  FOG


RELATIVE HUMIDITY (PERCENT)
 HIGHEST   100
 LOWEST     56
 AVERAGE    78

..........................................................


THE BOZEMAN/GALLATIN FIELD MT CLIMATE NORMALS FOR TODAY
                         NORMAL    RECORD    YEAR
 MAXIMUM TEMPERATURE (F)   71        91      2009
 MINIMUM TEMPERATURE (F)   38        16      2000


SUNRISE AND SUNSET
SEPTEMBER 24 2017.....SUNRISE   714 AM MDT   SUNSET   718 PM MDT
SEPTEMBER 25 2017.....SUNRISE   716 AM MDT   SUNSET   716 PM MDT


-  INDICATES NEGATIVE NUMBERS.
R  INDICATES RECORD WAS SET OR TIED.
MM INDICATES DATA IS MISSING.
T  INDICATES TRACE AMOUNT.




$$
