000
CDUS42 KCAE 040533
CLICAE


CLIMATE REPORT
NATIONAL WEATHER SERVICE COLUMBIA SC
133 AM EDT FRI SEP 4 2015


...................................

...THE COLUMBIA METRO AIRPORT SC CLIMATE SUMMARY FOR SEPTEMBER 3 2015...

CLIMATE NORMAL PERIOD 1981 TO 2010
CLIMATE RECORD PERIOD 1887 TO 2015


WEATHER ITEM   OBSERVED TIME   RECORD YEAR NORMAL DEPARTURE LAST
                VALUE   (LST)  VALUE       VALUE  FROM      YEAR
                                                  NORMAL
..................................................................
TEMPERATURE (F)
 YESTERDAY
  MAXIMUM         92    107 PM 101    1925  88      4       95
  MINIMUM         74    644 AM  48    1967  68      6       71
  AVERAGE         83                        78      5       83

PRECIPITATION (IN)
  YESTERDAY        0.00          5.17 1998   0.13  -0.13     0.00
  MONTH TO DATE    0.00                      0.39  -0.39     0.21
  SINCE SEP 1      0.00                      0.39  -0.39     0.21
  SINCE JAN 1     31.05                     32.31  -1.26    28.29

SNOWFALL (IN)
  YESTERDAY        0.0          MM      MM   0.0             0.0
  MONTH TO DATE    0.0                       0.0             0.0
  SINCE SEP 1      0.0                       0.0             0.0
  SINCE JUL 1      0.0                       0.0             0.0

DEGREE DAYS
 HEATING
  YESTERDAY        0                         0      0        0
  MONTH TO DATE    0                         0      0        0
  SINCE SEP 1      0                         0      0        0
  SINCE JUL 1      0                         0      0        0

 COOLING
  YESTERDAY       18                        13      5       18
  MONTH TO DATE   52                        41     11       61
  SINCE SEP 1     52                        41     11       61
  SINCE JAN 1   2200                      1809    391     2095
..................................................................


WIND (MPH)
  HIGHEST WIND SPEED    13   HIGHEST WIND DIRECTION    SW (240)
  HIGHEST GUST SPEED    16   HIGHEST GUST DIRECTION    SW (230)
  AVERAGE WIND SPEED     4.3


SKY COVER
  AVERAGE SKY COVER 0.6


WEATHER CONDITIONS
 THE FOLLOWING WEATHER WAS RECORDED YESTERDAY.
  NO SIGNIFICANT WEATHER WAS OBSERVED.


RELATIVE HUMIDITY (PERCENT)
 HIGHEST    87           200 AM
 LOWEST     50           100 PM
 AVERAGE    69

..........................................................


THE COLUMBIA METRO AIRPORT SC CLIMATE NORMALS FOR TODAY
                         NORMAL    RECORD    YEAR
 MAXIMUM TEMPERATURE (F)   88       106      1925
 MINIMUM TEMPERATURE (F)   68        54      1997


SUNRISE AND SUNSET
SEPTEMBER  4 2015.....SUNRISE   700 AM EDT   SUNSET   746 PM EDT
SEPTEMBER  5 2015.....SUNRISE   701 AM EDT   SUNSET   745 PM EDT


-  INDICATES NEGATIVE NUMBERS.
R  INDICATES RECORD WAS SET OR TIED.
MM INDICATES DATA IS MISSING.
T  INDICATES TRACE AMOUNT.




$$
