000
CDUS42 KCAE 250613
CLICAE


CLIMATE REPORT
NATIONAL WEATHER SERVICE COLUMBIA SC
213 AM EDT SUN SEP 25 2016


...................................

...THE COLUMBIA METRO AIRPORT SC CLIMATE SUMMARY FOR SEPTEMBER 24 2016...

CLIMATE NORMAL PERIOD 1981 TO 2010
CLIMATE RECORD PERIOD 1887 TO 2016


WEATHER ITEM   OBSERVED TIME   RECORD YEAR NORMAL DEPARTURE LAST
                VALUE   (LST)  VALUE       VALUE  FROM      YEAR
                                                  NORMAL
..................................................................
TEMPERATURE (F)
 YESTERDAY
  MAXIMUM         92    356 PM  97    1931  83      9       74
  MINIMUM         68    611 AM  42    1896  61      7       62
  AVERAGE         80                        72      8       68

PRECIPITATION (IN)
  YESTERDAY        0.00          2.84 2015   0.11  -0.11     2.84
  MONTH TO DATE    6.68                      2.86   3.82     5.53
  SINCE SEP 1      6.68                      2.86   3.82     5.53
  SINCE JAN 1     29.61                     34.78  -5.17    36.58

SNOWFALL (IN)
  YESTERDAY        0.0          MM      MM   0.0             0.0
  MONTH TO DATE    0.0                       0.0             0.0
  SINCE SEP 1      0.0                       0.0             0.0
  SINCE JUL 1      0.0                       0.0             0.0

DEGREE DAYS
 HEATING
  YESTERDAY        0                         1     -1        0
  MONTH TO DATE    0                         1     -1        0
  SINCE SEP 1      0                         1     -1        0
  SINCE JUL 1      0                         1     -1        0

 COOLING
  YESTERDAY       15                         7      8        3
  MONTH TO DATE  359                       260     99      295
  SINCE SEP 1    359                       260     99      295
  SINCE JAN 1   2646                      2028    618     2443
..................................................................


WIND (MPH)
  HIGHEST WIND SPEED     9   HIGHEST WIND DIRECTION     E (90)
  HIGHEST GUST SPEED    11   HIGHEST GUST DIRECTION     E (80)
  AVERAGE WIND SPEED     1.6


SKY COVER
  AVERAGE SKY COVER 0.2


WEATHER CONDITIONS
 THE FOLLOWING WEATHER WAS RECORDED YESTERDAY.
  FOG


RELATIVE HUMIDITY (PERCENT)
 HIGHEST    93           600 AM
 LOWEST     38           500 PM
 AVERAGE    66

..........................................................


THE COLUMBIA METRO AIRPORT SC CLIMATE NORMALS FOR TODAY
                         NORMAL    RECORD    YEAR
 MAXIMUM TEMPERATURE (F)   83        97      1961
 MINIMUM TEMPERATURE (F)   61        43      1990
                                             1887


SUNRISE AND SUNSET
SEPTEMBER 25 2016.....SUNRISE   715 AM EDT   SUNSET   716 PM EDT
SEPTEMBER 26 2016.....SUNRISE   716 AM EDT   SUNSET   715 PM EDT


-  INDICATES NEGATIVE NUMBERS.
R  INDICATES RECORD WAS SET OR TIED.
MM INDICATES DATA IS MISSING.
T  INDICATES TRACE AMOUNT.




$$
