000
CDUS42 KCAE 220716
CLICAE


CLIMATE REPORT
NATIONAL WEATHER SERVICE COLUMBIA SC
215 AM EST WED NOV 22 2017


...................................

...THE COLUMBIA METRO AIRPORT SC CLIMATE SUMMARY FOR NOVEMBER 21 2017...

CLIMATE NORMAL PERIOD 1981 TO 2010
CLIMATE RECORD PERIOD 1887 TO 2017


WEATHER ITEM   OBSERVED TIME   RECORD YEAR NORMAL DEPARTURE LAST
                VALUE   (LST)  VALUE       VALUE  FROM      YEAR
                                                  NORMAL
..................................................................
TEMPERATURE (F)
 YESTERDAY
  MAXIMUM         64    446 PM  81    2011  66     -2       62
                                      1942
  MINIMUM         34    508 AM  19    1951  41     -7       29
  AVERAGE         49                        53     -4       46

PRECIPITATION (IN)
  YESTERDAY        0.12          1.39 2006   0.09   0.03     0.00
  MONTH TO DATE    1.14                      1.86  -0.72     0.85
  SINCE SEP 1      7.26                      8.57  -1.31    12.11
  SINCE JAN 1     44.01                     40.49   3.52    35.04

SNOWFALL (IN)
  YESTERDAY        0.0          MM      MM   0.0             0.0
  MONTH TO DATE    0.0                       0.0             0.0
  SINCE SEP 1      0.0                       0.0             0.0
  SINCE JUL 1      0.0                       0.0             0.0

DEGREE DAYS
 HEATING
  YESTERDAY       16                        12      4       19
  MONTH TO DATE  187                       198    -11      186
  SINCE SEP 1    265                       318    -53      221
  SINCE JUL 1    265                       318    -53      221

 COOLING
  YESTERDAY        0                         0      0        0
  MONTH TO DATE   25                        14     11        4
  SINCE SEP 1    576                       398    178      589
  SINCE JAN 1   2684                      2166    518     2876
..................................................................


WIND (MPH)
  HIGHEST WIND SPEED    10   HIGHEST WIND DIRECTION     W (280)
  HIGHEST GUST SPEED    14   HIGHEST GUST DIRECTION     E (110)
  AVERAGE WIND SPEED     3.1


SKY COVER
  AVERAGE SKY COVER 0.8


WEATHER CONDITIONS
 THE FOLLOWING WEATHER WAS RECORDED YESTERDAY.
  HEAVY RAIN
  RAIN
  LIGHT RAIN
  FOG


RELATIVE HUMIDITY (PERCENT)
 HIGHEST   100           500 AM
 LOWEST     63           300 PM
 AVERAGE    82

..........................................................


THE COLUMBIA METRO AIRPORT SC CLIMATE NORMALS FOR TODAY
                         NORMAL    RECORD    YEAR
 MAXIMUM TEMPERATURE (F)   65        81      1900
 MINIMUM TEMPERATURE (F)   41        19      2008


SUNRISE AND SUNSET
NOVEMBER 22 2017......SUNRISE   704 AM EST   SUNSET   517 PM EST
NOVEMBER 23 2017......SUNRISE   705 AM EST   SUNSET   517 PM EST


-  INDICATES NEGATIVE NUMBERS.
R  INDICATES RECORD WAS SET OR TIED.
MM INDICATES DATA IS MISSING.
T  INDICATES TRACE AMOUNT.




$$
