723
CDUS42 KCAE 290620
CLICAE


CLIMATE REPORT
NATIONAL WEATHER SERVICE COLUMBIA SC
220 AM EDT MON MAY 29 2017


...................................

...THE COLUMBIA METRO AIRPORT SC CLIMATE SUMMARY FOR MAY 28 2017...

CLIMATE NORMAL PERIOD 1981 TO 2010
CLIMATE RECORD PERIOD 1887 TO 2017


WEATHER ITEM   OBSERVED TIME   RECORD YEAR NORMAL DEPARTURE LAST
                VALUE   (LST)  VALUE       VALUE  FROM      YEAR
                                                  NORMAL
..................................................................
TEMPERATURE (F)
 YESTERDAY
  MAXIMUM         93    134 PM  99    1914  87      6       85
  MINIMUM         71    428 AM  41    1961  64      7       60
  AVERAGE         82                        75      7       73

PRECIPITATION (IN)
  YESTERDAY        T             3.28 1950   0.11  -0.11     0.10
  MONTH TO DATE    6.27                      2.64   3.63     2.20
  SINCE MAR 1     14.76                      8.99   5.77     6.88
  SINCE JAN 1     23.40                     16.18   7.22    13.51

SNOWFALL (IN)
  YESTERDAY        0.0          MM      MM   0.0             0.0
  MONTH TO DATE    0.0                       0.0             0.0
  SINCE MAR 1      T                         0.1             0.0
  SINCE JUL 1      0.1                       1.5              T

DEGREE DAYS
 HEATING
  YESTERDAY        0                         0      0        0
  MONTH TO DATE   12                        18     -6        6
  SINCE MAR 1    324                       450   -126      228
  SINCE JUL 1   1665                      2549   -884     1791

 COOLING
  YESTERDAY       17                        10      7        8
  MONTH TO DATE  244                       193     51      212
  SINCE MAR 1    470                       284    186      395
  SINCE JAN 1    488                       288    200      399
..................................................................


WIND (MPH)
  HIGHEST WIND SPEED    31   HIGHEST WIND DIRECTION     W (280)
  HIGHEST GUST SPEED    39   HIGHEST GUST DIRECTION     W (280)
  AVERAGE WIND SPEED     8.0


SKY COVER
  AVERAGE SKY COVER 0.6


WEATHER CONDITIONS
 THE FOLLOWING WEATHER WAS RECORDED YESTERDAY.
  THUNDERSTORM
  LIGHT RAIN


RELATIVE HUMIDITY (PERCENT)
 HIGHEST    87          1100 PM
 LOWEST     44          1200 PM
 AVERAGE    66

..........................................................


THE COLUMBIA METRO AIRPORT SC CLIMATE NORMALS FOR TODAY
                         NORMAL    RECORD    YEAR
 MAXIMUM TEMPERATURE (F)   87        98      1941
                                             1898
 MINIMUM TEMPERATURE (F)   64        49      1968


SUNRISE AND SUNSET
MAY 29 2017...........SUNRISE   615 AM EDT   SUNSET   829 PM EDT
MAY 30 2017...........SUNRISE   615 AM EDT   SUNSET   829 PM EDT


-  INDICATES NEGATIVE NUMBERS.
R  INDICATES RECORD WAS SET OR TIED.
MM INDICATES DATA IS MISSING.
T  INDICATES TRACE AMOUNT.




$$
