000
CDUS45 KABQ 220831
CLICAO


CLIMATE REPORT
NATIONAL WEATHER SERVICE ALBUQUERQUE NM
229 AM MDT FRI AUG 22 2014


...................................

...THE CLAYTON  NM CLIMATE SUMMARY FOR AUGUST 21 2014...

CLIMATE NORMAL PERIOD 1981 TO 2010
CLIMATE RECORD PERIOD 1896 TO 2014


WEATHER ITEM   OBSERVED TIME   RECORD YEAR NORMAL DEPARTURE
                VALUE   (LST)  VALUE       VALUE  FROM
                                                  NORMAL
...............................................................
TEMPERATURE (F)
 YESTERDAY
  MAXIMUM         94    254 PM  99    2007  86      8
  MINIMUM         65    419 AM  48    1920  60      5
  AVERAGE         80                        73      7

PRECIPITATION (IN)
  YESTERDAY        0.00          1.15 1971   0.09  -0.09
  MONTH TO DATE    0.61                      2.17  -1.56
  SINCE JUN 1      5.35                      6.96  -1.61
  SINCE JAN 1      7.12                     11.43  -4.31

SNOWFALL (IN)
  YESTERDAY        0.0
  MONTH TO DATE    0.0
  SINCE JUN 1      0.0
  SINCE JUL 1      0.0

DEGREE DAYS
 HEATING
  YESTERDAY        0                         0      0
  MONTH TO DATE    0                         0      0
  SINCE JUN 1     14                        25    -11
  SINCE JUL 1      0                         2     -2

 COOLING
  YESTERDAY       15                         8      7
  MONTH TO DATE  225                       185     40
  SINCE JUN 1    806                       671    135
  SINCE JAN 1    901                       722    179
...............................................................


WIND (MPH)
  HIGHEST WIND SPEED    23   HIGHEST WIND DIRECTION    SE (150)
  HIGHEST GUST SPEED    26   HIGHEST GUST DIRECTION    SE (150)
  AVERAGE WIND SPEED     9.1


SKY COVER
  AVERAGE SKY COVER 0.1


WEATHER CONDITIONS
 THE FOLLOWING WEATHER WAS RECORDED YESTERDAY.
  NO SIGNIFICANT WEATHER WAS OBSERVED.


RELATIVE HUMIDITY (PERCENT)
 HIGHEST    68           200 AM
 LOWEST     21           400 PM
 AVERAGE    45

..........................................................


THE CLAYTON  NM CLIMATE NORMALS FOR TODAY
                         NORMAL    RECORD    YEAR
 MAXIMUM TEMPERATURE (F)   86        99      1910
 MINIMUM TEMPERATURE (F)   60        45      1920


SUNRISE AND SUNSET
AUGUST 22 2014........SUNRISE   616 AM MDT   SUNSET   734 PM MDT
AUGUST 23 2014........SUNRISE   617 AM MDT   SUNSET   733 PM MDT


-  INDICATES NEGATIVE NUMBERS.
R  INDICATES RECORD WAS SET OR TIED.
MM INDICATES DATA IS MISSING.
T  INDICATES TRACE AMOUNT.

$$
