000
CDUS45 KABQ 180833
CLICAO


CLIMATE REPORT
NATIONAL WEATHER SERVICE ALBUQUERQUE NM
231 AM MDT THU SEP 18 2014


...................................

...THE CLAYTON  NM CLIMATE SUMMARY FOR SEPTEMBER 17 2014...

CLIMATE NORMAL PERIOD 1981 TO 2010
CLIMATE RECORD PERIOD 1896 TO 2014


WEATHER ITEM   OBSERVED TIME   RECORD YEAR NORMAL DEPARTURE
                VALUE   (LST)  VALUE       VALUE  FROM
                                                  NORMAL
...............................................................
TEMPERATURE (F)
 YESTERDAY
  MAXIMUM         80   1122 AM  95    2000  79      1
  MINIMUM         58   1159 PM  32    1971  52      6
  AVERAGE         69                        65      4

PRECIPITATION (IN)
  YESTERDAY        0.00          2.13 1999   0.05  -0.05
  MONTH TO DATE    2.68                      1.02   1.66
  SINCE SEP 1      2.68                      1.02   1.66
  SINCE JAN 1     11.21                     13.22  -2.01

SNOWFALL (IN)
  YESTERDAY        0.0
  MONTH TO DATE    0.0
  SINCE SEP 1      0.0
  SINCE JUL 1      0.0

DEGREE DAYS
 HEATING
  YESTERDAY        0                         3     -3
  MONTH TO DATE   43                        22     21
  SINCE SEP 1     43                        22     21
  SINCE JUL 1     43                        28     15

 COOLING
  YESTERDAY        4                         3      1
  MONTH TO DATE   67                        79    -12
  SINCE SEP 1     67                        79    -12
  SINCE JAN 1   1071                       876    195
...............................................................


WIND (MPH)
  HIGHEST WIND SPEED    17   HIGHEST WIND DIRECTION     S (200)
  HIGHEST GUST SPEED    20   HIGHEST GUST DIRECTION    SW (220)
  AVERAGE WIND SPEED     9.8


SKY COVER
  AVERAGE SKY COVER 0.0


WEATHER CONDITIONS
 THE FOLLOWING WEATHER WAS RECORDED YESTERDAY.
  NO SIGNIFICANT WEATHER WAS OBSERVED.


RELATIVE HUMIDITY (PERCENT)
 HIGHEST    84          1200 AM
 LOWEST     45          1100 AM
 AVERAGE    65

..........................................................


THE CLAYTON  NM CLIMATE NORMALS FOR TODAY
                         NORMAL    RECORD    YEAR
 MAXIMUM TEMPERATURE (F)   79        94      1997
 MINIMUM TEMPERATURE (F)   51        32      1971


SUNRISE AND SUNSET
SEPTEMBER 18 2014.....SUNRISE   637 AM MDT   SUNSET   655 PM MDT
SEPTEMBER 19 2014.....SUNRISE   638 AM MDT   SUNSET   654 PM MDT


-  INDICATES NEGATIVE NUMBERS.
R  INDICATES RECORD WAS SET OR TIED.
MM INDICATES DATA IS MISSING.
T  INDICATES TRACE AMOUNT.




$$
