000
CDUS45 KABQ 190830
CLICAO


CLIMATE REPORT
NATIONAL WEATHER SERVICE ALBUQUERQUE NM
128 AM MST SUN FEB 19 2017


...................................

...THE CLAYTON  NM CLIMATE SUMMARY FOR FEBRUARY 18 2017...

CLIMATE NORMAL PERIOD 1981 TO 2010
CLIMATE RECORD PERIOD 1896 TO 2017


WEATHER ITEM   OBSERVED TIME   RECORD YEAR NORMAL DEPARTURE
                VALUE   (LST)  VALUE       VALUE  FROM
                                                  NORMAL
...............................................................
TEMPERATURE (F)
 YESTERDAY
  MAXIMUM         67    234 PM  82    2016  52     15
  MINIMUM         32    417 AM  -7    1942  24      8
  AVERAGE         50                        38     12

PRECIPITATION (IN)
  YESTERDAY        0.00          0.21 1998   0.02  -0.02
                                      1955
  MONTH TO DATE    0.25                      0.20   0.05
  SINCE DEC 1      1.59                      0.84   0.75
  SINCE JAN 1      1.38                      0.48   0.90

SNOWFALL (IN)
  YESTERDAY        0.0
  MONTH TO DATE    1.0
  SINCE DEC 1     11.4
  SINCE JUL 1     11.4

DEGREE DAYS
 HEATING
  YESTERDAY       15                        27    -12
  MONTH TO DATE  342                       511   -169
  SINCE DEC 1   2156                      2365   -209
  SINCE JUL 1   2824                      3417   -593

 COOLING
  YESTERDAY        0                         0      0
  MONTH TO DATE    2                         0      2
  SINCE DEC 1      2                         0      2
  SINCE JAN 1      2                         0      2
...............................................................


WIND (MPH)
  HIGHEST WIND SPEED    21   HIGHEST WIND DIRECTION     S (160)
  HIGHEST GUST SPEED    34   HIGHEST GUST DIRECTION     S (160)
  AVERAGE WIND SPEED     9.5


SKY COVER
  AVERAGE SKY COVER 0.0


WEATHER CONDITIONS
 THE FOLLOWING WEATHER WAS RECORDED YESTERDAY.
  NO SIGNIFICANT WEATHER WAS OBSERVED.


RELATIVE HUMIDITY (PERCENT)
 HIGHEST    70          1000 PM
 LOWEST     18           100 PM
 AVERAGE    44

..........................................................


THE CLAYTON  NM CLIMATE NORMALS FOR TODAY
                         NORMAL    RECORD    YEAR
 MAXIMUM TEMPERATURE (F)   52        78      1898
 MINIMUM TEMPERATURE (F)   24         3      1955
                                             1929


SUNRISE AND SUNSET
FEBRUARY 19 2017......SUNRISE   635 AM MST   SUNSET   538 PM MST
FEBRUARY 20 2017......SUNRISE   634 AM MST   SUNSET   539 PM MST


-  INDICATES NEGATIVE NUMBERS.
R  INDICATES RECORD WAS SET OR TIED.
MM INDICATES DATA IS MISSING.
T  INDICATES TRACE AMOUNT.

$$
