000
CDUS45 KABQ 250843
CLICAO


CLIMATE REPORT
NATIONAL WEATHER SERVICE ALBUQUERQUE NM
127 AM MST SUN FEB 25 2018


...................................

...THE CLAYTON  NM CLIMATE SUMMARY FOR FEBRUARY 24 2018...

CLIMATE NORMAL PERIOD 1981 TO 2010
CLIMATE RECORD PERIOD 1896 TO 2018


WEATHER ITEM   OBSERVED TIME   RECORD YEAR NORMAL DEPARTURE
                VALUE   (LST)  VALUE       VALUE  FROM
                                                  NORMAL
...............................................................
TEMPERATURE (F)
 YESTERDAY
  MAXIMUM         49    302 PM  74    1986  53     -4
  MINIMUM         24    520 AM   1    2003  25     -1
  AVERAGE         37                        39     -2

PRECIPITATION (IN)
  YESTERDAY        0.00          0.30 1951   0.02  -0.02
  MONTH TO DATE    0.03                      0.28  -0.25
  SINCE DEC 1      0.03                      0.92  -0.89
  SINCE JAN 1      0.03                      0.56  -0.53

SNOWFALL (IN)
  YESTERDAY        0.0
  MONTH TO DATE    0.3
  SINCE DEC 1      0.3
  SINCE JUL 1      0.8

DEGREE DAYS
 HEATING
  YESTERDAY       28                        26      2
  MONTH TO DATE  688                       670     18
  SINCE DEC 1   2398                      2524   -126
  SINCE JUL 1   3283                      3576   -293

 COOLING
  YESTERDAY        0                         0      0
  MONTH TO DATE    0                         0      0
  SINCE DEC 1      0                         0      0
  SINCE JAN 1      0                         0      0
...............................................................


WIND (MPH)
  HIGHEST WIND SPEED    33   HIGHEST WIND DIRECTION    NW (300)
  HIGHEST GUST SPEED    41   HIGHEST GUST DIRECTION    NW (300)
  AVERAGE WIND SPEED    13.6


SKY COVER
  AVERAGE SKY COVER 0.4


WEATHER CONDITIONS
 THE FOLLOWING WEATHER WAS RECORDED YESTERDAY.
  FOG
  FOG W/VISIBILITY <= 1/4 MILE


RELATIVE HUMIDITY (PERCENT)
 HIGHEST   100          1200 AM
 LOWEST      6          1200 PM
 AVERAGE    53

..........................................................


THE CLAYTON  NM CLIMATE NORMALS FOR TODAY
                         NORMAL    RECORD    YEAR
 MAXIMUM TEMPERATURE (F)   53        78      1989
 MINIMUM TEMPERATURE (F)   26         0      1960


SUNRISE AND SUNSET
FEBRUARY 25 2018......SUNRISE   628 AM MST   SUNSET   543 PM MST
FEBRUARY 26 2018......SUNRISE   627 AM MST   SUNSET   544 PM MST


-  INDICATES NEGATIVE NUMBERS.
R  INDICATES RECORD WAS SET OR TIED.
MM INDICATES DATA IS MISSING.
T  INDICATES TRACE AMOUNT.




$$
