000
CDUS45 KABQ 280832
CLICAO


CLIMATE REPORT
NATIONAL WEATHER SERVICE ALBUQUERQUE NM
228 AM MDT FRI JUL 28 2017


...................................

...THE CLAYTON  NM CLIMATE SUMMARY FOR JULY 27 2017...

CLIMATE NORMAL PERIOD 1981 TO 2010
CLIMATE RECORD PERIOD 1896 TO 2017


WEATHER ITEM   OBSERVED TIME   RECORD YEAR NORMAL DEPARTURE
                VALUE   (LST)  VALUE       VALUE  FROM
                                                  NORMAL
...............................................................
TEMPERATURE (F)
 YESTERDAY
  MAXIMUM         80    410 PM  99    2011  88     -8
                                      1946
                                      1910
  MINIMUM         63    717 AM  49    2005  61      2
  AVERAGE         72                        75     -3

PRECIPITATION (IN)
  YESTERDAY        1.58R         0.68 1982   0.10   1.48
  MONTH TO DATE    1.95                      2.27  -0.32
  SINCE JUN 1      2.64                      4.40  -1.76
  SINCE JAN 1     10.39                      8.87   1.52

SNOWFALL (IN)
  YESTERDAY        0.0
  MONTH TO DATE    0.0
  SINCE JUN 1      0.0
  SINCE JUL 1      0.0

DEGREE DAYS
 HEATING
  YESTERDAY        0                         0      0
  MONTH TO DATE    0                         0      0
  SINCE JUN 1      2                        23    -21
  SINCE JUL 1      0                         0      0

 COOLING
  YESTERDAY        7                        10     -3
  MONTH TO DATE  315                       266     49
  SINCE JUN 1    513                       449     64
  SINCE JAN 1    545                       500     45
...............................................................


WIND (MPH)
  HIGHEST WIND SPEED    18   HIGHEST WIND DIRECTION     E (80)
  HIGHEST GUST SPEED    23   HIGHEST GUST DIRECTION     N (10)
  AVERAGE WIND SPEED     7.7


SKY COVER
  AVERAGE SKY COVER 0.6


WEATHER CONDITIONS
 THE FOLLOWING WEATHER WAS RECORDED YESTERDAY.
  THUNDERSTORM
  HEAVY RAIN
  RAIN
  LIGHT RAIN
  FOG


RELATIVE HUMIDITY (PERCENT)
 HIGHEST   100           200 AM
 LOWEST     58           400 PM
 AVERAGE    79

..........................................................


THE CLAYTON  NM CLIMATE NORMALS FOR TODAY
                         NORMAL    RECORD    YEAR
 MAXIMUM TEMPERATURE (F)   88       100      1898
 MINIMUM TEMPERATURE (F)   61        54      1959


SUNRISE AND SUNSET
JULY 28 2017..........SUNRISE   556 AM MDT   SUNSET   802 PM MDT
JULY 29 2017..........SUNRISE   557 AM MDT   SUNSET   801 PM MDT


-  INDICATES NEGATIVE NUMBERS.
R  INDICATES RECORD WAS SET OR TIED.
MM INDICATES DATA IS MISSING.
T  INDICATES TRACE AMOUNT.




$$
