000
CDUS45 KABQ 280835
CLICAO


CLIMATE REPORT
NATIONAL WEATHER SERVICE ALBUQUERQUE NM
234 AM MDT SUN MAY 28 2017


...................................

...THE CLAYTON  NM CLIMATE SUMMARY FOR MAY 27 2017...

CLIMATE NORMAL PERIOD 1981 TO 2010
CLIMATE RECORD PERIOD 1896 TO 2017


WEATHER ITEM   OBSERVED TIME   RECORD YEAR NORMAL DEPARTURE
                VALUE   (LST)  VALUE       VALUE  FROM
                                                  NORMAL
...............................................................
TEMPERATURE (F)
 YESTERDAY
  MAXIMUM         73    324 PM  99    1896  79     -6
  MINIMUM         49   1159 PM  32    1917  51     -2
  AVERAGE         61                        65     -4

PRECIPITATION (IN)
  YESTERDAY        0.00          1.32 1926   0.08  -0.08
  MONTH TO DATE    2.07                      1.62   0.45
  SINCE MAR 1      6.20                      3.51   2.69
  SINCE JAN 1      7.58                      4.13   3.45

SNOWFALL (IN)
  YESTERDAY        0.0
  MONTH TO DATE    0.0
  SINCE MAR 1     13.9
  SINCE JUL 1     25.3

DEGREE DAYS
 HEATING
  YESTERDAY        4                         3      1
  MONTH TO DATE  198                       145     53
  SINCE MAR 1    977                      1174   -197
  SINCE JUL 1   3997                      4851   -854

 COOLING
  YESTERDAY        0                         2     -2
  MONTH TO DATE   12                        35    -23
  SINCE MAR 1     30                        41    -11
  SINCE JAN 1     32                        41     -9
...............................................................


WIND (MPH)
  HIGHEST WIND SPEED    37   HIGHEST WIND DIRECTION     N (350)
  HIGHEST GUST SPEED    46   HIGHEST GUST DIRECTION     N (340)
  AVERAGE WIND SPEED    18.4


SKY COVER
  AVERAGE SKY COVER 0.2


WEATHER CONDITIONS
 THE FOLLOWING WEATHER WAS RECORDED YESTERDAY.
  THUNDERSTORM


RELATIVE HUMIDITY (PERCENT)
 HIGHEST    86           800 PM
 LOWEST     30           200 AM
 AVERAGE    58

..........................................................


THE CLAYTON  NM CLIMATE NORMALS FOR TODAY
                         NORMAL    RECORD    YEAR
 MAXIMUM TEMPERATURE (F)   79        95      1974
                                             1938
                                             1934
 MINIMUM TEMPERATURE (F)   51        34      1947


SUNRISE AND SUNSET
MAY 28 2017...........SUNRISE   537 AM MDT   SUNSET   803 PM MDT
MAY 29 2017...........SUNRISE   537 AM MDT   SUNSET   803 PM MDT


-  INDICATES NEGATIVE NUMBERS.
R  INDICATES RECORD WAS SET OR TIED.
MM INDICATES DATA IS MISSING.
T  INDICATES TRACE AMOUNT.




$$
