000
CDUS45 KABQ 211132
CLICAO


CLIMATE REPORT
NATIONAL WEATHER SERVICE ALBUQUERQUE NM
532 AM MDT TUE OCT 21 2014


...................................

...THE CLAYTON  NM CLIMATE SUMMARY FOR OCTOBER 20 2014...

CLIMATE NORMAL PERIOD 1981 TO 2010
CLIMATE RECORD PERIOD 1896 TO 2014


WEATHER ITEM   OBSERVED TIME   RECORD YEAR NORMAL DEPARTURE
                VALUE   (LST)  VALUE       VALUE  FROM
                                                  NORMAL
...............................................................
TEMPERATURE (F)
 YESTERDAY
  MAXIMUM         72    312 PM  89    2007  67      5
  MINIMUM         47    607 AM  20    1916  40      7
  AVERAGE         60                        54      6

PRECIPITATION (IN)
  YESTERDAY        0.00          1.68 1986   0.04  -0.04
  MONTH TO DATE    0.66                      0.77  -0.11
  SINCE SEP 1      3.79                      2.44   1.35
  SINCE JAN 1     12.32                     14.64  -2.32

SNOWFALL (IN)
  YESTERDAY        0.0
  MONTH TO DATE    0.0
  SINCE SEP 1      0.0
  SINCE JUL 1      0.0

DEGREE DAYS
 HEATING
  YESTERDAY        5                        12     -7
  MONTH TO DATE  130                       180    -50
  SINCE SEP 1    177                       258    -81
  SINCE JUL 1    177                       264    -87

 COOLING
  YESTERDAY        0                         0      0
  MONTH TO DATE    5                         6     -1
  SINCE SEP 1    116                       108      8
  SINCE JAN 1   1120                       905    215
...............................................................


WIND (MPH)
  HIGHEST WIND SPEED    15   HIGHEST WIND DIRECTION    NE (50)
  HIGHEST GUST SPEED    19   HIGHEST GUST DIRECTION    NE (50)
  AVERAGE WIND SPEED     7.5


SKY COVER
  AVERAGE SKY COVER 0.0


WEATHER CONDITIONS
 THE FOLLOWING WEATHER WAS RECORDED YESTERDAY.
  NO SIGNIFICANT WEATHER WAS OBSERVED.


RELATIVE HUMIDITY (PERCENT)
 HIGHEST    80           300 AM
 LOWEST     35           100 PM
 AVERAGE    58

..........................................................


THE CLAYTON  NM CLIMATE NORMALS FOR TODAY
                         NORMAL    RECORD    YEAR
 MAXIMUM TEMPERATURE (F)   67        89      1921
 MINIMUM TEMPERATURE (F)   40        24      1996


SUNRISE AND SUNSET
OCTOBER 21 2014.......SUNRISE   705 AM MDT   SUNSET   609 PM MDT
OCTOBER 22 2014.......SUNRISE   706 AM MDT   SUNSET   607 PM MDT


-  INDICATES NEGATIVE NUMBERS.
R  INDICATES RECORD WAS SET OR TIED.
MM INDICATES DATA IS MISSING.
T  INDICATES TRACE AMOUNT.




$$
