000
CDUS45 KABQ 260828
CLICAO


CLIMATE REPORT
NATIONAL WEATHER SERVICE ALBUQUERQUE NM
227 AM MDT TUE JUL 26 2016


...................................

...THE CLAYTON  NM CLIMATE SUMMARY FOR JULY 25 2016...

CLIMATE NORMAL PERIOD 1981 TO 2010
CLIMATE RECORD PERIOD 1896 TO 2016


WEATHER ITEM   OBSERVED TIME   RECORD YEAR NORMAL DEPARTURE
                VALUE   (LST)  VALUE       VALUE  FROM
                                                  NORMAL
...............................................................
TEMPERATURE (F)
 YESTERDAY
  MAXIMUM         89    312 PM 102    2014  88      1
  MINIMUM         61    506 AM  48    1928  61      0
  AVERAGE         75                        75      0

PRECIPITATION (IN)
  YESTERDAY        0.13          1.17 1926   0.10   0.03
  MONTH TO DATE    1.14                      2.08  -0.94
  SINCE JUN 1      5.15                      4.21   0.94
  SINCE JAN 1      8.79                      8.68   0.11

SNOWFALL (IN)
  YESTERDAY        0.0
  MONTH TO DATE    0.0
  SINCE JUN 1      0.0
  SINCE JUL 1      0.0

DEGREE DAYS
 HEATING
  YESTERDAY        0                         0      0
  MONTH TO DATE    0                         0      0
  SINCE JUN 1      7                        23    -16
  SINCE JUL 1      0                         0      0

 COOLING
  YESTERDAY       10                        10      0
  MONTH TO DATE  373                       246    127
  SINCE JUN 1    634                       429    205
  SINCE JAN 1    653                       480    173
...............................................................


WIND (MPH)
  HIGHEST WIND SPEED    24   HIGHEST WIND DIRECTION     W (260)
  HIGHEST GUST SPEED    32   HIGHEST GUST DIRECTION     W (260)
  AVERAGE WIND SPEED     9.7


SKY COVER
  AVERAGE SKY COVER 0.2


WEATHER CONDITIONS
 THE FOLLOWING WEATHER WAS RECORDED YESTERDAY.
  THUNDERSTORM
  LIGHT RAIN
  FOG


RELATIVE HUMIDITY (PERCENT)
 HIGHEST   100           400 AM
 LOWEST     39          1200 PM
 AVERAGE    70

..........................................................


THE CLAYTON  NM CLIMATE NORMALS FOR TODAY
                         NORMAL    RECORD    YEAR
 MAXIMUM TEMPERATURE (F)   88       101      2014
 MINIMUM TEMPERATURE (F)   61        51      1938
                                             1926
                                             1913


SUNRISE AND SUNSET
JULY 26 2016..........SUNRISE   555 AM MDT   SUNSET   803 PM MDT
JULY 27 2016..........SUNRISE   555 AM MDT   SUNSET   802 PM MDT


-  INDICATES NEGATIVE NUMBERS.
R  INDICATES RECORD WAS SET OR TIED.
MM INDICATES DATA IS MISSING.
T  INDICATES TRACE AMOUNT.




$$
