000
CDUS41 KCAR 280530
CLICAR

CLIMATE REPORT
NATIONAL WEATHER SERVICE CARIBOU, ME
127 AM EDT SAT MAY 28 2016


...................................

...THE CARIBOU ME CLIMATE SUMMARY FOR MAY 27 2016...

CLIMATE NORMAL PERIOD 1981 TO 2010
CLIMATE RECORD PERIOD 1939 TO 2016


WEATHER ITEM   OBSERVED TIME   RECORD YEAR NORMAL DEPARTURE LAST
                VALUE   (LST)  VALUE       VALUE  FROM      YEAR
                                                  NORMAL
..................................................................
TEMPERATURE (F)
 YESTERDAY
  MAXIMUM         59    416 PM  92    1978  66     -7       86
  MINIMUM         45    845 AM  30    1969  44      1       61
  AVERAGE         52                        55     -3       74

PRECIPITATION (IN)
  YESTERDAY        0.27          2.08 1961   0.12   0.15     0.30
  MONTH TO DATE    2.63                      2.88  -0.25     2.00
  SINCE MAR 1     10.13                      8.05   2.08     6.00
  SINCE JAN 1     15.60                     12.97   2.63    10.10

SNOWFALL (IN)
  YESTERDAY        0.0           0.0  2002   0.0    0.0      0.0
                                      2001
  MONTH TO DATE    4.8                       0.5    4.3      0.3
  SINCE MAR 1     34.8                      26.2    8.6     33.8
  SINCE JUL 1     94.8                     108.7  -13.9    142.1
  SNOW DEPTH       0

DEGREE DAYS
 HEATING
  YESTERDAY       13                        10      3        0
  MONTH TO DATE  325                       385    -60      292
  SINCE MAR 1   2455                      2430     25     2539
  SINCE JUL 1   8197                      9151   -954     9280

 COOLING
  YESTERDAY        0                         0      0        9
  MONTH TO DATE    7                         0      7       13
  SINCE MAR 1      7                         0      7       13
  SINCE JAN 1      7                         0      7       13
..................................................................


WIND (MPH)
  HIGHEST WIND SPEED    20   HIGHEST WIND DIRECTION     S (180)
  HIGHEST GUST SPEED    27   HIGHEST GUST DIRECTION     S (180)
  AVERAGE WIND SPEED    10.8


SKY COVER
  POSSIBLE SUNSHINE  MM
  AVERAGE SKY COVER 0.9


WEATHER CONDITIONS
 THE FOLLOWING WEATHER WAS RECORDED YESTERDAY.
  RAIN
  LIGHT RAIN
  FOG


RELATIVE HUMIDITY (PERCENT)
 HIGHEST    96          1000 PM
 LOWEST     75           400 PM
 AVERAGE    86

..........................................................


THE CARIBOU ME CLIMATE NORMALS FOR TODAY
                         NORMAL    RECORD    YEAR
 MAXIMUM TEMPERATURE (F)   67        89      1978
 MINIMUM TEMPERATURE (F)   44        32      1994


SUNRISE AND SUNSET
MAY 28 2016...........SUNRISE   444 AM EDT   SUNSET   816 PM EDT
MAY 29 2016...........SUNRISE   443 AM EDT   SUNSET   816 PM EDT


-  INDICATES NEGATIVE NUMBERS.
R  INDICATES RECORD WAS SET OR TIED.
MM INDICATES DATA IS MISSING.
T  INDICATES TRACE AMOUNT.

THE CARIBOU ME 4-INCH UNDER SOD SOIL TEMP:
MAXIMUM SOIL TEMPERATURE: 63F
MINIMUM SOIL TEMPERATURE: 57F


$$
