000
CDUS41 KCAR 200556
CLICAR


CLIMATE REPORT
NATIONAL WEATHER SERVICE CARIBOU, ME
1251 AM EST SAT JAN 20 2018


...................................

...THE CARIBOU ME CLIMATE SUMMARY FOR JANUARY 19 2018...

CLIMATE NORMAL PERIOD 1981 TO 2010
CLIMATE RECORD PERIOD 1939 TO 2018


WEATHER ITEM   OBSERVED TIME   RECORD YEAR NORMAL DEPARTURE LAST
                VALUE   (LST)  VALUE       VALUE  FROM      YEAR
                                                  NORMAL
..................................................................
TEMPERATURE (F)
 YESTERDAY
  MAXIMUM         25   1159 PM  51    1996  19      6       30
  MINIMUM         12    857 AM -32    1997   0     12       18
  AVERAGE         19                         9     10       24

PRECIPITATION (IN)
  YESTERDAY        T             0.83 2004   0.09  -0.09     0.17
  MONTH TO DATE    3.22                      1.68   1.54     1.63
  SINCE DEC 1      7.34                      4.95   2.39     5.83
  SINCE JAN 1      3.22                      1.68   1.54     1.63

SNOWFALL (IN)
  YESTERDAY        0.3          12.8  2004   0.8   -0.5      1.8
  MONTH TO DATE   26.6                      15.4   11.2     12.0
  SINCE DEC 1     60.8                      38.3   22.5     53.2
  SINCE JUL 1     64.7                      50.5   14.2     73.4
  SNOW DEPTH      17

DEGREE DAYS
 HEATING
  YESTERDAY       46                        56    -10       41
  MONTH TO DATE 1027                      1037    -10      962
  SINCE DEC 1   2621                      2486    135     2455
  SINCE JUL 1   4325                      4631   -306     4142

 COOLING
  YESTERDAY        0                         0      0        0
  MONTH TO DATE    0                         0      0        0
  SINCE DEC 1      0                         0      0        0
  SINCE JAN 1      0                         0      0        0
..................................................................


WIND (MPH)
  HIGHEST WIND SPEED    10   HIGHEST WIND DIRECTION     N (340)
  HIGHEST GUST SPEED    13   HIGHEST GUST DIRECTION    NW (330)
  AVERAGE WIND SPEED     4.1


SKY COVER
  POSSIBLE SUNSHINE  MM
  AVERAGE SKY COVER 1.0


WEATHER CONDITIONS
 THE FOLLOWING WEATHER WAS RECORDED YESTERDAY.
  LIGHT SNOW
  FOG


RELATIVE HUMIDITY (PERCENT)
 HIGHEST    88          1200 AM
 LOWEST     73           200 PM
 AVERAGE    81

..........................................................


THE CARIBOU ME CLIMATE NORMALS FOR TODAY
                         NORMAL    RECORD    YEAR
 MAXIMUM TEMPERATURE (F)   19        50      1996
 MINIMUM TEMPERATURE (F)    0       -28      1994


SUNRISE AND SUNSET
JANUARY 20 2018.......SUNRISE   709 AM EST   SUNSET   417 PM EST
JANUARY 21 2018.......SUNRISE   708 AM EST   SUNSET   419 PM EST


-  INDICATES NEGATIVE NUMBERS.
R  INDICATES RECORD WAS SET OR TIED.
MM INDICATES DATA IS MISSING.
T  INDICATES TRACE AMOUNT.




$$
