000
CDUS41 KCAR 050530
CLICAR

CLIMATE REPORT
NATIONAL WEATHER SERVICE CARIBOU, ME
127 AM EDT THU MAY 5 2016


...................................

...THE CARIBOU ME CLIMATE SUMMARY FOR MAY 4 2016...

CLIMATE NORMAL PERIOD 1981 TO 2010
CLIMATE RECORD PERIOD 1939 TO 2016


WEATHER ITEM   OBSERVED TIME   RECORD YEAR NORMAL DEPARTURE LAST
                VALUE   (LST)  VALUE       VALUE  FROM      YEAR
                                                  NORMAL
..................................................................
TEMPERATURE (F)
 YESTERDAY
  MAXIMUM         55    349 PM  85    1999  58     -3       81
                                      1944
  MINIMUM         40    511 AM  25    1986  37      3       45
  AVERAGE         48                        47      1       63

PRECIPITATION (IN)
  YESTERDAY        0.00          1.39 1947   0.09  -0.09     0.00
  MONTH TO DATE    0.23                      0.38  -0.15     0.00
  SINCE MAR 1      7.73                      5.55   2.18     4.00
  SINCE JAN 1     13.20                     10.47   2.73     8.10

SNOWFALL (IN)
  YESTERDAY        0.0           2.9  1966   0.0    0.0      0.0
  MONTH TO DATE    0.0                       0.1   -0.1      0.0
  SINCE MAR 1     30.0                      25.8    4.2     33.5
  SINCE JUL 1     90.0                     108.3  -18.3    141.8
  SNOW DEPTH       0

DEGREE DAYS
 HEATING
  YESTERDAY       17                        18     -1        2
  MONTH TO DATE   77                        74      3       46
  SINCE MAR 1   2207                      2119     88     2293
  SINCE JUL 1   7949                      8840   -891     9034

 COOLING
  YESTERDAY        0                         0      0        0
  MONTH TO DATE    0                         0      0        0
  SINCE MAR 1      0                         0      0        0
  SINCE JAN 1      0                         0      0        0
..................................................................


WIND (MPH)
  HIGHEST WIND SPEED    13   HIGHEST WIND DIRECTION     E (110)
  HIGHEST GUST SPEED    17   HIGHEST GUST DIRECTION     E (100)
  AVERAGE WIND SPEED     4.6


SKY COVER
  POSSIBLE SUNSHINE  MM
  AVERAGE SKY COVER 1.0


WEATHER CONDITIONS
 THE FOLLOWING WEATHER WAS RECORDED YESTERDAY.
  NO SIGNIFICANT WEATHER WAS OBSERVED.


RELATIVE HUMIDITY (PERCENT)
 HIGHEST    86           200 AM
 LOWEST     46           500 PM
 AVERAGE    66

..........................................................


THE CARIBOU ME CLIMATE NORMALS FOR TODAY
                         NORMAL    RECORD    YEAR
 MAXIMUM TEMPERATURE (F)   58        82      1999
 MINIMUM TEMPERATURE (F)   37        25      1958


SUNRISE AND SUNSET
MAY  5 2016...........SUNRISE   510 AM EDT   SUNSET   748 PM EDT
MAY  6 2016...........SUNRISE   509 AM EDT   SUNSET   750 PM EDT


-  INDICATES NEGATIVE NUMBERS.
R  INDICATES RECORD WAS SET OR TIED.
MM INDICATES DATA IS MISSING.
T  INDICATES TRACE AMOUNT.

........................................................
THE CARIBOU ME 4" UNDER SOD SOIL TEMP: MAXIMUM SOIL TEMPERATURE: 46F
                                       MINIMUM SOIL TEMPERATURE: 43F

EXPERIMENTAL BARE SOIL TEMPERATURES: 4 INCH = 54F 6 INCH = 49F


$$
