000
CDUS41 KCAR 180526
CLICAR


CLIMATE REPORT
NATIONAL WEATHER SERVICE CARIBOU, ME
1226 AM EST WED JAN 18 2017


...................................

...THE CARIBOU ME CLIMATE SUMMARY FOR JANUARY 17 2017...

CLIMATE NORMAL PERIOD 1981 TO 2010
CLIMATE RECORD PERIOD 1939 TO 2017


WEATHER ITEM   OBSERVED TIME   RECORD YEAR NORMAL DEPARTURE LAST
                VALUE   (LST)  VALUE       VALUE  FROM      YEAR
                                                  NORMAL
..................................................................
TEMPERATURE (F)
 YESTERDAY
  MAXIMUM         27   1255 AM  47    1959  19      8       27
  MINIMUM          4   1148 PM -33    2009   0      4       10
  AVERAGE         16                        10      6       19

PRECIPITATION (IN)
  YESTERDAY        T             0.77 1995   0.09  -0.09     0.02
  MONTH TO DATE    1.46                      1.51  -0.05     1.27
  SINCE DEC 1      5.66                      4.78   0.88     6.15
  SINCE JAN 1      1.46                      1.51  -0.05     1.27

SNOWFALL (IN)
  YESTERDAY        T            10.9  1994   0.8   -0.8      0.4
  MONTH TO DATE   10.2                      13.8   -3.6      9.5
  SINCE DEC 1     51.4                      36.7   14.7     37.3
  SINCE JUL 1     71.6                      48.9   22.7     41.4
  SNOW DEPTH      20

DEGREE DAYS
 HEATING
  YESTERDAY       49                        56     -7       46
  MONTH TO DATE  866                       925    -59      803
  SINCE DEC 1   2359                      2374    -15     1925
  SINCE JUL 1   4046                      4519   -473     3743

 COOLING
  YESTERDAY        0                         0      0        0
  MONTH TO DATE    0                         0      0        0
  SINCE DEC 1      0                         0      0        0
  SINCE JAN 1      0                         0      0        0
..................................................................


WIND (MPH)
  HIGHEST WIND SPEED    18   HIGHEST WIND DIRECTION    NW (330)
  HIGHEST GUST SPEED    25   HIGHEST GUST DIRECTION     N (360)
  AVERAGE WIND SPEED     7.4


SKY COVER
  POSSIBLE SUNSHINE  MM
  AVERAGE SKY COVER 0.2


WEATHER CONDITIONS
 THE FOLLOWING WEATHER WAS RECORDED YESTERDAY.
  LIGHT SNOW


RELATIVE HUMIDITY (PERCENT)
 HIGHEST    76          1100 PM
 LOWEST     45           300 PM
 AVERAGE    61

..........................................................


THE CARIBOU ME CLIMATE NORMALS FOR TODAY
                         NORMAL    RECORD    YEAR
 MAXIMUM TEMPERATURE (F)   19        49      2006
 MINIMUM TEMPERATURE (F)    0       -30      2009


SUNRISE AND SUNSET
JANUARY 18 2017.......SUNRISE   711 AM EST   SUNSET   415 PM EST
JANUARY 19 2017.......SUNRISE   710 AM EST   SUNSET   416 PM EST


-  INDICATES NEGATIVE NUMBERS.
R  INDICATES RECORD WAS SET OR TIED.
MM INDICATES DATA IS MISSING.
T  INDICATES TRACE AMOUNT.




$$
