000
CDUS41 KCAR 020526
CLICAR


CLIMATE REPORT
NATIONAL WEATHER SERVICE CARIBOU, ME
126 AM EDT SAT AUG 2 2014


...................................

...THE CARIBOU ME CLIMATE SUMMARY FOR AUGUST 1 2014...

CLIMATE NORMAL PERIOD 1981 TO 2010
CLIMATE RECORD PERIOD 1939 TO 2014


WEATHER ITEM   OBSERVED TIME   RECORD YEAR NORMAL DEPARTURE LAST
                VALUE   (LST)  VALUE       VALUE  FROM      YEAR
                                                  NORMAL
..................................................................
TEMPERATURE (F)
 YESTERDAY
  MAXIMUM         78    312 PM  93    1995  76      2       81
  MINIMUM         54    432 AM  41    1961  55     -1       54
  AVERAGE         66                        66      0       68

PRECIPITATION (IN)
  YESTERDAY        0.13          1.41 2011   0.13   0.00     0.00
  MONTH TO DATE    0.13                      0.13   0.00     0.00
  SINCE JUN 1      9.80                      7.69   2.11    13.33
  SINCE JAN 1     27.00                     21.11   5.89    27.35

SNOWFALL (IN)
  YESTERDAY        0.0           0.0  2002   0.0    0.0      0.0
                                      2001
  MONTH TO DATE    0.0                       0.0    0.0      0.0
  SINCE JUN 1      0.0                       0.0    0.0      0.0
  SINCE JUL 1      0.0                       0.0    0.0      0.0
  SNOW DEPTH       0

DEGREE DAYS
 HEATING
  YESTERDAY        0                         2     -2        0
  MONTH TO DATE    0                         2     -2        0
  SINCE JUN 1    113                       225   -112      206
  SINCE JUL 1     24                        60    -36       28

 COOLING
  YESTERDAY        1                         3     -2        3
  MONTH TO DATE    1                         3     -2        3
  SINCE JUN 1    167                       114     53      145
  SINCE JAN 1    170                       119     51      153
..................................................................


WIND (MPH)
  HIGHEST WIND SPEED    15   HIGHEST WIND DIRECTION     W (260)
  HIGHEST GUST SPEED    24   HIGHEST GUST DIRECTION     W (280)
  AVERAGE WIND SPEED     6.0


SKY COVER
  POSSIBLE SUNSHINE  MM
  AVERAGE SKY COVER 0.4


WEATHER CONDITIONS
 THE FOLLOWING WEATHER WAS RECORDED YESTERDAY.
  HEAVY RAIN
  LIGHT RAIN
  FOG
  FOG W/VISIBILITY <= 1/4 MILE


RELATIVE HUMIDITY (PERCENT)
 HIGHEST   100           300 AM
 LOWEST     50           400 PM
 AVERAGE    75

..........................................................


THE CARIBOU ME CLIMATE NORMALS FOR TODAY
                         NORMAL    RECORD    YEAR
 MAXIMUM TEMPERATURE (F)   76        95      1975
 MINIMUM TEMPERATURE (F)   55        40      1961


SUNRISE AND SUNSET
AUGUST  2 2014........SUNRISE   513 AM EDT   SUNSET   803 PM EDT
AUGUST  3 2014........SUNRISE   514 AM EDT   SUNSET   801 PM EDT


-  INDICATES NEGATIVE NUMBERS.
R  INDICATES RECORD WAS SET OR TIED.
MM INDICATES DATA IS MISSING.
T  INDICATES TRACE AMOUNT.




$$
