000
CDAK48 PACD 050010
CLICDB

CLIMATE REPORT
NATIONAL WEATHER SERVICE COLD BAY, AK
410 PM AKDT FRI SEP 4 2015

...................................
...THE COLD BAY AP CLIMATE SUMMARY FOR SEPTEMBER 4 2015...
VALID TODAY AS OF 2:00 PM LOCAL TIME

CLIMATE NORMAL PERIOD  1981 TO  2010
CLIMATE RECORD PERIOD  1942 TO  2015

WEATHER ITEM   OBSERVED TIME    RECORD YEAR NORMAL DEPARTURE LAST
               VALUE    (LST)   VALUE       VALUE  FROM      YEAR
                                                   NORMAL
...................................................................
TEMPERATURE
TODAY
 MAXIMUM            58  0207 PM    62  1985     55       3     59
 MINIMUM            48  0625 AM    36  2006     46       2     52
 AVERAGE            53                          51       2     56

PRECIPITATION
(INCHES)
 TODAY            0.12           0.97  2012   0.15   -0.03   0.14
 MONTH TO DATE    0.77                        0.56    0.21   0.71
 SINCE SEP 1      0.77                        0.56    0.21   0.71
 SINCE JAN 1     18.83                       23.30   -4.47  19.12

SNOWFALL
(INCHES)
 TODAY              MM            0.0  2014    0.0      MM    0.0
 MONTH TO DATE      MM                         0.0      MM    0.0
 SINCE SEP 1       0.0                         0.0     0.0    0.0
 SINCE JUL 1        MM                         0.0      MM    0.0
 SNOW DEPTH (IN)    MM                                          0

DEGREE DAYS
 HEATING
  TODAY             12                          14      -2      9
  MONTH TO DATE     50                          56      -6     50
  SINCE SEP 1       50                          56      -6     50
  SINCE JUL 1      831                         900     -69    592

 COOLING
  TODAY              0                           0       0      0
  MONTH TO DATE      0                           0       0      0
  SINCE SEP 1        0                           0       0      0
  SINCE JAN 1        0                           0       0      0
...................................................................

WIND (MPH)
 HIGHEST WIND SPEED    15     HIGHEST WIND DIRECTION    270
 HIGHEST GUST SPEED    20     HIGHEST GUST DIRECTION    270
 AVERAGE WIND SPEED    MM

WEATHER CONDITIONS
 THE FOLLOWING WEATHER WAS RECORDED TODAY.
  FOG
  RAIN
...................................................................

THE COLD BAY CLIMATE NORMALS FOR TOMORROW
                        NORMAL    RECORD   YEAR
 MAXIMUM TEMPERATURE      55        63     1990
 MINIMUM TEMPERATURE      46        32     1967

SUNRISE AND SUNSET
 SEP 4 2015..........SUNRISE  8:03 AM      SUNSET  9:37 PM
 SEP 5 2015..........SUNRISE  8:05 AM      SUNSET  9:34 PM

-  INDICATES NEGATIVE NUMBERS.
R  INDICATES RECORD HAS BEEN SET OR TIED.
MM INDICATES DATA IS MISSING.
T  INDICATES TRACE OF PRECIPITATION.

&&
-------------------------------------------------------------------

AMOUNT OF DAYLIGHT TODAY  (HOUR:MIN)........13 HOURS 34 MINUTES
LOSS SINCE YESTERDAY  (HOUR:MIN:SEC)........-0:04:25

$$
DAB SEP 15
