000
CDAK48 PACD 271303
CLICDB


CLIMATE REPORT
NATIONAL WEATHER SERVICE ANCHORAGE, AK
503 AM AKDT MON MAR 27 2017


...................................

...THE COLD BAY CLIMATE SUMMARY FOR MARCH 26 2017...

CLIMATE NORMAL PERIOD 1981 TO 2010
CLIMATE RECORD PERIOD 1942 TO 2017


WEATHER ITEM   OBSERVED TIME   RECORD YEAR NORMAL DEPARTURE LAST
                VALUE   (LST)  VALUE       VALUE  FROM      YEAR
                                                  NORMAL
..................................................................
TEMPERATURE (F)
 YESTERDAY
  MAXIMUM         40    407 PM  47    1974  36      4       42
                                      1965
  MINIMUM         24   1152 PM   7    1976  26     -2       33
  AVERAGE         32                        31      1       38

PRECIPITATION (IN)
  YESTERDAY        0.00          0.67 1973   0.08  -0.08     0.02
  MONTH TO DATE    0.01                      2.31  -2.30     0.84
  SINCE MAR 1      0.01                      2.31  -2.30     0.84
  SINCE JAN 1      6.99                      8.45  -1.46     7.32

SNOWFALL (IN)
  YESTERDAY        0.0           6.1  1994   0.4   -0.4     MM
  MONTH TO DATE    T                        11.1  -11.1      0.0
  SINCE MAR 1      T                        11.1  -11.1      0.0
  SINCE JUL 1     36.6                      63.3  -26.7     38.3
  SNOW DEPTH       0

DEGREE DAYS
 HEATING
  YESTERDAY       33                        34     -1       27
  MONTH TO DATE 1012                       909    103      783
  SINCE MAR 1   1012                       909    103      783
  SINCE JUL 1   6572                      7127   -555     5999

 COOLING
  YESTERDAY        0                         0      0        0
  MONTH TO DATE    0                         0      0        0
  SINCE MAR 1      0                         0      0        0
  SINCE JAN 1      0                         0      0        0
..................................................................


WIND (MPH)
  RESULTANT WIND SPEED  12   RESULTANT WIND DIRECTION   E (110)
  HIGHEST WIND SPEED    24   HIGHEST WIND DIRECTION    SE (130)
  HIGHEST GUST SPEED    30   HIGHEST GUST DIRECTION     E (90)
  AVERAGE WIND SPEED    13.9



WEATHER CONDITIONS
 THE FOLLOWING WEATHER WAS RECORDED YESTERDAY.
  NO SIGNIFICANT WEATHER WAS OBSERVED.


RELATIVE HUMIDITY (PERCENT)
 HIGHEST    88
 LOWEST     52
 AVERAGE    70

..........................................................


THE COLD BAY CLIMATE NORMALS FOR TODAY
                         NORMAL    RECORD    YEAR
 MAXIMUM TEMPERATURE (F)   36        51      1948
 MINIMUM TEMPERATURE (F)   26         1      1976


SUNRISE AND SUNSET
MARCH 27 2017.........SUNRISE   834 AM AKDT  SUNSET   919 PM AKDT
MARCH 28 2017.........SUNRISE   831 AM AKDT  SUNSET   921 PM AKDT


-  INDICATES NEGATIVE NUMBERS.
R  INDICATES RECORD WAS SET OR TIED.
MM INDICATES DATA IS MISSING.
T  INDICATES TRACE AMOUNT.




$$
