000
CDAK48 PACD 260934
CLICDB


CLIMATE REPORT
NATIONAL WEATHER SERVICE ANCHORAGE, AK
134 AM AKDT MON JUN 26 2017


...................................

...THE COLD BAY CLIMATE SUMMARY FOR JUNE 25 2017...

CLIMATE NORMAL PERIOD 1981 TO 2010
CLIMATE RECORD PERIOD 1942 TO 2017


WEATHER ITEM   OBSERVED TIME   RECORD YEAR NORMAL DEPARTURE LAST
                VALUE   (LST)  VALUE       VALUE  FROM      YEAR
                                                  NORMAL
..................................................................
TEMPERATURE (F)
 YESTERDAY
  MAXIMUM         51        MM  63    1953  53     -2       52
  MINIMUM         46        MM  38    1984  44      2       46
                                      1959
  AVERAGE         49                        48      1       49

PRECIPITATION (IN)
  YESTERDAY        0.15          0.73 1993   0.08   0.07     0.12
  MONTH TO DATE    1.54                      2.30  -0.76     1.73
  SINCE JUN 1      1.54                      2.30  -0.76     1.73
  SINCE JAN 1     11.51                     16.16  -4.65    14.14

SNOWFALL (IN)
  YESTERDAY        0.0          MM      MM   0.0    0.0     MM
  MONTH TO DATE    0.0                       0.0    0.0      0.0
  SINCE JUN 1      0.0                       0.0    0.0      0.0
  SINCE JUL 1     39.5                      73.1  -33.6     38.3
  SNOW DEPTH       0

DEGREE DAYS
 HEATING
  YESTERDAY       16                        17     -1       16
  MONTH TO DATE  427                       480    -53      372
  SINCE JUN 1    427                       480    -53      372
  SINCE JUL 1   8749                      9476   -727     7784

 COOLING
  YESTERDAY        0                         0      0        0
  MONTH TO DATE    0                         0      0        0
  SINCE JUN 1      0                         0      0        0
  SINCE JAN 1      0                         0      0        0
..................................................................


WIND (MPH)
  RESULTANT WIND SPEED  30   RESULTANT WIND DIRECTION  SE (140)
  HIGHEST WIND SPEED    39   HIGHEST WIND DIRECTION    SE (140)
  HIGHEST GUST SPEED    52   HIGHEST GUST DIRECTION    SE (140)
  AVERAGE WIND SPEED    30.1



WEATHER CONDITIONS
 THE FOLLOWING WEATHER WAS RECORDED YESTERDAY.
  RAIN
  LIGHT RAIN
  FOG


RELATIVE HUMIDITY (PERCENT)
 HIGHEST   100
 LOWEST     93
 AVERAGE    97

..........................................................


THE COLD BAY CLIMATE NORMALS FOR TODAY
                         NORMAL    RECORD    YEAR
 MAXIMUM TEMPERATURE (F)   53        62      2005
 MINIMUM TEMPERATURE (F)   44        34      1964


SUNRISE AND SUNSET
JUNE 26 2017..........SUNRISE   612 AM AKDT  SUNSET  1136 PM AKDT
JUNE 27 2017..........SUNRISE   613 AM AKDT  SUNSET  1135 PM AKDT


-  INDICATES NEGATIVE NUMBERS.
R  INDICATES RECORD WAS SET OR TIED.
MM INDICATES DATA IS MISSING.
T  INDICATES TRACE AMOUNT.




$$
