000
CDAK48 PACD 280004
CLICDB

CLIMATE REPORT
NATIONAL WEATHER SERVICE COLD BAY, AK
404 PM AKDT MON JUL 27 2015

...................................
...THE COLD BAY AP CLIMATE SUMMARY FOR JULY 27 2015...
VALID TODAY AS OF 2:00 PM LOCAL TIME

CLIMATE NORMAL PERIOD  1981 TO  2010
CLIMATE RECORD PERIOD  1942 TO  2015

WEATHER ITEM   OBSERVED TIME    RECORD YEAR NORMAL DEPARTURE LAST
               VALUE    (LST)   VALUE       VALUE  FROM      YEAR
                                                   NORMAL
...................................................................
TEMPERATURE
TODAY
 MAXIMUM            51  0303 PM    69  1969     56      -5     60
 MINIMUM            48  0900 AM    39  1972     47       1     53
 AVERAGE            50                          52      -2     57

PRECIPITATION
(INCHES)
 TODAY            0.21           0.65  2001   0.08    0.13   0.01
 MONTH TO DATE    2.42                        2.11    0.31   2.10
 SINCE JUN 1      3.53                        4.83   -1.30   3.15
 SINCE JAN 1     16.38                       18.69   -2.31  15.13

SNOWFALL
(INCHES)
 TODAY             0.0            0.0  2015    0.0     0.0    0.0
 MONTH TO DATE     0.0                         0.0     0.0    0.0
 SINCE JUN 1       0.0                         0.0     0.0    0.0
 SINCE JUL 1       0.0                         0.0     0.0    0.0
 SNOW DEPTH (IN)     0                                          0

DEGREE DAYS
 HEATING
  TODAY             15                          13       2      8
  MONTH TO DATE    356                         386     -30    250
  SINCE JUN 1      816                         948    -132    695
  SINCE JUL 1      356                         386     -30    250

 COOLING
  TODAY              0                           0       0      0
  MONTH TO DATE      0                           0       0      0
  SINCE JUN 1        0                           0       0      0
  SINCE JAN 1        0                           0       0      0
...................................................................

WIND (MPH)
 HIGHEST WIND SPEED    25     HIGHEST WIND DIRECTION    260
 HIGHEST GUST SPEED    29     HIGHEST GUST DIRECTION    260
 AVERAGE WIND SPEED    MM

WEATHER CONDITIONS
 THE FOLLOWING WEATHER WAS RECORDED TODAY.
  FOG
  RAIN

...................................................................

THE COLD BAY CLIMATE NORMALS FOR TOMORROW
                        NORMAL    RECORD   YEAR
 MAXIMUM TEMPERATURE      56        68     1977
 MINIMUM TEMPERATURE      48        38     1972

SUNRISE AND SUNSET
 JUL 27 2015..........SUNRISE  6:50 AM      SUNSET 11:04 PM
 JUL 28 2015..........SUNRISE  6:52 AM      SUNSET 11:02 PM

-  INDICATES NEGATIVE NUMBERS.
R  INDICATES RECORD HAS BEEN SET OR TIED.
MM INDICATES DATA IS MISSING.
T  INDICATES TRACE OF PRECIPITATION.

&&
-------------------------------------------------------------------

AMOUNT OF DAYLIGHT TODAY  (HOUR:MIN)........16 HOURS 14 MINUTES
LOSS SINCE YESTERDAY (HOUR:MIN:SEC).........-0:03:27

$$
DK JUL 15
