352
CDAK48 PAFC 261258
CLICDB

CLIMATE REPORT
NATIONAL WEATHER SERVICE ANCHORAGE, AK
456 AM AKDT MON SEP 26 2016


...................................

...THE COLD BAY CLIMATE SUMMARY FOR SEPTEMBER 25 2016...

CLIMATE NORMAL PERIOD 1981 TO 2010
CLIMATE RECORD PERIOD 1942 TO 2016


WEATHER ITEM   OBSERVED TIME   RECORD YEAR NORMAL DEPARTURE LAST
                VALUE   (LST)  VALUE       VALUE  FROM      YEAR
                                                  NORMAL
..................................................................
TEMPERATURE (F)
 YESTERDAY
  MAXIMUM         53    148 PM  59    1951  51      2       55
  MINIMUM         38    443 AM  29    2000  41     -3       47
                                      1992
  AVERAGE         46                        46      0       51

PRECIPITATION (IN)
  YESTERDAY        T             1.33 1980   0.16  -0.16     0.01
  MONTH TO DATE    3.50                      3.90  -0.40     3.41
  SINCE SEP 1      3.50                      3.90  -0.40     3.41
  SINCE JAN 1     22.79                     26.64  -3.85    21.29

SNOWFALL (IN)
  YESTERDAY        0.0          MM      MM   0.0    0.0     MM
  MONTH TO DATE    0.0                       0.0    0.0      0.0
  SINCE SEP 1      0.0                       0.0    0.0      0.0
  SINCE JUL 1      0.0                       0.0    0.0      0.0
  SNOW DEPTH       0

DEGREE DAYS
 HEATING
  YESTERDAY       19                        19      0       14
  MONTH TO DATE  309                       408    -99      311
  SINCE SEP 1    309                       408    -99      311
  SINCE JUL 1    780                      1247   -467     1035

 COOLING
  YESTERDAY        0                         0      0        0
  MONTH TO DATE    0                         0      0        0
  SINCE SEP 1      0                         0      0        0
  SINCE JAN 1      0                         0      0        0
..................................................................


WIND (MPH)
  RESULTANT WIND SPEED   7   RESULTANT WIND DIRECTION   W (250)
  HIGHEST WIND SPEED    17   HIGHEST WIND DIRECTION    SW (230)
  HIGHEST GUST SPEED    20   HIGHEST GUST DIRECTION     W (250)
  AVERAGE WIND SPEED     9.3



WEATHER CONDITIONS
 THE FOLLOWING WEATHER WAS RECORDED YESTERDAY.
  LIGHT RAIN


RELATIVE HUMIDITY (PERCENT)
 HIGHEST    92
 LOWEST     63
 AVERAGE    78

..........................................................


THE COLD BAY CLIMATE NORMALS FOR TODAY
                         NORMAL    RECORD    YEAR
 MAXIMUM TEMPERATURE (F)   51        59      1977
 MINIMUM TEMPERATURE (F)   41        28      2008


SUNRISE AND SUNSET
SEPTEMBER 26 2016.....SUNRISE   845 AM AKDT  SUNSET   837 PM AKDT
SEPTEMBER 27 2016.....SUNRISE   847 AM AKDT  SUNSET   835 PM AKDT

CIVIL TWILIGHT
SEPTEMBER 26 2016       START   713 AM AKDT     END   828 PM AKDT
SEPTEMBER 27 2016       START   716 AM AKDT     END   825 PM AKDT



-  INDICATES NEGATIVE NUMBERS.
R  INDICATES RECORD WAS SET OR TIED.
MM INDICATES DATA IS MISSING.
T  INDICATES TRACE AMOUNT.




$$
&&
------------------------------------------------------
AMOUNT OF DAYLIGHT TODAY  (HOUR:MIN)........11:52
GAIN/LOSS SINCE YESTERDAY (HOUR:MIN:SEC)....-0:05:39

$$
