295
CDAK48 PACD 061205
CLICDB

CLIMATE REPORT
NATIONAL WEATHER SERVICE COLD BAY, AK
305 AM AKST SAT FEB 6 2016

...................................
...THE COLD BAY AP CLIMATE SUMMARY FOR FEBRUARY 5 2016...

CLIMATE NORMAL PERIOD  1981 TO  2010
CLIMATE RECORD PERIOD  1942 TO  2016

WEATHER ITEM   OBSERVED TIME    RECORD YEAR NORMAL DEPARTURE LAST
               VALUE    (LST)   VALUE       VALUE  FROM      YEAR
                                                   NORMAL
...................................................................
TEMPERATURE
YESTERDAY
 MAXIMUM            37  0448 PM    46  2014     33       4     45
 MINIMUM            30  1129 PM     2  1968     24       6     25
 AVERAGE            34                          28       6     35

PRECIPITATION
(INCHES)
 YESTERDAY        0.06           0.48  2001   0.11   -0.05   0.00
 MONTH TO DATE    0.40                        0.54   -0.14      T
 SINCE DEC 1     12.16                        8.16    4.00   4.33
 SINCE JAN 1      4.89                        3.70    1.19   1.41

SNOWFALL
(INCHES)
 YESTERDAY           T            2.7  1999    0.5    -0.5    0.0
 MONTH TO DATE     0.3                         2.3    -2.0      T
 SINCE DEC 1      33.7                        29.0     4.7    3.8
 SINCE JUL 1      39.0                        41.6    -2.6    7.7
 SNOW DEPTH (IN)     0                                          0

DEGREE DAYS
 HEATING
  YESTERDAY         31                          37      -6     30
  MONTH TO DATE    155                         185     -30    147
  SINCE DEC 1     2141                        2375    -234   2158
  SINCE JUL 1     4997                        5401    -404   4670

 COOLING
  YESTERDAY          0                           0       0      0
  MONTH TO DATE      0                           0       0      0
  SINCE DEC 1        0                           0       0      0
  SINCE JAN 1        0                           0       0      0
...................................................................

WIND (MPH)
 HIGHEST WIND SPEED    32     HIGHEST WIND DIRECTION    250
 HIGHEST GUST SPEED    39     HIGHEST GUST DIRECTION    240
 AVERAGE WIND SPEED  16.8

WEATHER CONDITIONS
 THE FOLLOWING WEATHER WAS RECORDED YESTERDAY.
  FOG
  RAIN
  SNOW
...................................................................

THE COLD BAY CLIMATE NORMALS FOR TODAY
                           NORMAL    RECORD   YEAR
 MAXIMUM TEMPERATURE (F)     33        46     1957
 MINIMUM TEMPERATURE (F)     24        -5     1991

SUNRISE AND SUNSET
 FEB 6 2016..........SUNRISE  9:34 AM      SUNSET  6:38 PM
 FEB 7 2016..........SUNRISE  9:32 AM      SUNSET  6:40 PM

-  INDICATES NEGATIVE NUMBERS.
R  INDICATES RECORD HAS BEEN SET OR TIED.
MM INDICATES DATA IS MISSING.
T  INDICATES TRACE OF PRECIPITATION.

&&
-------------------------------------------------------------------

AMOUNT OF DAYLIGHT TODAY  (HOUR:MIN)........9 HOURS 4 MINUTES
GAIN SINCE YESTERDAY  (HOUR:MIN:SEC)........+0:04:05

$$
DAB FEB 16
