000
CDUS45 KSLC 141228
CLICDC


CLIMATE REPORT
NATIONAL WEATHER SERVICE SALT LAKE CITY UT
628 AM MDT MON JUL 14 2014


...................................

...THE CEDAR CITY UT CLIMATE SUMMARY FOR JULY 13 2014...

CLIMATE NORMAL PERIOD 1981 TO 2010
CLIMATE RECORD PERIOD 1928 TO 2014


WEATHER ITEM   OBSERVED TIME   RECORD YEAR NORMAL DEPARTURE LAST
                VALUE   (LST)  VALUE       VALUE  FROM      YEAR
                                                  NORMAL
..................................................................
TEMPERATURE (F)
 YESTERDAY
  MAXIMUM         MM        MM 100    2003  90     MM       89
  MINIMUM         59    415 AM  47    1952  56      3       54
  AVERAGE         MM                        73     MM       72

PRECIPITATION (IN)
  YESTERDAY        0.00          0.50 1973   0.03  -0.03     0.00
  MONTH TO DATE    0.19                      0.24  -0.05     0.69
  SINCE OCT 1      5.56                      8.92  -3.36     7.47
  SINCE JAN 1      3.62                      5.81  -2.19     4.76

DEGREE DAYS
 HEATING
  YESTERDAY       MM                         0     MM        0
  MONTH TO DATE    0                         0      0        0
  SINCE JUN 1     27                        76    -49       11
  SINCE JUL 1      0                         0      0        0

 COOLING
  YESTERDAY       MM                         8     MM        7
  MONTH TO DATE  106                        95     11      139
  SINCE JUN 1    206                       188     18      290
  SINCE JAN 1    231                       196     35      292
..................................................................


WIND (MPH)
  RESULTANT WIND SPEED   3   RESULTANT WIND DIRECTION   N (10)
  HIGHEST WIND SPEED    16   HIGHEST WIND DIRECTION     N (360)
  HIGHEST GUST SPEED    23   HIGHEST GUST DIRECTION    NE (40)
  AVERAGE WIND SPEED     4.9



WEATHER CONDITIONS
 THE FOLLOWING WEATHER WAS RECORDED YESTERDAY.
  NO SIGNIFICANT WEATHER WAS OBSERVED.


RELATIVE HUMIDITY (PERCENT)
 HIGHEST    41          1100 PM
 LOWEST     13           600 PM
 AVERAGE    27

..........................................................


THE CEDAR CITY UT CLIMATE NORMALS FOR TODAY
                         NORMAL    RECORD    YEAR
 MAXIMUM TEMPERATURE (F)   90       101      2003
 MINIMUM TEMPERATURE (F)   56        46      1962


SUNRISE AND SUNSET
JULY 14 2014..........SUNRISE   622 AM MDT   SUNSET   854 PM MDT
JULY 15 2014..........SUNRISE   623 AM MDT   SUNSET   854 PM MDT


-  INDICATES NEGATIVE NUMBERS.
R  INDICATES RECORD WAS SET OR TIED.
MM INDICATES DATA IS MISSING.
T  INDICATES TRACE AMOUNT.




$$
