000
CDUS45 KSLC 220028
CLICDC


CLIMATE REPORT
NATIONAL WEATHER SERVICE SALT LAKE CITY UT
628 PM MDT TUE OCT 21 2014


...................................

...THE CEDAR CITY UT CLIMATE SUMMARY FOR OCTOBER 21 2014...
VALID TODAY AS OF 0500 PM LOCAL TIME.

CLIMATE NORMAL PERIOD 1981 TO 2010
CLIMATE RECORD PERIOD 1928 TO 2014


WEATHER ITEM   OBSERVED TIME   RECORD YEAR NORMAL DEPARTURE LAST
                VALUE   (LST)  VALUE       VALUE  FROM      YEAR
                                                  NORMAL
..................................................................
TEMPERATURE (F)
 TODAY
  MAXIMUM         70    307 PM  82    2003  64      6       66
  MINIMUM         48    650 AM  17    2007  32     16       28
  AVERAGE         59                        48     11       47

PRECIPITATION (IN)
  TODAY            0.00          1.00 2004   0.04  -0.04     0.00
  MONTH TO DATE    0.22                      0.89  -0.67     0.27
  SINCE OCT 1      0.22                      0.89  -0.67     0.27
  SINCE JAN 1      7.90                      9.09  -1.19    13.31

DEGREE DAYS
 HEATING
  TODAY            6                        17    -11       18
  MONTH TO DATE  223                       283    -60      396
  SINCE SEP 1    280                       417   -137      561
  SINCE JUL 1    286                       426   -140      564

 COOLING
  TODAY            0                         0      0        0
  MONTH TO DATE    0                         0      0        0
  SINCE SEP 1     61                        39     22       35
  SINCE JAN 1    607                       588     19      667
..................................................................


WIND (MPH)
  RESULTANT WIND SPEED  11   RESULTANT WIND DIRECTION   S (200)
  HIGHEST WIND SPEED    24   HIGHEST WIND DIRECTION    SW (220)
  HIGHEST GUST SPEED    32   HIGHEST GUST DIRECTION    SW (210)
  AVERAGE WIND SPEED    11.4



WEATHER CONDITIONS
 THE FOLLOWING WEATHER WAS RECORDED TODAY.
  NO SIGNIFICANT WEATHER WAS OBSERVED.


RELATIVE HUMIDITY (PERCENT)
 HIGHEST    71           700 AM
 LOWEST     26           400 PM
 AVERAGE    49

..........................................................


THE CEDAR CITY UT CLIMATE NORMALS FOR TOMORROW
                         NORMAL    RECORD    YEAR
 MAXIMUM TEMPERATURE (F)   63        83      2003
 MINIMUM TEMPERATURE (F)   32        15      1996


SUNRISE AND SUNSET
OCTOBER 21 2014.......SUNRISE   747 AM MDT   SUNSET   647 PM MDT
OCTOBER 22 2014.......SUNRISE   748 AM MDT   SUNSET   646 PM MDT


-  INDICATES NEGATIVE NUMBERS.
R  INDICATES RECORD WAS SET OR TIED.
MM INDICATES DATA IS MISSING.
T  INDICATES TRACE AMOUNT.




$$
