000
CDUS45 KSLC 241243
CLICDC


CLIMATE REPORT
NATIONAL WEATHER SERVICE SALT LAKE CITY UT
643 AM MDT WED MAY 24 2017


...................................

...THE CEDAR CITY UT CLIMATE SUMMARY FOR MAY 23 2017...

CLIMATE NORMAL PERIOD 1981 TO 2010
CLIMATE RECORD PERIOD 1928 TO 2017


WEATHER ITEM   OBSERVED TIME   RECORD YEAR NORMAL DEPARTURE LAST
                VALUE   (LST)  VALUE       VALUE  FROM      YEAR
                                                  NORMAL
..................................................................
TEMPERATURE (F)
 YESTERDAY
  MAXIMUM         83    334 PM  93    2000  75      8       70
  MINIMUM         38    228 AM  32    2010  41     -3       33
  AVERAGE         61                        58      3       52

PRECIPITATION (IN)
  YESTERDAY        0.00          0.65 2009   0.02  -0.02     0.00
  MONTH TO DATE    0.82                      0.56   0.26     0.32
  SINCE OCT 1      8.25                      7.94   0.31     7.93
  SINCE JAN 1      5.42                      4.83   0.59     4.37

DEGREE DAYS
 HEATING
  YESTERDAY        4                         7     -3       13
  MONTH TO DATE  248                       241      7      239
  SINCE MAR 1   1382                      1565   -183     1404
  SINCE JUL 1   5403                      6127   -724     5818

 COOLING
  YESTERDAY        0                         0      0        0
  MONTH TO DATE    0                         0      0        3
  SINCE MAR 1      0                         0      0        3
  SINCE JAN 1      0                         0      0        3
..................................................................


WIND (MPH)
  RESULTANT WIND SPEED   1   RESULTANT WIND DIRECTION   E (70)
  HIGHEST WIND SPEED    13   HIGHEST WIND DIRECTION     N (360)
  HIGHEST GUST SPEED    17   HIGHEST GUST DIRECTION     W (280)
  AVERAGE WIND SPEED     4.5



WEATHER CONDITIONS
 THE FOLLOWING WEATHER WAS RECORDED YESTERDAY.
  NO SIGNIFICANT WEATHER WAS OBSERVED.


RELATIVE HUMIDITY (PERCENT)
 HIGHEST    67           600 AM
 LOWEST     13           400 PM
 AVERAGE    40

..........................................................


THE CEDAR CITY UT CLIMATE NORMALS FOR TODAY
                         NORMAL    RECORD    YEAR
 MAXIMUM TEMPERATURE (F)   75        90      2001
 MINIMUM TEMPERATURE (F)   41        32      2010
                                             1980


SUNRISE AND SUNSET
MAY 24 2017...........SUNRISE   616 AM MDT   SUNSET   843 PM MDT
MAY 25 2017...........SUNRISE   615 AM MDT   SUNSET   844 PM MDT


-  INDICATES NEGATIVE NUMBERS.
R  INDICATES RECORD WAS SET OR TIED.
MM INDICATES DATA IS MISSING.
T  INDICATES TRACE AMOUNT.




$$
