170
CDUS45 KSLC 251226
CLICDC


CLIMATE REPORT
NATIONAL WEATHER SERVICE SALT LAKE CITY UT
625 AM MDT TUE APR 25 2017


...................................

...THE CEDAR CITY UT CLIMATE SUMMARY FOR APRIL 24 2017...

CLIMATE NORMAL PERIOD 1981 TO 2010
CLIMATE RECORD PERIOD 1928 TO 2017


WEATHER ITEM   OBSERVED TIME   RECORD YEAR NORMAL DEPARTURE LAST
                VALUE   (LST)  VALUE       VALUE  FROM      YEAR
                                                  NORMAL
..................................................................
TEMPERATURE (F)
 YESTERDAY
  MAXIMUM         68    244 PM  81    1977  64      4       66
  MINIMUM         33    540 AM  23    1964  34     -1       29
  AVERAGE         51                        49      2       48

PRECIPITATION (IN)
  YESTERDAY        0.00          0.61 1990   0.03  -0.03     0.00
  MONTH TO DATE    0.80                      0.88  -0.08     0.60
  SINCE OCT 1      7.37                      7.20   0.17     6.58
  SINCE JAN 1      4.54                      4.09   0.45     3.02

DEGREE DAYS
 HEATING
  YESTERDAY       14                        16     -2       17
  MONTH TO DATE  411                       463    -52      382
  SINCE MAR 1   1002                      1235   -233     1042
  SINCE JUL 1   5023                      5797   -774     5456

 COOLING
  YESTERDAY        0                         0      0        0
  MONTH TO DATE    0                         0      0        0
  SINCE MAR 1      0                         0      0        0
  SINCE JAN 1      0                         0      0        0
..................................................................


WIND (MPH)
  RESULTANT WIND SPEED   8   RESULTANT WIND DIRECTION  SW (230)
  HIGHEST WIND SPEED    24   HIGHEST WIND DIRECTION     W (280)
  HIGHEST GUST SPEED    34   HIGHEST GUST DIRECTION     W (280)
  AVERAGE WIND SPEED    10.0



WEATHER CONDITIONS
 THE FOLLOWING WEATHER WAS RECORDED YESTERDAY.
  NO SIGNIFICANT WEATHER WAS OBSERVED.


RELATIVE HUMIDITY (PERCENT)
 HIGHEST    82           600 AM
 LOWEST     22           100 PM
 AVERAGE    52

..........................................................


THE CEDAR CITY UT CLIMATE NORMALS FOR TODAY
                         NORMAL    RECORD    YEAR
 MAXIMUM TEMPERATURE (F)   64        77      1953
 MINIMUM TEMPERATURE (F)   34        18      2008


SUNRISE AND SUNSET
APRIL 25 2017.........SUNRISE   644 AM MDT   SUNSET   818 PM MDT
APRIL 26 2017.........SUNRISE   642 AM MDT   SUNSET   818 PM MDT


-  INDICATES NEGATIVE NUMBERS.
R  INDICATES RECORD WAS SET OR TIED.
MM INDICATES DATA IS MISSING.
T  INDICATES TRACE AMOUNT.




$$
