000
CDUS45 KSLC 311233
CLICDC


CLIMATE REPORT
NATIONAL WEATHER SERVICE SALT LAKE CITY UT
632 AM MDT TUE MAY 31 2016


...................................

...THE CEDAR CITY UT CLIMATE SUMMARY FOR MAY 30 2016...

CLIMATE NORMAL PERIOD 1981 TO 2010
CLIMATE RECORD PERIOD 1928 TO 2016


WEATHER ITEM   OBSERVED TIME   RECORD YEAR NORMAL DEPARTURE LAST
                VALUE   (LST)  VALUE       VALUE  FROM      YEAR
                                                  NORMAL
..................................................................
TEMPERATURE (F)
 YESTERDAY
  MAXIMUM         83    235 PM  94    2002  77      6       84
  MINIMUM         39    530 AM  31    2007  43     -4       46
                                      2006
  AVERAGE         61                        60      1       65

PRECIPITATION (IN)
  YESTERDAY        0.00          0.62 1991   0.03  -0.03     0.00
  MONTH TO DATE    0.33                      0.75  -0.42     3.12
  SINCE OCT 1      7.94                      8.13  -0.19     8.94
  SINCE JAN 1      4.38                      5.02  -0.64     6.81

DEGREE DAYS
 HEATING
  YESTERDAY        4                         6     -2        0
  MONTH TO DATE  293                       286      7      332
  SINCE MAR 1   1458                      1610   -152     1500
  SINCE JUL 1   5872                      6172   -300     5338

 COOLING
  YESTERDAY        0                         1     -1        0
  MONTH TO DATE    3                         4     -1        0
  SINCE MAR 1      3                         4     -1        0
  SINCE JAN 1      3                         4     -1        0
..................................................................


WIND (MPH)
  RESULTANT WIND SPEED   3   RESULTANT WIND DIRECTION  NE (50)
  HIGHEST WIND SPEED    30   HIGHEST WIND DIRECTION    SE (120)
  HIGHEST GUST SPEED    37   HIGHEST GUST DIRECTION     E (110)
  AVERAGE WIND SPEED     6.6



WEATHER CONDITIONS
 THE FOLLOWING WEATHER WAS RECORDED YESTERDAY.
  NO SIGNIFICANT WEATHER WAS OBSERVED.


RELATIVE HUMIDITY (PERCENT)
 HIGHEST    76           400 AM
 LOWEST     16           200 PM
 AVERAGE    46

..........................................................


THE CEDAR CITY UT CLIMATE NORMALS FOR TODAY
                         NORMAL    RECORD    YEAR
 MAXIMUM TEMPERATURE (F)   78        93      2002
 MINIMUM TEMPERATURE (F)   43        32      2011
                                             1989


SUNRISE AND SUNSET
MAY 31 2016...........SUNRISE   613 AM MDT   SUNSET   848 PM MDT
JUNE  1 2016..........SUNRISE   612 AM MDT   SUNSET   849 PM MDT


-  INDICATES NEGATIVE NUMBERS.
R  INDICATES RECORD WAS SET OR TIED.
MM INDICATES DATA IS MISSING.
T  INDICATES TRACE AMOUNT.




$$
