000
CDUS45 KSLC 261227
CLICDC


CLIMATE REPORT
NATIONAL WEATHER SERVICE SALT LAKE CITY UT
526 AM MST FRI DEC 26 2014


...................................

...THE CEDAR CITY UT CLIMATE SUMMARY FOR DECEMBER 25 2014...

CLIMATE NORMAL PERIOD 1981 TO 2010
CLIMATE RECORD PERIOD 1928 TO 2014


WEATHER ITEM   OBSERVED TIME   RECORD YEAR NORMAL DEPARTURE LAST
                VALUE   (LST)  VALUE       VALUE  FROM      YEAR
                                                  NORMAL
..................................................................
TEMPERATURE (F)
 YESTERDAY
  MAXIMUM         42   1221 AM  62    1980  41      1       41
  MINIMUM         15    814 PM -16    1962  16     -1       10
  AVERAGE         29                        28      1       26

PRECIPITATION (IN)
  YESTERDAY        0.32          0.39 2008   0.03   0.29     0.00
  MONTH TO DATE    0.76                      0.67   0.09     0.91
  SINCE OCT 1      2.11                      2.94  -0.83     1.94
  SINCE JAN 1      9.79                     11.14  -1.35    14.98

DEGREE DAYS
 HEATING
  YESTERDAY       36                        37     -1       39
  MONTH TO DATE  678                       900   -222     1110
  SINCE DEC 1    678                       900   -222     1110
  SINCE JUL 1   1869                      2342   -473     2638

 COOLING
  YESTERDAY        0                         0      0        0
  MONTH TO DATE    0                         0      0        0
  SINCE DEC 1      0                         0      0        0
  SINCE JAN 1    607                       588     19      667
..................................................................


WIND (MPH)
  RESULTANT WIND SPEED   5   RESULTANT WIND DIRECTION  SW (240)
  HIGHEST WIND SPEED    30   HIGHEST WIND DIRECTION    SW (210)
  HIGHEST GUST SPEED    42   HIGHEST GUST DIRECTION     S (190)
  AVERAGE WIND SPEED     7.9



WEATHER CONDITIONS
 THE FOLLOWING WEATHER WAS RECORDED YESTERDAY.
  HEAVY SNOW
  SNOW
  LIGHT SNOW
  FOG
  FOG W/VISIBILITY <= 1/4 MILE


RELATIVE HUMIDITY (PERCENT)
 HIGHEST    92           500 AM
 LOWEST     38          1200 AM
 AVERAGE    65

..........................................................


THE CEDAR CITY UT CLIMATE NORMALS FOR TODAY
                         NORMAL    RECORD    YEAR
 MAXIMUM TEMPERATURE (F)   41        61      1980
 MINIMUM TEMPERATURE (F)   16       -15      1962


SUNRISE AND SUNSET
DECEMBER 26 2014......SUNRISE   746 AM MST   SUNSET   520 PM MST
DECEMBER 27 2014......SUNRISE   746 AM MST   SUNSET   521 PM MST


-  INDICATES NEGATIVE NUMBERS.
R  INDICATES RECORD WAS SET OR TIED.
MM INDICATES DATA IS MISSING.
T  INDICATES TRACE AMOUNT.




$$
