000
CDUS45 KSLC 231217
CLICDC


CLIMATE REPORT
NATIONAL WEATHER SERVICE SALT LAKE CITY UT
616 AM MDT SAT MAY 23 2015


...................................

...THE CEDAR CITY UT CLIMATE SUMMARY FOR MAY 22 2015...

CLIMATE NORMAL PERIOD 1981 TO 2010
CLIMATE RECORD PERIOD 1928 TO 2015


WEATHER ITEM   OBSERVED TIME   RECORD YEAR NORMAL DEPARTURE LAST
                VALUE   (LST)  VALUE       VALUE  FROM      YEAR
                                                  NORMAL
..................................................................
TEMPERATURE (F)
 YESTERDAY
  MAXIMUM         62   1057 AM  91    1967  75    -13       73
  MINIMUM         43   1159 PM  27    2002  41      2       32
  AVERAGE         53                        58     -5       53

PRECIPITATION (IN)
  YESTERDAY        0.09          0.63 1954   0.03   0.06     0.00
  MONTH TO DATE    2.08                      0.54   1.54     1.38
  SINCE OCT 1      7.90                      7.92  -0.02     5.37
  SINCE JAN 1      5.77                      4.81   0.96     3.43

DEGREE DAYS
 HEATING
  YESTERDAY       12                         8      4       12
  MONTH TO DATE  270                       234     36      238
  SINCE MAR 1   1438                      1558   -120     1472
  SINCE JUL 1   5276                      6120   -844     6059

 COOLING
  YESTERDAY        0                         0      0        0
  MONTH TO DATE    0                         0      0        7
  SINCE MAR 1      0                         0      0        7
  SINCE JAN 1      0                         0      0        7
..................................................................


WIND (MPH)
  RESULTANT WIND SPEED   4   RESULTANT WIND DIRECTION   S (180)
  HIGHEST WIND SPEED    23   HIGHEST WIND DIRECTION     S (180)
  HIGHEST GUST SPEED    33   HIGHEST GUST DIRECTION     S (200)
  AVERAGE WIND SPEED     6.7



WEATHER CONDITIONS
 THE FOLLOWING WEATHER WAS RECORDED YESTERDAY.
  THUNDERSTORM
  RAIN
  LIGHT RAIN
  FOG


RELATIVE HUMIDITY (PERCENT)
 HIGHEST    83           500 PM
 LOWEST     31           900 AM
 AVERAGE    57

..........................................................


THE CEDAR CITY UT CLIMATE NORMALS FOR TODAY
                         NORMAL    RECORD    YEAR
 MAXIMUM TEMPERATURE (F)   75        93      2000
 MINIMUM TEMPERATURE (F)   41        32      2010


SUNRISE AND SUNSET
MAY 23 2015...........SUNRISE   617 AM MDT   SUNSET   842 PM MDT
MAY 24 2015...........SUNRISE   616 AM MDT   SUNSET   843 PM MDT


-  INDICATES NEGATIVE NUMBERS.
R  INDICATES RECORD WAS SET OR TIED.
MM INDICATES DATA IS MISSING.
T  INDICATES TRACE AMOUNT.




$$
