000
CDUS45 KSLC 221230
CLICDC


CLIMATE REPORT
NATIONAL WEATHER SERVICE SALT LAKE CITY UT
629 AM MDT TUE JUL 22 2014


...................................

...THE CEDAR CITY UT CLIMATE SUMMARY FOR JULY 21 2014...

CLIMATE NORMAL PERIOD 1981 TO 2010
CLIMATE RECORD PERIOD 1928 TO 2014


WEATHER ITEM   OBSERVED TIME   RECORD YEAR NORMAL DEPARTURE LAST
                VALUE   (LST)  VALUE       VALUE  FROM      YEAR
                                                  NORMAL
..................................................................
TEMPERATURE (F)
 YESTERDAY
  MAXIMUM         90    244 PM 100    2003  91     -1       94
  MINIMUM         55    516 AM  47    1973  57     -2       62
  AVERAGE         73                        74     -1       78

PRECIPITATION (IN)
  YESTERDAY        0.00          1.10 1970   0.03  -0.03     0.04
  MONTH TO DATE    0.19                      0.48  -0.29     1.58
  SINCE OCT 1      5.56                      9.16  -3.60     8.36
  SINCE JAN 1      3.62                      6.05  -2.43     5.65

DEGREE DAYS
 HEATING
  YESTERDAY        0                         0      0        0
  MONTH TO DATE    0                         0      0        0
  SINCE JUN 1     27                        76    -49       11
  SINCE JUL 1      0                         0      0        0

 COOLING
  YESTERDAY        8                         9     -1       13
  MONTH TO DATE  191                       165     26      226
  SINCE JUN 1    291                       258     33      377
  SINCE JAN 1    316                       266     50      379
..................................................................


WIND (MPH)
  RESULTANT WIND SPEED  10   RESULTANT WIND DIRECTION  SW (210)
  HIGHEST WIND SPEED    24   HIGHEST WIND DIRECTION     S (180)
  HIGHEST GUST SPEED    34   HIGHEST GUST DIRECTION     S (200)
  AVERAGE WIND SPEED    10.0



WEATHER CONDITIONS
 THE FOLLOWING WEATHER WAS RECORDED YESTERDAY.
  NO SIGNIFICANT WEATHER WAS OBSERVED.


RELATIVE HUMIDITY (PERCENT)
 HIGHEST    39           600 AM
 LOWEST      8           300 PM
 AVERAGE    24

..........................................................


THE CEDAR CITY UT CLIMATE NORMALS FOR TODAY
                         NORMAL    RECORD    YEAR
 MAXIMUM TEMPERATURE (F)   91        98      1996
 MINIMUM TEMPERATURE (F)   57        47      1972


SUNRISE AND SUNSET
JULY 22 2014..........SUNRISE   628 AM MDT   SUNSET   849 PM MDT
JULY 23 2014..........SUNRISE   629 AM MDT   SUNSET   849 PM MDT


-  INDICATES NEGATIVE NUMBERS.
R  INDICATES RECORD WAS SET OR TIED.
MM INDICATES DATA IS MISSING.
T  INDICATES TRACE AMOUNT.




$$
