000
CDUS45 KCYS 232123
CLICDR


CLIMATE REPORT
NATIONAL WEATHER SERVICE CHEYENNE WY
323 PM MDT WED APR 23 2014


...................................

...THE CHADRON NE AIRPORT CLIMATE SUMMARY FOR APRIL 23 2014...
VALID AS OF 0300 PM LOCAL TIME.

CLIMATE NORMAL PERIOD 1981 TO 2010
CLIMATE RECORD PERIOD 1895 TO 2014


WEATHER ITEM   OBSERVED TIME   RECORD YEAR NORMAL DEPARTURE LAST
                VALUE   (LST)  VALUE       VALUE  FROM      YEAR
                                                  NORMAL
..................................................................
TEMPERATURE (F)
 TODAY
  MAXIMUM         70    117 PM  89    2012  63      7       39
  MINIMUM         53    510 AM  15    2013  32     21       15
  AVERAGE         62                        47     15       27

PRECIPITATION (IN)
  TODAY            0.00          1.25 1942   0.08  -0.08     0.00
  MONTH TO DATE    0.95                      1.39  -0.44     2.99
  SINCE JAN 1      2.53                      3.59  -1.06     4.53

DEGREE DAYS
 HEATING
  TODAY            3                        18    -15       38
  MONTH TO DATE  420                       492    -72      681
  SINCE MAR 1   1318                      1397    -79     1554
  SINCE JUL 1   6792                      6649    143     6450

 COOLING
  TODAY            0                         0      0        0
  MONTH TO DATE    1                         0      1        0
  SINCE MAR 1      1                         0      1        0
  SINCE JAN 1      1                         0      1        0
..................................................................


WIND (MPH)
  HIGHEST WIND SPEED    33   HIGHEST WIND DIRECTION     W (280)
  HIGHEST GUST SPEED    43   HIGHEST GUST DIRECTION     W (270)
  AVERAGE WIND SPEED    18.1


SKY COVER
  AVERAGE SKY COVER 0.1


WEATHER CONDITIONS
 THE FOLLOWING WEATHER WAS RECORDED TODAY.
  NO SIGNIFICANT WEATHER WAS OBSERVED.


RELATIVE HUMIDITY (PERCENT)
 HIGHEST    72           500 AM
 LOWEST     18           200 PM
 AVERAGE    45

..........................................................


THE CHADRON NE AIRPORT CLIMATE NORMALS FOR TOMORROW
                         NORMAL    RECORD    YEAR
 MAXIMUM TEMPERATURE (F)   63        92      2012
 MINIMUM TEMPERATURE (F)   32        20      1988


SUNRISE AND SUNSET
APRIL 23 2014.........SUNRISE   558 AM MDT   SUNSET   744 PM MDT
APRIL 24 2014.........SUNRISE   557 AM MDT   SUNSET   745 PM MDT


-  INDICATES NEGATIVE NUMBERS.
R  INDICATES RECORD WAS SET OR TIED.
MM INDICATES DATA IS MISSING.
T  INDICATES TRACE AMOUNT.




$$
