000
CDUS44 KLUB 050626
CLICDS


CLIMATE REPORT
NATIONAL WEATHER SERVICE LUBBOCK, TX
125 AM CDT SUN JUL 5 2015


...................................

...THE CHILDRESS CLIMATE SUMMARY FOR JULY 4 2015...

CLIMATE NORMAL PERIOD 1981 TO 2010
CLIMATE RECORD PERIOD 1893 TO 2015


WEATHER ITEM   OBSERVED TIME   RECORD YEAR NORMAL DEPARTURE LAST
                VALUE   (LST)  VALUE       VALUE  FROM      YEAR
                                                  NORMAL
..................................................................
TEMPERATURE (F)
 YESTERDAY
  MAXIMUM         94    451 PM 107    1928  95     -1       92
  MINIMUM         71    558 AM  60    1940  70      1       68
  AVERAGE         83                        83      0       80

PRECIPITATION (IN)
  YESTERDAY        0.00          1.66 2002   0.07  -0.07     0.00
  MONTH TO DATE    0.03                      0.32  -0.29     0.66
  SINCE JUN 1      4.07                      4.27  -0.20     5.38
  SINCE JAN 1     23.67                     12.84  10.83    11.61

SNOWFALL (IN)
  YESTERDAY        0.0          MM      MM   0.0    0.0      0.0
  MONTH TO DATE    0.0                       0.0    0.0      0.0
  SINCE JUN 1      0.0                       0.0    0.0      0.0
  SINCE JUL 1      0.0                       0.0    0.0      0.0
  SNOW DEPTH       0

DEGREE DAYS
 HEATING
  YESTERDAY        0                         0      0        0
  MONTH TO DATE    0                         0      0        0
  SINCE JUN 1      0                         2     -2        0
  SINCE JUL 1      0                         0      0        0

 COOLING
  YESTERDAY       18                        18      0       15
  MONTH TO DATE   69                        70     -1       49
  SINCE JUN 1    528                       491     37      494
  SINCE JAN 1    728                       803    -75      858
..................................................................


WIND (MPH)
  RESULTANT WIND SPEED   6   RESULTANT WIND DIRECTION   S (170)
  HIGHEST WIND SPEED    16   HIGHEST WIND DIRECTION     S (190)
  HIGHEST GUST SPEED    22   HIGHEST GUST DIRECTION     S (190)
  AVERAGE WIND SPEED     7.2


SKY COVER
  AVERAGE SKY COVER 0.1


WEATHER CONDITIONS
 THE FOLLOWING WEATHER WAS RECORDED YESTERDAY.
  NO SIGNIFICANT WEATHER WAS OBSERVED.


RELATIVE HUMIDITY (PERCENT)
 HIGHEST    84           600 AM
 LOWEST     36           500 PM
 AVERAGE    60

..........................................................


THE CHILDRESS CLIMATE NORMALS FOR TODAY
                         NORMAL    RECORD    YEAR
 MAXIMUM TEMPERATURE (F)   95       106      1934
 MINIMUM TEMPERATURE (F)   70        59      1940
                                             1906
                                             1905


SUNRISE AND SUNSET
JULY  5 2015..........SUNRISE   634 AM CDT   SUNSET   857 PM CDT
JULY  6 2015..........SUNRISE   635 AM CDT   SUNSET   857 PM CDT


-  INDICATES NEGATIVE NUMBERS.
R  INDICATES RECORD WAS SET OR TIED.
MM INDICATES DATA IS MISSING.
T  INDICATES TRACE AMOUNT.




$$
