000
CDUS44 KLUB 240631
CLICDS


CLIMATE REPORT
NATIONAL WEATHER SERVICE LUBBOCK, TX
130 AM CDT TUE MAY 24 2016


...................................

...THE CHILDRESS CLIMATE SUMMARY FOR MAY 23 2016...

CLIMATE NORMAL PERIOD 1981 TO 2010
CLIMATE RECORD PERIOD 1893 TO 2016


WEATHER ITEM   OBSERVED TIME   RECORD YEAR NORMAL DEPARTURE LAST
                VALUE   (LST)  VALUE       VALUE  FROM      YEAR
                                                  NORMAL
..................................................................
TEMPERATURE (F)
 YESTERDAY
  MAXIMUM         88    434 PM 111    2000  86      2       76
  MINIMUM         64    234 AM  44    1893  61      3       58
  AVERAGE         76                        73      3       67

PRECIPITATION (IN)
  YESTERDAY        0.17          2.92 2014   0.12   0.05     1.78
  MONTH TO DATE    6.65                      2.14   4.51    11.58
  SINCE MAR 1      9.42                      5.79   3.63    16.95
  SINCE JAN 1     10.67                      7.57   3.10    18.23

SNOWFALL (IN)
  YESTERDAY        0.0          MM      MM   0.0    0.0      0.0
  MONTH TO DATE    0.0                       0.0    0.0      0.0
  SINCE MAR 1      0.0                       0.6   -0.6      2.5
  SINCE JUL 1      7.0                       7.0    0.0      8.0
  SNOW DEPTH       0

DEGREE DAYS
 HEATING
  YESTERDAY        0                         0      0        0
  MONTH TO DATE   62                        27     35       42
  SINCE MAR 1    387                       555   -168      476
  SINCE JUL 1   2555                      3115   -560     2973

 COOLING
  YESTERDAY       11                         9      2        2
  MONTH TO DATE  108                       143    -35       70
  SINCE MAR 1    169                       233    -64      166
  SINCE JAN 1    171                       234    -63      166
..................................................................


WIND (MPH)
  RESULTANT WIND SPEED  14   RESULTANT WIND DIRECTION  SE (150)
  HIGHEST WIND SPEED    22   HIGHEST WIND DIRECTION    SE (150)
  HIGHEST GUST SPEED    33   HIGHEST GUST DIRECTION     S (190)
  AVERAGE WIND SPEED    14.6


SKY COVER
  AVERAGE SKY COVER 0.6


WEATHER CONDITIONS
 THE FOLLOWING WEATHER WAS RECORDED YESTERDAY.
  THUNDERSTORM
  LIGHT RAIN
  FOG
  FOG W/VISIBILITY <= 1/4 MILE


RELATIVE HUMIDITY (PERCENT)
 HIGHEST   100           400 AM
 LOWEST     59           300 PM
 AVERAGE    80

..........................................................


THE CHILDRESS CLIMATE NORMALS FOR TODAY
                         NORMAL    RECORD    YEAR
 MAXIMUM TEMPERATURE (F)   86       111      2000
 MINIMUM TEMPERATURE (F)   61        48      1935
                                             1894


SUNRISE AND SUNSET
MAY 24 2016...........SUNRISE   633 AM CDT   SUNSET   844 PM CDT
MAY 25 2016...........SUNRISE   632 AM CDT   SUNSET   844 PM CDT


-  INDICATES NEGATIVE NUMBERS.
R  INDICATES RECORD WAS SET OR TIED.
MM INDICATES DATA IS MISSING.
T  INDICATES TRACE AMOUNT.




$$
