000
CDUS44 KLUB 190635
CLICDS


CLIMATE REPORT
NATIONAL WEATHER SERVICE LUBBOCK, TX
1234 AM CST FRI DEC 19 2014


...................................

...THE CHILDRESS CLIMATE SUMMARY FOR DECEMBER 18 2014...

CLIMATE NORMAL PERIOD 1981 TO 2010
CLIMATE RECORD PERIOD 1893 TO 2014


WEATHER ITEM   OBSERVED TIME   RECORD YEAR NORMAL DEPARTURE LAST
                VALUE   (LST)  VALUE       VALUE  FROM      YEAR
                                                  NORMAL
..................................................................
TEMPERATURE (F)
 YESTERDAY
  MAXIMUM         45    710 PM  77    1982  54     -9       73
                                      1978
                                      1973
  MINIMUM         39   1254 AM   7    1983  29     10       32
  AVERAGE         42                        41      1       53

PRECIPITATION (IN)
  YESTERDAY        T             1.05 1931   0.03  -0.03     0.00
  MONTH TO DATE    0.15                      0.58  -0.43     0.14
  SINCE DEC 1      0.15                      0.58  -0.43     0.14
  SINCE JAN 1     18.50                     23.59  -5.09    15.28

SNOWFALL (IN)
  YESTERDAY        0.0          MM      MM   0.1   -0.1      0.0
  MONTH TO DATE    0.0                       1.0   -1.0      2.3
  SINCE DEC 1      0.0                       1.0   -1.0      2.3
  SINCE JUL 1      2.0                       1.9    0.1      6.5
  SNOW DEPTH       0

DEGREE DAYS
 HEATING
  YESTERDAY       23                        24     -1       12
  MONTH TO DATE  307                       399    -92      460
  SINCE DEC 1    307                       399    -92      460
  SINCE JUL 1    862                       959    -97     1058

 COOLING
  YESTERDAY        0                         0      0        0
  MONTH TO DATE    0                         0      0        0
  SINCE DEC 1      0                         0      0        0
  SINCE JAN 1   2317                      2207    110     2407
..................................................................


WIND (MPH)
  RESULTANT WIND SPEED   3   RESULTANT WIND DIRECTION  NE (60)
  HIGHEST WIND SPEED    10   HIGHEST WIND DIRECTION     N (10)
  HIGHEST GUST SPEED    13   HIGHEST GUST DIRECTION     E (80)
  AVERAGE WIND SPEED     5.2


SKY COVER
  AVERAGE SKY COVER 1.0


WEATHER CONDITIONS
 THE FOLLOWING WEATHER WAS RECORDED YESTERDAY.
  LIGHT RAIN
  FOG


RELATIVE HUMIDITY (PERCENT)
 HIGHEST   100           100 AM
 LOWEST     70           400 PM
 AVERAGE    85

..........................................................


THE CHILDRESS CLIMATE NORMALS FOR TODAY
                         NORMAL    RECORD    YEAR
 MAXIMUM TEMPERATURE (F)   54        75      2013
                                             1994
 MINIMUM TEMPERATURE (F)   29         8      1996
                                             1983


SUNRISE AND SUNSET
DECEMBER 19 2014......SUNRISE   743 AM CST   SUNSET   534 PM CST
DECEMBER 20 2014......SUNRISE   743 AM CST   SUNSET   534 PM CST


-  INDICATES NEGATIVE NUMBERS.
R  INDICATES RECORD WAS SET OR TIED.
MM INDICATES DATA IS MISSING.
T  INDICATES TRACE AMOUNT.




$$
