000
CDUS44 KLUB 221238
CLICDS

CLIMATE REPORT
NATIONAL WEATHER SERVICE LUBBOCK, TX
129 AM CDT MON SEP 22 2014


...................................

...THE CHILDRESS CLIMATE SUMMARY FOR SEPTEMBER 21 2014...

CLIMATE NORMAL PERIOD 1981 TO 2010
CLIMATE RECORD PERIOD 1893 TO 2014


WEATHER ITEM   OBSERVED TIME   RECORD YEAR NORMAL DEPARTURE LAST
                VALUE   (LST)  VALUE       VALUE  FROM      YEAR
                                                  NORMAL
..................................................................
TEMPERATURE (F)
 YESTERDAY
  MAXIMUM         92    334 PM 102    1977  85      7       81
  MINIMUM         69    251 AM  38    1983  59     10       53
  AVERAGE         81                        72      9       67

PRECIPITATION (IN)
  YESTERDAY        0.01          1.22 1936   0.07  -0.06     0.00
  MONTH TO DATE    1.44                      1.76  -0.32     0.55
  SINCE SEP 1      1.44                      1.76  -0.32     0.55
  SINCE JAN 1     17.05                     18.85  -1.80    13.79

SNOWFALL (IN)
  YESTERDAY        0.0          MM      MM   0.0    0.0      0.0
  MONTH TO DATE    0.0                       0.0    0.0      0.0
  SINCE SEP 1      0.0                       0.0    0.0      0.0
  SINCE JUL 1      0.0                       0.0    0.0      0.0
  SNOW DEPTH       0

DEGREE DAYS
 HEATING
  YESTERDAY        0                         1     -1        0
  MONTH TO DATE   10                         5      5        0
  SINCE SEP 1     10                         5      5        0
  SINCE JUL 1     10                         5      5        0

 COOLING
  YESTERDAY       16                         8      8        2
  MONTH TO DATE  242                       236      6      309
  SINCE SEP 1    242                       236      6      309
  SINCE JAN 1   2101                      2067     34     2240
..................................................................


WIND (MPH)
  RESULTANT WIND SPEED   5   RESULTANT WIND DIRECTION   E (70)
  HIGHEST WIND SPEED    18   HIGHEST WIND DIRECTION    NE (60)
  HIGHEST GUST SPEED    26   HIGHEST GUST DIRECTION    NE (50)
  AVERAGE WIND SPEED     6.9


SKY COVER
  AVERAGE SKY COVER 0.4


WEATHER CONDITIONS
 THE FOLLOWING WEATHER WAS RECORDED YESTERDAY.
  THUNDERSTORM
  FOG
  FOG W/VISIBILITY <= 1/4 MILE


RELATIVE HUMIDITY (PERCENT)
 HIGHEST    97           200 AM
 LOWEST     41           300 PM
 AVERAGE    69

..........................................................


THE CHILDRESS CLIMATE NORMALS FOR TODAY
                         NORMAL    RECORD    YEAR
 MAXIMUM TEMPERATURE (F)   85       101      1977
 MINIMUM TEMPERATURE (F)   59        38      1983


SUNRISE AND SUNSET
SEPTEMBER 22 2014.....SUNRISE   729 AM CDT   SUNSET   738 PM CDT
SEPTEMBER 23 2014.....SUNRISE   730 AM CDT   SUNSET   736 PM CDT


-  INDICATES NEGATIVE NUMBERS.
R  INDICATES RECORD WAS SET OR TIED.
MM INDICATES DATA IS MISSING.
T  INDICATES TRACE AMOUNT.




$$
