138
CDUS44 KLUB 240631
CLICDS


CLIMATE REPORT
NATIONAL WEATHER SERVICE LUBBOCK, TX
1230 AM CST TUE JAN 24 2017


...................................

...THE CHILDRESS CLIMATE SUMMARY FOR JANUARY 23 2017...

CLIMATE NORMAL PERIOD 1981 TO 2010
CLIMATE RECORD PERIOD 1893 TO 2017


WEATHER ITEM   OBSERVED TIME   RECORD YEAR NORMAL DEPARTURE LAST
                VALUE   (LST)  VALUE       VALUE  FROM      YEAR
                                                  NORMAL
..................................................................
TEMPERATURE (F)
 YESTERDAY
  MAXIMUM         74    450 PM  82    1909  55     19       58
  MINIMUM         34    731 AM  -3    1966  29      5       24
  AVERAGE         54                        42     12       41

PRECIPITATION (IN)
  YESTERDAY        0.00          0.36 1949   0.03  -0.03     0.00
  MONTH TO DATE    1.72                      0.49   1.23     0.51
  SINCE DEC 1      3.01                      1.40   1.61     1.36
  SINCE JAN 1      1.72                      0.49   1.23     0.51

SNOWFALL (IN)
  YESTERDAY        0.0          MM      MM   0.1   -0.1      0.0
  MONTH TO DATE    1.5                       2.0   -0.5      1.2
  SINCE DEC 1      1.5                       3.7   -2.2      6.2
  SINCE JUL 1      1.5                       4.6   -3.1      7.0
  SNOW DEPTH       0

DEGREE DAYS
 HEATING
  YESTERDAY       11                        23    -12       24
  MONTH TO DATE  497                       547    -50      597
  SINCE DEC 1   1184                      1260    -76     1188
  SINCE JUL 1   1451                      1820   -369     1641

 COOLING
  YESTERDAY        0                         0      0        0
  MONTH TO DATE    0                         0      0        0
  SINCE DEC 1      0                         0      0        0
  SINCE JAN 1      0                         0      0        0
..................................................................


WIND (MPH)
  RESULTANT WIND SPEED   7   RESULTANT WIND DIRECTION  SW (220)
  HIGHEST WIND SPEED    20   HIGHEST WIND DIRECTION     S (200)
  HIGHEST GUST SPEED    25   HIGHEST GUST DIRECTION    SW (220)
  AVERAGE WIND SPEED     9.4


SKY COVER
  AVERAGE SKY COVER 0.0


WEATHER CONDITIONS
 THE FOLLOWING WEATHER WAS RECORDED YESTERDAY.
  NO SIGNIFICANT WEATHER WAS OBSERVED.


RELATIVE HUMIDITY (PERCENT)
 HIGHEST    82           700 AM
 LOWEST     23           300 PM
 AVERAGE    53

..........................................................


THE CHILDRESS CLIMATE NORMALS FOR TODAY
                         NORMAL    RECORD    YEAR
 MAXIMUM TEMPERATURE (F)   55        85      1950
 MINIMUM TEMPERATURE (F)   29         1      1894


SUNRISE AND SUNSET
JANUARY 24 2017.......SUNRISE   744 AM CST   SUNSET   603 PM CST
JANUARY 25 2017.......SUNRISE   743 AM CST   SUNSET   604 PM CST


-  INDICATES NEGATIVE NUMBERS.
R  INDICATES RECORD WAS SET OR TIED.
MM INDICATES DATA IS MISSING.
T  INDICATES TRACE AMOUNT.




$$
