000
CDUS44 KLUB 210629
CLICDS


CLIMATE REPORT
NATIONAL WEATHER SERVICE LUBBOCK, TX
127 AM CDT MON APR 21 2014


...................................

...THE CHILDRESS CLIMATE SUMMARY FOR APRIL 20 2014...

CLIMATE NORMAL PERIOD 1981 TO 2010
CLIMATE RECORD PERIOD 1893 TO 2014


WEATHER ITEM   OBSERVED TIME   RECORD YEAR NORMAL DEPARTURE LAST
                VALUE   (LST)  VALUE       VALUE  FROM      YEAR
                                                  NORMAL
..................................................................
TEMPERATURE (F)
 YESTERDAY
  MAXIMUM         78    245 PM  98    1999  78      0       76
                                      1904
  MINIMUM         57    838 PM  33    1966  50      7       41
  AVERAGE         68                        64      4       59

PRECIPITATION (IN)
  YESTERDAY        1.44R         0.75 1908   0.07   1.37     0.00
  MONTH TO DATE    1.45                      1.27   0.18     0.90
  SINCE MAR 1      1.91                      2.80  -0.89     0.90
  SINCE JAN 1      2.27                      4.58  -2.31     4.24

SNOWFALL (IN)
  YESTERDAY        0.0                       0.0    0.0      0.0
  MONTH TO DATE    0.0                       0.2   -0.2       T
  SINCE MAR 1      T                         0.6   -0.6       T
  SINCE JUL 1      9.5                       7.0    2.5      5.5

DEGREE DAYS
 HEATING
  YESTERDAY        0                         4     -4        6
  MONTH TO DATE  131                       122      9      211
  SINCE MAR 1    589                       497     92      576
  SINCE JUL 1   3405                      3057    348     2955

 COOLING
  YESTERDAY        3                         3      0        0
  MONTH TO DATE   37                        38     -1       21
  SINCE MAR 1     47                        56     -9       25
  SINCE JAN 1     47                        57    -10       25
..................................................................


WIND (MPH)
  HIGHEST WIND SPEED    37   HIGHEST WIND DIRECTION     N (350)
  HIGHEST GUST SPEED    46   HIGHEST GUST DIRECTION    NW (330)
  AVERAGE WIND SPEED    10.5


SKY COVER
  POSSIBLE SUNSHINE  MM
  AVERAGE SKY COVER 0.8


WEATHER CONDITIONS
 THE FOLLOWING WEATHER WAS RECORDED YESTERDAY.
  THUNDERSTORM
  HEAVY RAIN
  RAIN
  LIGHT RAIN
  HAIL
  FOG


RELATIVE HUMIDITY (PERCENT)
 HIGHEST    97
 LOWEST     40
 AVERAGE    69

..........................................................


THE CHILDRESS CLIMATE NORMALS FOR TODAY
                         NORMAL    RECORD    YEAR
 MAXIMUM TEMPERATURE (F)   78        97      1965
 MINIMUM TEMPERATURE (F)   50        36      1966


SUNRISE AND SUNSET
APRIL 21 2014.........SUNRISE   702 AM CDT   SUNSET   818 PM CDT
APRIL 22 2014.........SUNRISE   701 AM CDT   SUNSET   819 PM CDT


-  INDICATES NEGATIVE NUMBERS.
R  INDICATES RECORD WAS SET OR TIED.
MM INDICATES DATA IS MISSING.
T  INDICATES TRACE AMOUNT.




$$
