000
CDUS44 KLUB 190626
CLICDS


CLIMATE REPORT
NATIONAL WEATHER SERVICE LUBBOCK, TX
1226 AM CST MON FEB 19 2018


...................................

...THE CHILDRESS CLIMATE SUMMARY FOR FEBRUARY 18 2018...

CLIMATE NORMAL PERIOD 1981 TO 2010
CLIMATE RECORD PERIOD 1893 TO 2018


WEATHER ITEM   OBSERVED TIME   RECORD YEAR NORMAL DEPARTURE LAST
                VALUE   (LST)  VALUE       VALUE  FROM      YEAR
                                                  NORMAL
..................................................................
TEMPERATURE (F)
 YESTERDAY
  MAXIMUM         81    534 PM  88    2016  59     22       67
  MINIMUM         35    728 AM   5    1978  33      2       42
  AVERAGE         58                        46     12       55

PRECIPITATION (IN)
  YESTERDAY        0.00          0.70 1946   0.04  -0.04     0.00
  MONTH TO DATE    0.16                      0.66  -0.50     2.50
  SINCE DEC 1      0.20                      2.30  -2.10     5.51
  SINCE JAN 1      0.17                      1.39  -1.22     4.22

SNOWFALL (IN)
  YESTERDAY        0.0          MM      MM   0.1   -0.1      0.0
  MONTH TO DATE    0.0                       0.9   -0.9       T
  SINCE DEC 1      1.0                       5.3   -4.3      1.5
  SINCE JUL 1      1.0                       6.2   -5.2      1.5
  SNOW DEPTH       0

DEGREE DAYS
 HEATING
  YESTERDAY        7                        19    -12       10
  MONTH TO DATE  393                       378     15      268
  SINCE DEC 1   1823                      1821      2     1593
  SINCE JUL 1   2260                      2381   -121     1860

 COOLING
  YESTERDAY        0                         0      0        0
  MONTH TO DATE    6                         0      6       10
  SINCE DEC 1      6                         0      6       10
  SINCE JAN 1      6                         0      6       10
..................................................................


WIND (MPH)
  RESULTANT WIND SPEED  15   RESULTANT WIND DIRECTION   S (200)
  HIGHEST WIND SPEED    35   HIGHEST WIND DIRECTION     S (200)
  HIGHEST GUST SPEED    42   HIGHEST GUST DIRECTION     S (200)
  AVERAGE WIND SPEED    16.2


SKY COVER
  AVERAGE SKY COVER 0.2


WEATHER CONDITIONS
 THE FOLLOWING WEATHER WAS RECORDED YESTERDAY.
  NO SIGNIFICANT WEATHER WAS OBSERVED.


RELATIVE HUMIDITY (PERCENT)
 HIGHEST    82           600 AM
 LOWEST     32           600 PM
 AVERAGE    57

..........................................................


THE CHILDRESS CLIMATE NORMALS FOR TODAY
                         NORMAL    RECORD    YEAR
 MAXIMUM TEMPERATURE (F)   59        83      1986
 MINIMUM TEMPERATURE (F)   33         9      1936


SUNRISE AND SUNSET
FEBRUARY 19 2018......SUNRISE   722 AM CST   SUNSET   628 PM CST
FEBRUARY 20 2018......SUNRISE   721 AM CST   SUNSET   629 PM CST


-  INDICATES NEGATIVE NUMBERS.
R  INDICATES RECORD WAS SET OR TIED.
MM INDICATES DATA IS MISSING.
T  INDICATES TRACE AMOUNT.




$$
