000
CDUS44 KLUB 260629
CLICDS


CLIMATE REPORT
NATIONAL WEATHER SERVICE LUBBOCK, TX
129 AM CDT SUN MAR 26 2017


...................................

...THE CHILDRESS CLIMATE SUMMARY FOR MARCH 25 2017...

CLIMATE NORMAL PERIOD 1981 TO 2010
CLIMATE RECORD PERIOD 1893 TO 2017


WEATHER ITEM   OBSERVED TIME   RECORD YEAR NORMAL DEPARTURE LAST
                VALUE   (LST)  VALUE       VALUE  FROM      YEAR
                                                  NORMAL
..................................................................
TEMPERATURE (F)
 YESTERDAY
  MAXIMUM         75    513 PM  92    1998  70      5       76
                                      1950
  MINIMUM         43    705 AM  21    1955  42      1       35
  AVERAGE         59                        56      3       56

PRECIPITATION (IN)
  YESTERDAY        0.00          0.62 1939   0.05  -0.05     0.00
  MONTH TO DATE    0.02                      1.20  -1.18     0.78
  SINCE MAR 1      0.02                      1.20  -1.18     0.78
  SINCE JAN 1      4.24                      2.98   1.26     2.03

SNOWFALL (IN)
  YESTERDAY        0.0          MM      MM   0.1   -0.1      0.0
  MONTH TO DATE    0.0                       0.4   -0.4      0.0
  SINCE MAR 1      0.0                       0.4   -0.4      0.0
  SINCE JUL 1      1.5                       6.8   -5.3      7.0
  SNOW DEPTH       0

DEGREE DAYS
 HEATING
  YESTERDAY        6                        10     -4        9
  MONTH TO DATE  185                       321   -136      194
  SINCE MAR 1    185                       321   -136      194
  SINCE JUL 1   2133                      2881   -748     2362

 COOLING
  YESTERDAY        0                         1     -1        0
  MONTH TO DATE   56                        10     46       13
  SINCE MAR 1     56                        10     46       13
  SINCE JAN 1     71                        11     60       15
..................................................................


WIND (MPH)
  RESULTANT WIND SPEED   8   RESULTANT WIND DIRECTION  NW (330)
  HIGHEST WIND SPEED    24   HIGHEST WIND DIRECTION     N (350)
  HIGHEST GUST SPEED    33   HIGHEST GUST DIRECTION    NW (320)
  AVERAGE WIND SPEED    11.7


SKY COVER
  AVERAGE SKY COVER 0.1


WEATHER CONDITIONS
 THE FOLLOWING WEATHER WAS RECORDED YESTERDAY.
  NO SIGNIFICANT WEATHER WAS OBSERVED.


RELATIVE HUMIDITY (PERCENT)
 HIGHEST    82           700 AM
 LOWEST     15           500 PM
 AVERAGE    49

..........................................................


THE CHILDRESS CLIMATE NORMALS FOR TODAY
                         NORMAL    RECORD    YEAR
 MAXIMUM TEMPERATURE (F)   71        95      1956
 MINIMUM TEMPERATURE (F)   42        18      1965


SUNRISE AND SUNSET
MARCH 26 2017.........SUNRISE   736 AM CDT   SUNSET   758 PM CDT
MARCH 27 2017.........SUNRISE   735 AM CDT   SUNSET   759 PM CDT


-  INDICATES NEGATIVE NUMBERS.
R  INDICATES RECORD WAS SET OR TIED.
MM INDICATES DATA IS MISSING.
T  INDICATES TRACE AMOUNT.




$$
