000
CDUS46 KEKA 150013
CLICEC


CLIMATE REPORT
NATIONAL WEATHER SERVICE EUREKA CA
413 PM PST THU DEC 14 2017


...................................

...THE CRESCENT CITY CA CLIMATE SUMMARY FOR DECEMBER 14 2017...
VALID TODAY AS OF 0400 PM LOCAL TIME.

CLIMATE NORMAL PERIOD 1981 TO 2010
CLIMATE RECORD PERIOD 1894 TO 2017


WEATHER ITEM   OBSERVED TIME   RECORD YEAR NORMAL DEPARTURE LAST
                VALUE   (LST)  VALUE       VALUE  FROM      YEAR
                                                  NORMAL
..................................................................
TEMPERATURE (F)
 TODAY
  MAXIMUM         58    125 PM  70    1958  54      4       56
  MINIMUM         40    715 AM  29    1967  41     -1       44
  AVERAGE         49                        47      2       50

PRECIPITATION (IN)
  TODAY            0.00          6.01 2016   0.38  -0.38     6.01
  MONTH TO DATE    0.87                      4.32  -3.45    10.77
  SINCE OCT 1     12.15                     18.29  -6.14    42.73
  SINCE JAN 1     62.63                     57.08   5.55    75.51

SNOWFALL (IN)
  TODAY            0.0          MM      MM  MM     MM       MM
  MONTH TO DATE    0.0                      MM     MM        0.0
  SINCE DEC 1      0.0                      MM     MM        0.0
  SINCE JUL 1      0.0                      MM     MM        0.0
  SNOW DEPTH       0

..................................................................


WIND (MPH)
  HIGHEST WIND SPEED    13   HIGHEST WIND DIRECTION    NW (330)
  HIGHEST GUST SPEED    16   HIGHEST GUST DIRECTION    NW (320)
  AVERAGE WIND SPEED     4.9


SKY COVER
  AVERAGE SKY COVER 0.0


WEATHER CONDITIONS
 THE FOLLOWING WEATHER WAS RECORDED TODAY.
  FOG
  HAZE


RELATIVE HUMIDITY (PERCENT)
 HIGHEST    92
 LOWEST     66
 AVERAGE    79

..........................................................


THE CRESCENT CITY CA CLIMATE NORMALS FOR TOMORROW
                         NORMAL    RECORD    YEAR
 MAXIMUM TEMPERATURE (F)   54        80      1980
 MINIMUM TEMPERATURE (F)   41        31      1951


SUNRISE AND SUNSET
DECEMBER 14 2017......SUNRISE   737 AM PST   SUNSET   447 PM PST
DECEMBER 15 2017......SUNRISE   737 AM PST   SUNSET   447 PM PST


-  INDICATES NEGATIVE NUMBERS.
R  INDICATES RECORD WAS SET OR TIED.
MM INDICATES DATA IS MISSING.
T  INDICATES TRACE AMOUNT.




$$
