000
CDUS46 KEKA 261211
CLICEC


CLIMATE REPORT
NATIONAL WEATHER SERVICE EUREKA CA
510 AM PDT TUE SEP 26 2017


...................................

...THE CRESCENT CITY CA CLIMATE SUMMARY FOR SEPTEMBER 25 2017...

CLIMATE NORMAL PERIOD 1981 TO 2010
CLIMATE RECORD PERIOD 1894 TO 2017


WEATHER ITEM   OBSERVED TIME   RECORD YEAR NORMAL DEPARTURE LAST
                VALUE   (LST)  VALUE       VALUE  FROM      YEAR
                                                  NORMAL
..................................................................
TEMPERATURE (F)
 YESTERDAY
  MAXIMUM         66   1105 AM  85    1970  61      5       74
  MINIMUM         47    415 AM  39    1948  48     -1       48
  AVERAGE         57                        55      2       61

PRECIPITATION (IN)
  YESTERDAY        0.00          1.03 1950   0.04  -0.04     0.00
  MONTH TO DATE    1.25                      0.66   0.59      T
  SINCE OCT 1     95.57                     63.76  31.81    67.46
  SINCE JAN 1     50.47                     38.52  11.95    32.78

SNOWFALL (IN)
  YESTERDAY        0.0          MM      MM  MM     MM        0.0
  MONTH TO DATE    0.0                      MM     MM        0.0
  SINCE SEP 1      0.0                      MM     MM        0.0
  SINCE JUL 1      0.0                      MM     MM        0.0
  SNOW DEPTH       0

DEGREE DAYS
 HEATING
  YESTERDAY        8                        10     -2        4
  MONTH TO DATE  167                       231    -64      195
  SINCE SEP 1    167                       231    -64      195
  SINCE JUL 1    665                       751    -86      693

 COOLING
  YESTERDAY        0                         0      0        0
  MONTH TO DATE    6                         0      6        0
  SINCE SEP 1      6                         0      6        0
  SINCE JAN 1      6                         0      6        0
..................................................................


WIND (MPH)
  HIGHEST WIND SPEED    26   HIGHEST WIND DIRECTION     N (340)
  HIGHEST GUST SPEED    36   HIGHEST GUST DIRECTION     N (340)
  AVERAGE WIND SPEED    10.2


SKY COVER
  AVERAGE SKY COVER 0.1


WEATHER CONDITIONS
 THE FOLLOWING WEATHER WAS RECORDED YESTERDAY.
  FOG


RELATIVE HUMIDITY (PERCENT)
 HIGHEST   100
 LOWEST     67
 AVERAGE    84

..........................................................


THE CRESCENT CITY CA CLIMATE NORMALS FOR TODAY
                         NORMAL    RECORD    YEAR
 MAXIMUM TEMPERATURE (F)   61        88      1970
 MINIMUM TEMPERATURE (F)   48        38      1984


SUNRISE AND SUNSET
SEPTEMBER 26 2017.....SUNRISE   709 AM PDT   SUNSET   707 PM PDT
SEPTEMBER 27 2017.....SUNRISE   710 AM PDT   SUNSET   705 PM PDT


-  INDICATES NEGATIVE NUMBERS.
R  INDICATES RECORD WAS SET OR TIED.
MM INDICATES DATA IS MISSING.
T  INDICATES TRACE AMOUNT.




$$
