000
CDUS46 KEKA 171222
CLICEC


CLIMATE REPORT
NATIONAL WEATHER SERVICE EUREKA CA
422 AM PST WED DEC 17 2014


...................................

...THE CRESCENT CITY CA CLIMATE SUMMARY FOR DECEMBER 16 2014...

CLIMATE NORMAL PERIOD 1981 TO 2010
CLIMATE RECORD PERIOD 1894 TO 2014


WEATHER ITEM   OBSERVED TIME   RECORD YEAR NORMAL DEPARTURE LAST
                VALUE   (LST)  VALUE       VALUE  FROM      YEAR
                                                  NORMAL
..................................................................
TEMPERATURE (F)
 YESTERDAY
  MAXIMUM         59   1243 PM  72    1980  54      5       56
  MINIMUM         49   1055 PM  31    2008  41      8       34
                                      1984
  AVERAGE         54                        47      7       45

PRECIPITATION (IN)
  YESTERDAY        0.03          2.32 1982   0.40  -0.37     0.00
  MONTH TO DATE    4.05                      5.10  -1.05     1.27
  SINCE JUL 1     17.78                     20.93  -3.15     8.95
  SINCE JAN 1     42.37                     57.86 -15.49    28.88

SNOWFALL (IN)
  YESTERDAY       MM            MM      MM  MM     MM        0.0
  MONTH TO DATE    0.0                      MM     MM        0.0
  SINCE DEC 1      0.0                      MM     MM        0.0
  SINCE JUL 1      0.0                      MM     MM        0.0
  SNOW DEPTH      MM

DEGREE DAYS
 HEATING
  YESTERDAY       11                        18     -7       20
  MONTH TO DATE  145                       282   -137      360
  SINCE DEC 1    145                       282   -137      360
  SINCE JUL 1   1252                      1899   -647     1952

 COOLING
  YESTERDAY        0                         0      0        0
  MONTH TO DATE    0                         0      0        0
  SINCE DEC 1      0                         0      0        0
  SINCE JAN 1      1                         0      1        4
..................................................................


WIND (MPH)
  HIGHEST WIND SPEED    28   HIGHEST WIND DIRECTION     S (170)
  HIGHEST GUST SPEED    38   HIGHEST GUST DIRECTION     S (160)
  AVERAGE WIND SPEED    15.7


SKY COVER
  AVERAGE SKY COVER 0.8


WEATHER CONDITIONS
 THE FOLLOWING WEATHER WAS RECORDED YESTERDAY.
  LIGHT RAIN


RELATIVE HUMIDITY (PERCENT)
 HIGHEST    83
 LOWEST     57
 AVERAGE    70

..........................................................


THE CRESCENT CITY CA CLIMATE NORMALS FOR TODAY
                         NORMAL    RECORD    YEAR
 MAXIMUM TEMPERATURE (F)   54        67      1954
 MINIMUM TEMPERATURE (F)   41        31      2008
                                             1988


SUNRISE AND SUNSET
DECEMBER 17 2014......SUNRISE   739 AM PST   SUNSET   448 PM PST
DECEMBER 18 2014......SUNRISE   739 AM PST   SUNSET   448 PM PST


-  INDICATES NEGATIVE NUMBERS.
R  INDICATES RECORD WAS SET OR TIED.
MM INDICATES DATA IS MISSING.
T  INDICATES TRACE AMOUNT.




$$
