000
CDUS45 KGJT 012326
CLICEZ


CLIMATE REPORT
NATIONAL WEATHER SERVICE GRAND JUNCTION CO
523 PM MDT FRI AUG 1 2014


...................................

...THE CORTEZ CO CLIMATE SUMMARY FOR AUGUST 1 2014...
VALID TODAY AS OF 0500 PM LOCAL TIME.

CLIMATE NORMAL PERIOD 1981 TO 2010
CLIMATE RECORD PERIOD 9999 TO 9999


WEATHER ITEM   OBSERVED TIME   RECORD YEAR NORMAL DEPARTURE LAST
                VALUE   (LST)  VALUE       VALUE  FROM      YEAR
                                                  NORMAL
..................................................................
TEMPERATURE (F)
 TODAY
  MAXIMUM         87    313 PM  MM      MM  89     -2       85
  MINIMUM         58    545 AM  MM      MM  55      3       63
  AVERAGE         73                        72      1       74

PRECIPITATION (IN)
  TODAY            0.00         MM      MM   0.06  -0.06     0.03
  MONTH TO DATE    0.00                      0.06  -0.06     0.03
  SINCE JUN 1      0.69                      1.83  -1.14     0.97
  SINCE JAN 1      3.68                      6.97  -3.29     4.30

SNOWFALL (IN)
  TODAY           MM            MM      MM  MM     MM       MM
  MONTH TO DATE   MM                        MM     MM       MM
  SINCE JUN 1     MM                        MM     MM       MM
  SINCE JUL 1     MM                        MM     MM       MM
  SNOW DEPTH      MM

DEGREE DAYS
 HEATING
  TODAY            0                         0      0        0
  MONTH TO DATE    0                         0      0        0
  SINCE JUN 1     31                        78    -47       12
  SINCE JUL 1      0                         3     -3        0

 COOLING
  TODAY            8                         7      1        9
  MONTH TO DATE    8                         7      1        9
  SINCE JUN 1    373                       266    107      434
  SINCE JAN 1    389                       271    118      434
..................................................................


WIND (MPH)
  HIGHEST WIND SPEED    18   HIGHEST WIND DIRECTION    NE (30)
  HIGHEST GUST SPEED    27   HIGHEST GUST DIRECTION    NE (40)
  AVERAGE WIND SPEED     4.7


SKY COVER
  POSSIBLE SUNSHINE  MM
  AVERAGE SKY COVER 0.2


WEATHER CONDITIONS
 THE FOLLOWING WEATHER WAS RECORDED TODAY.
  THUNDERSTORM


RELATIVE HUMIDITY (PERCENT)
 HIGHEST    80           500 AM
 LOWEST     32           100 PM
 AVERAGE    56

..........................................................


THE CORTEZ CO CLIMATE NORMALS FOR TOMORROW
                         NORMAL    RECORD    YEAR
 MAXIMUM TEMPERATURE (F)   89        MM        MM
 MINIMUM TEMPERATURE (F)   55        MM        MM


SUNRISE AND SUNSET
AUGUST  1 2014........SUNRISE   619 AM MDT   SUNSET   822 PM MDT
AUGUST  2 2014........SUNRISE   620 AM MDT   SUNSET   821 PM MDT


-  INDICATES NEGATIVE NUMBERS.
R  INDICATES RECORD WAS SET OR TIED.
MM INDICATES DATA IS MISSING.
T  INDICATES TRACE AMOUNT.




$$
