000
CDUS43 KPAH 250627
CLICGI


CLIMATE REPORT
NATIONAL WEATHER SERVICE PADUCAH KY
125 AM CDT THU MAY 25 2017


...................................

...THE CAPE GIRARDEAU MO CLIMATE SUMMARY FOR MAY 24 2017...

CLIMATE NORMAL PERIOD 1981 TO 2010
CLIMATE RECORD PERIOD 1960 TO 2017


WEATHER ITEM   OBSERVED TIME   RECORD YEAR NORMAL DEPARTURE LAST
                VALUE   (LST)  VALUE       VALUE  FROM      YEAR
                                                  NORMAL
..................................................................
TEMPERATURE (F)
 YESTERDAY
  MAXIMUM         69    138 PM  97    1996  80    -11       82
  MINIMUM         53   1128 PM  44    1961  58     -5       61
  AVERAGE         61                        69     -8

PRECIPITATION (IN)
  YESTERDAY        0.01          1.23 1991   0.16  -0.15     0.06
  MONTH TO DATE    4.59                      4.42   0.17     3.39
  SINCE MAR 1     15.68                     13.18   2.50    13.55
  SINCE JAN 1     18.70                     20.06  -1.36    18.33

DEGREE DAYS
 HEATING
  YESTERDAY        4                         1      3        0
  MONTH TO DATE   67                        62      5      100
  SINCE MAR 1    694                       883   -189      679
  SINCE JUL 1   3429                      4380   -951     3571

 COOLING
  YESTERDAY        0                         5     -5        7
  MONTH TO DATE   89                        79     10       42
  SINCE MAR 1    131                       110     21       60
  SINCE JAN 1    131                       110     21       60
..................................................................


WIND (MPH)
  HIGHEST WIND SPEED    21   HIGHEST WIND DIRECTION    NW (330)
  HIGHEST GUST SPEED    25   HIGHEST GUST DIRECTION    NW (320)
  AVERAGE WIND SPEED     9.7


SKY COVER
  AVERAGE SKY COVER 0.6


WEATHER CONDITIONS
 THE FOLLOWING WEATHER WAS RECORDED YESTERDAY.
  NO SIGNIFICANT WEATHER WAS OBSERVED.


RELATIVE HUMIDITY (PERCENT)
 HIGHEST    93
 LOWEST     48
 AVERAGE    71

..........................................................


THE CAPE GIRARDEAU MO CLIMATE NORMALS FOR TODAY
                         NORMAL    RECORD    YEAR
 MAXIMUM TEMPERATURE (F)   80        93      1978
 MINIMUM TEMPERATURE (F)   58        44      2013


SUNRISE AND SUNSET
MAY 25 2017...........SUNRISE   543 AM CDT   SUNSET   808 PM CDT
MAY 26 2017...........SUNRISE   542 AM CDT   SUNSET   809 PM CDT


-  INDICATES NEGATIVE NUMBERS.
R  INDICATES RECORD WAS SET OR TIED.
MM INDICATES DATA IS MISSING.
T  INDICATES TRACE AMOUNT.




$$
