000
CDUS43 KPAH 212130
CLICGI


CLIMATE REPORT
NATIONAL WEATHER SERVICE PADUCAH KY
428 PM CDT THU SEP 21 2017


...................................

...THE CAPE GIRARDEAU MO CLIMATE SUMMARY FOR SEPTEMBER 21 2017...
VALID TODAY AS OF 0400 PM LOCAL TIME.

CLIMATE NORMAL PERIOD 1981 TO 2010
CLIMATE RECORD PERIOD 1960 TO 2017


WEATHER ITEM   OBSERVED TIME   RECORD YEAR NORMAL DEPARTURE LAST
                VALUE   (LST)  VALUE       VALUE  FROM      YEAR
                                                  NORMAL
..................................................................
TEMPERATURE (F)
 TODAY
  MAXIMUM         93    259 PM  94    2010  79     14       87
  MINIMUM         68    612 AM  39    1991  54     14       62
  AVERAGE         81                        67     14

PRECIPITATION (IN)
  TODAY            0.00          1.59 1967   0.11  -0.11     0.00
  MONTH TO DATE    0.73                      2.32  -1.59     5.01
  SINCE SEP 1      0.73                      2.32  -1.59     5.01
  SINCE JAN 1     26.48                     33.37  -6.89    41.71

DEGREE DAYS
 HEATING
  TODAY            0                         2     -2        0
  MONTH TO DATE   14                        15     -1        0
  SINCE SEP 1     14                        15     -1        0
  SINCE JUL 1     14                        16     -2        0

 COOLING
  TODAY           16                         4     12       10
  MONTH TO DATE  121                       136    -15      210
  SINCE SEP 1    121                       136    -15      210
  SINCE JAN 1   1323                      1396    -73     1653
..................................................................


WIND (MPH)
  HIGHEST WIND SPEED    12   HIGHEST WIND DIRECTION    SE (140)
  HIGHEST GUST SPEED    15   HIGHEST GUST DIRECTION     S (160)
  AVERAGE WIND SPEED     5.1


SKY COVER
  AVERAGE SKY COVER 0.2


WEATHER CONDITIONS
 THE FOLLOWING WEATHER WAS RECORDED TODAY.
  FOG


RELATIVE HUMIDITY (PERCENT)
 HIGHEST    97
 LOWEST     44
 AVERAGE    71

..........................................................


THE CAPE GIRARDEAU MO CLIMATE NORMALS FOR TOMORROW
                         NORMAL
 MAXIMUM TEMPERATURE (F)   79
 MINIMUM TEMPERATURE (F)   54


SUNRISE AND SUNSET
SEPTEMBER 21 2017.....SUNRISE   646 AM CDT   SUNSET   656 PM CDT
SEPTEMBER 22 2017.....SUNRISE   646 AM CDT   SUNSET   655 PM CDT


-  INDICATES NEGATIVE NUMBERS.
R  INDICATES RECORD WAS SET OR TIED.
MM INDICATES DATA IS MISSING.
T  INDICATES TRACE AMOUNT.




$$
