000
CDUS43 KPAH 270631
CLICGI


CLIMATE REPORT
NATIONAL WEATHER SERVICE PADUCAH KY
128 AM CDT WED AUG 27 2014


...................................

...THE CAPE GIRARDEAU MO CLIMATE SUMMARY FOR AUGUST 26 2014...

CLIMATE NORMAL PERIOD 1981 TO 2010
CLIMATE RECORD PERIOD 1960 TO 2014


WEATHER ITEM   OBSERVED TIME   RECORD YEAR NORMAL DEPARTURE LAST
                VALUE   (LST)  VALUE       VALUE  FROM      YEAR
                                                  NORMAL
..................................................................
TEMPERATURE (F)
 YESTERDAY
  MAXIMUM         94    328 PM  98    1983  88      6       89
  MINIMUM         70    527 AM  52    2010  64      6       68
  AVERAGE         82                        76      6

PRECIPITATION (IN)
  YESTERDAY        0.00          0.47 1971   0.10  -0.10     0.00
  MONTH TO DATE    2.86                      2.51   0.35     3.53
  SINCE JUN 1     13.28                      9.44   3.84    12.06
  SINCE JAN 1     31.67                     30.54   1.13    28.23

DEGREE DAYS
 HEATING
  YESTERDAY        0                         0      0        0
  MONTH TO DATE    0                         0      0        1
  SINCE JUN 1      0                         4     -4        1
  SINCE JUL 1      0                         0      0        1

 COOLING
  YESTERDAY       17                        11      6       14
  MONTH TO DATE  322                       323     -1      255
  SINCE JUN 1    956                      1057   -101      928
  SINCE JAN 1   1167                      1209    -42     1099
..................................................................


WIND (MPH)
  HIGHEST WIND SPEED     9   HIGHEST WIND DIRECTION     E (80)
  HIGHEST GUST SPEED    12   HIGHEST GUST DIRECTION    NE (60)
  AVERAGE WIND SPEED     3.3


SKY COVER
  AVERAGE SKY COVER 0.1


WEATHER CONDITIONS
 THE FOLLOWING WEATHER WAS RECORDED YESTERDAY.
  FOG
  HAZE


RELATIVE HUMIDITY (PERCENT)
 HIGHEST   100
 LOWEST     52
 AVERAGE    76

..........................................................


THE CAPE GIRARDEAU MO CLIMATE NORMALS FOR TODAY
                         NORMAL    RECORD    YEAR
 MAXIMUM TEMPERATURE (F)   88        99      1983
 MINIMUM TEMPERATURE (F)   64        51      2010


SUNRISE AND SUNSET
AUGUST 27 2014........SUNRISE   625 AM CDT   SUNSET   734 PM CDT
AUGUST 28 2014........SUNRISE   626 AM CDT   SUNSET   733 PM CDT


-  INDICATES NEGATIVE NUMBERS.
R  INDICATES RECORD WAS SET OR TIED.
MM INDICATES DATA IS MISSING.
T  INDICATES TRACE AMOUNT.




$$
