000
CDUS43 KPAH 300634
CLICGI


CLIMATE REPORT
NATIONAL WEATHER SERVICE PADUCAH KY
133 AM CDT THU MAR 30 2017


...................................

...THE CAPE GIRARDEAU MO CLIMATE SUMMARY FOR MARCH 29 2017...

CLIMATE NORMAL PERIOD 1981 TO 2010
CLIMATE RECORD PERIOD 1960 TO 2017


WEATHER ITEM   OBSERVED TIME   RECORD YEAR NORMAL DEPARTURE LAST
                VALUE   (LST)  VALUE       VALUE  FROM      YEAR
                                                  NORMAL
..................................................................
TEMPERATURE (F)
 YESTERDAY
  MAXIMUM         74    244 PM  82    1963  63     11       64
  MINIMUM         46    251 AM  24    1964  40      6       34
  AVERAGE         60                        51      9

PRECIPITATION (IN)
  YESTERDAY        0.01          1.47 1988   0.16  -0.15     0.00
  MONTH TO DATE    2.67                      4.08  -1.41     3.37
  SINCE MAR 1      2.67                      4.08  -1.41     3.37
  SINCE JAN 1      5.69                     10.96  -5.27     8.15

DEGREE DAYS
 HEATING
  YESTERDAY        5                        14     -9       16
  MONTH TO DATE  466                       532    -66      378
  SINCE MAR 1    466                       532    -66      378
  SINCE JUL 1   3201                      4029   -828     3270

 COOLING
  YESTERDAY        0                         0      0        0
  MONTH TO DATE    3                         0      3        0
  SINCE MAR 1      3                         0      3        0
  SINCE JAN 1      3                         0      3        0
..................................................................


WIND (MPH)
  HIGHEST WIND SPEED    21   HIGHEST WIND DIRECTION     E (100)
  HIGHEST GUST SPEED    24   HIGHEST GUST DIRECTION     E (100)
  AVERAGE WIND SPEED     9.2


SKY COVER
  AVERAGE SKY COVER 0.3


WEATHER CONDITIONS
 THE FOLLOWING WEATHER WAS RECORDED YESTERDAY.
  THUNDERSTORM
  LIGHT RAIN
  FOG


RELATIVE HUMIDITY (PERCENT)
 HIGHEST    93
 LOWEST     61
 AVERAGE    77

..........................................................


THE CAPE GIRARDEAU MO CLIMATE NORMALS FOR TODAY
                         NORMAL    RECORD    YEAR
 MAXIMUM TEMPERATURE (F)   63        84      1986
 MINIMUM TEMPERATURE (F)   40        16      1964


SUNRISE AND SUNSET
MARCH 30 2017.........SUNRISE   647 AM CDT   SUNSET   719 PM CDT
MARCH 31 2017.........SUNRISE   645 AM CDT   SUNSET   720 PM CDT


-  INDICATES NEGATIVE NUMBERS.
R  INDICATES RECORD WAS SET OR TIED.
MM INDICATES DATA IS MISSING.
T  INDICATES TRACE AMOUNT.




$$
