000
CDUS43 KPAH 040627
CLICGI


CLIMATE REPORT
NATIONAL WEATHER SERVICE PADUCAH KY
1226 AM CST SUN DEC 4 2016


...................................

...THE CAPE GIRARDEAU MO CLIMATE SUMMARY FOR DECEMBER 3 2016...

CLIMATE NORMAL PERIOD 1981 TO 2010
CLIMATE RECORD PERIOD 1960 TO 2016


WEATHER ITEM   OBSERVED TIME   RECORD YEAR NORMAL DEPARTURE LAST
                VALUE   (LST)  VALUE       VALUE  FROM      YEAR
                                                  NORMAL
..................................................................
TEMPERATURE (F)
 YESTERDAY
  MAXIMUM         44    333 PM  74    1982  49     -5       47
  MINIMUM         33    438 AM  17    1989  30      3       28
  AVERAGE         39                        39      0

PRECIPITATION (IN)
  YESTERDAY        0.09          3.75 1982   0.15  -0.06     0.00
  MONTH TO DATE    0.09                      0.45  -0.36     0.00
  SINCE DEC 1      0.09                      0.45  -0.36     0.00
  SINCE JAN 1     46.24                     43.01   3.23    55.58

DEGREE DAYS
 HEATING
  YESTERDAY       26                        26      0       27
  MONTH TO DATE   77                        76      1       77
  SINCE DEC 1     77                        76      1       77
  SINCE JUL 1    654                       927   -273      727

 COOLING
  YESTERDAY        0                         0      0        0
  MONTH TO DATE    0                         0      0        0
  SINCE DEC 1      0                         0      0        0
  SINCE JAN 1   1798                      1453    345     1531
..................................................................


WIND (MPH)
  HIGHEST WIND SPEED    13   HIGHEST WIND DIRECTION    SE (130)
  HIGHEST GUST SPEED    15   HIGHEST GUST DIRECTION    SE (120)
  AVERAGE WIND SPEED     6.0


SKY COVER
  AVERAGE SKY COVER 0.3


WEATHER CONDITIONS
 THE FOLLOWING WEATHER WAS RECORDED YESTERDAY.
  LIGHT RAIN


RELATIVE HUMIDITY (PERCENT)
 HIGHEST    89
 LOWEST     58
 AVERAGE    74

..........................................................


THE CAPE GIRARDEAU MO CLIMATE NORMALS FOR TODAY
                         NORMAL    RECORD    YEAR
 MAXIMUM TEMPERATURE (F)   48        68      2013
                                             2001
 MINIMUM TEMPERATURE (F)   30        15      2006


SUNRISE AND SUNSET
DECEMBER  4 2016......SUNRISE   657 AM CST   SUNSET   441 PM CST
DECEMBER  5 2016......SUNRISE   658 AM CST   SUNSET   441 PM CST


-  INDICATES NEGATIVE NUMBERS.
R  INDICATES RECORD WAS SET OR TIED.
MM INDICATES DATA IS MISSING.
T  INDICATES TRACE AMOUNT.




$$
