000
CDUS44 KMRX 220836
CLICHA


CLIMATE REPORT
NATIONAL WEATHER SERVICE MORRISTOWN TN
436 AM EDT SAT JUL 22 2017


...................................

...THE CHATTANOOGA  ASOS CLIMATE SUMMARY FOR JULY 21 2017...

CLIMATE NORMAL PERIOD 1981 TO 2010
CLIMATE RECORD PERIOD 1879 TO 2017


WEATHER ITEM   OBSERVED TIME   RECORD YEAR NORMAL DEPARTURE LAST
                VALUE   (LST)  VALUE       VALUE  FROM      YEAR
                                                  NORMAL
..................................................................
TEMPERATURE (F)
 YESTERDAY
  MAXIMUM         96    524 PM 101    1952  90      6      100
  MINIMUM         74    610 AM  60    2009  70      4       76
                                      1944
  AVERAGE         85                        80      5       88

PRECIPITATION (IN)
  YESTERDAY        0.00          2.52 1992   0.15  -0.15     0.03
  MONTH TO DATE    5.09                      3.36   1.73     1.22
  SINCE JUN 1      9.57                      7.41   2.16     2.44
  SINCE JAN 1     38.43                     30.23   8.20    19.68

DEGREE DAYS
 COOLING
  YESTERDAY       20                        15      5       23
  MONTH TO DATE  336                       311     25      391
  SINCE JUN 1    675                       656     19      863
  SINCE JAN 1   1001                       852    149     1139
..................................................................


WIND (MPH)
  HIGHEST WIND SPEED     9   HIGHEST WIND DIRECTION     N (340)
  HIGHEST GUST SPEED    14   HIGHEST GUST DIRECTION    NW (330)
  AVERAGE WIND SPEED     2.6


SKY COVER
  POSSIBLE SUNSHINE  MM
  AVERAGE SKY COVER 0.4


WEATHER CONDITIONS
 THE FOLLOWING WEATHER WAS RECORDED YESTERDAY.
  FOG
  HAZE


RELATIVE HUMIDITY (PERCENT)
 HIGHEST    94           400 AM
 LOWEST     33           500 PM
 AVERAGE    64

..........................................................


THE CHATTANOOGA  ASOS CLIMATE NORMALS FOR TODAY
                         NORMAL    RECORD    YEAR
 MAXIMUM TEMPERATURE (F)   90       103      1952
 MINIMUM TEMPERATURE (F)   70        57      1944


SUNRISE AND SUNSET
JULY 22 2017..........SUNRISE   643 AM EDT   SUNSET   851 PM EDT
JULY 23 2017..........SUNRISE   644 AM EDT   SUNSET   850 PM EDT


-  INDICATES NEGATIVE NUMBERS.
R  INDICATES RECORD WAS SET OR TIED.
MM INDICATES DATA IS MISSING.
T  INDICATES TRACE AMOUNT.




$$
