000
CDUS44 KMRX 250814
CLICHA


CLIMATE REPORT
NATIONAL WEATHER SERVICE MORRISTOWN TN
414 AM EDT THU MAY 25 2017


...................................

...THE CHATTANOOGA  ASOS CLIMATE SUMMARY FOR MAY 24 2017...

CLIMATE NORMAL PERIOD 1981 TO 2010
CLIMATE RECORD PERIOD 1879 TO 2017


WEATHER ITEM   OBSERVED TIME   RECORD YEAR NORMAL DEPARTURE LAST
                VALUE   (LST)  VALUE       VALUE  FROM      YEAR
                                                  NORMAL
..................................................................
TEMPERATURE (F)
 YESTERDAY
  MAXIMUM         76    113 PM  94    1953  82     -6       87
  MINIMUM         57   1115 PM  41    1892  60     -3       54
  AVERAGE         67                        71     -4       71

PRECIPITATION (IN)
  YESTERDAY        0.45          1.33 2001   0.12   0.33     0.00
  MONTH TO DATE    4.31                      3.22   1.09     1.41
  SINCE MAR 1     18.87                     12.19   6.68     6.48
  SINCE JAN 1     27.30                     21.94   5.36    17.22

DEGREE DAYS
 COOLING
  YESTERDAY        2                         6     -4        6
  MONTH TO DATE  148                        98     50      108
  SINCE MAR 1    274                       144    130      187
  SINCE JAN 1    274                       144    130      187
..................................................................


WIND (MPH)
  HIGHEST WIND SPEED    26   HIGHEST WIND DIRECTION    SW (210)
  HIGHEST GUST SPEED    34   HIGHEST GUST DIRECTION    SW (210)
  AVERAGE WIND SPEED     8.2


SKY COVER
  POSSIBLE SUNSHINE  MM
  AVERAGE SKY COVER 0.8


WEATHER CONDITIONS
 THE FOLLOWING WEATHER WAS RECORDED YESTERDAY.
  THUNDERSTORM
  RAIN
  LIGHT RAIN
  FOG


RELATIVE HUMIDITY (PERCENT)
 HIGHEST    93          1200 AM
 LOWEST     53           200 PM
 AVERAGE    73

..........................................................


THE CHATTANOOGA  ASOS CLIMATE NORMALS FOR TODAY
                         NORMAL    RECORD    YEAR
 MAXIMUM TEMPERATURE (F)   82        95      1953
 MINIMUM TEMPERATURE (F)   60        46      1942
                                             1925


SUNRISE AND SUNSET
MAY 25 2017...........SUNRISE   631 AM EDT   SUNSET   845 PM EDT
MAY 26 2017...........SUNRISE   630 AM EDT   SUNSET   846 PM EDT


-  INDICATES NEGATIVE NUMBERS.
R  INDICATES RECORD WAS SET OR TIED.
MM INDICATES DATA IS MISSING.
T  INDICATES TRACE AMOUNT.




$$
