000
CDUS44 KMRX 300824
CLICHA

CLIMATE REPORT
NATIONAL WEATHER SERVICE MORRISTOWN TN
424 AM EDT SAT MAY 30 2015


...................................

...THE CHATTANOOGA CLIMATE SUMMARY FOR MAY 29 2015...

CLIMATE NORMAL PERIOD 1981 TO 2010
CLIMATE RECORD PERIOD 1879 TO 2015


WEATHER ITEM   OBSERVED TIME   RECORD YEAR NORMAL DEPARTURE LAST
                VALUE   (LST)  VALUE       VALUE  FROM      YEAR
                                                  NORMAL
..................................................................
TEMPERATURE (F)
 YESTERDAY
  MAXIMUM         85    141 PM  99    1941  83      2       88
  MINIMUM         66    408 AM  47    1984  61      5       65
  AVERAGE         76                        72      4       77

PRECIPITATION (IN)
  YESTERDAY        0.02          1.82 1952   0.13  -0.11     0.00
  MONTH TO DATE    2.31                      3.84  -1.53     1.84
  SINCE MAR 1     15.79                     12.81   2.98     9.69
  SINCE JAN 1     22.78                     22.56   0.22    17.28

SNOWFALL (IN)
  YESTERDAY        0.0                       0.0    0.0      0.0
  MONTH TO DATE    0.0                       0.0    0.0      0.0
  SINCE MAR 1      0.0                       1.3   -1.3       T
  SINCE JUL 1      9.5                       3.9    5.6      8.4
  SNOW DEPTH       0

DEGREE DAYS
 HEATING
  YESTERDAY        0                         0      0        0
  MONTH TO DATE   13                        38    -25       47
  SINCE MAR 1    428                       616   -188      602
  SINCE JUL 1   3261                      3238     23     3396

 COOLING
  YESTERDAY       11                         7      4       12
  MONTH TO DATE  208                       133     75      194
  SINCE MAR 1    255                       179     76      232
  SINCE JAN 1    255                       179     76      232
..................................................................


WIND (MPH)
  HIGHEST WIND SPEED    22   HIGHEST WIND DIRECTION    SW (210)
  HIGHEST GUST SPEED    30   HIGHEST GUST DIRECTION    SW (210)
  AVERAGE WIND SPEED     3.3


SKY COVER
  POSSIBLE SUNSHINE  MM
  AVERAGE SKY COVER 0.7


WEATHER CONDITIONS
 THE FOLLOWING WEATHER WAS RECORDED YESTERDAY.
  LIGHT RAIN
  FOG


RELATIVE HUMIDITY (PERCENT)
 HIGHEST   100           500 AM
 LOWEST     51           200 PM
 AVERAGE    76

..........................................................


THE CHATTANOOGA  ASOS CLIMATE NORMALS FOR TODAY
                         NORMAL    RECORD    YEAR
 MAXIMUM TEMPERATURE (F)   83        95      1937
 MINIMUM TEMPERATURE (F)   62        41      1889


SUNRISE AND SUNSET
MAY 30 2015...........SUNRISE   629 AM EDT   SUNSET   848 PM EDT
MAY 31 2015...........SUNRISE   628 AM EDT   SUNSET   849 PM EDT


-  INDICATES NEGATIVE NUMBERS.
R  INDICATES RECORD WAS SET OR TIED.
MM INDICATES DATA IS MISSING.
T  INDICATES TRACE AMOUNT.




$$
