000
CDUS44 KMRX 280819
CLICHA


CLIMATE REPORT
NATIONAL WEATHER SERVICE MORRISTOWN TN
419 AM EDT THU JUL 28 2016


...................................

...THE CHATTANOOGA  ASOS CLIMATE SUMMARY FOR JULY 27 2016...

CLIMATE NORMAL PERIOD 1981 TO 2010
CLIMATE RECORD PERIOD 1879 TO 2016


WEATHER ITEM   OBSERVED TIME   RECORD YEAR NORMAL DEPARTURE LAST
                VALUE   (LST)  VALUE       VALUE  FROM      YEAR
                                                  NORMAL
..................................................................
TEMPERATURE (F)
 YESTERDAY
  MAXIMUM         95    345 PM 104    1952  90      5       95
  MINIMUM         75    600 AM  57    1911  70      5       74
  AVERAGE         85                        80      5       85

PRECIPITATION (IN)
  YESTERDAY        0.00          3.23 1976   0.15  -0.15     0.00
  MONTH TO DATE    1.63                      4.32  -2.69     6.18
  SINCE JUN 1      2.85                      8.37  -5.52    10.29
  SINCE JAN 1     20.09                     31.19 -11.10    33.49

DEGREE DAYS
 COOLING
  YESTERDAY       20                        15      5       20
  MONTH TO DATE  518                       401    117      440
  SINCE JUN 1    990                       746    244      881
  SINCE JAN 1   1266                       942    324     1157
..................................................................


WIND (MPH)
  HIGHEST WIND SPEED    20   HIGHEST WIND DIRECTION    SW (210)
  HIGHEST GUST SPEED    25   HIGHEST GUST DIRECTION     S (200)
  AVERAGE WIND SPEED     6.9


SKY COVER
  POSSIBLE SUNSHINE  MM
  AVERAGE SKY COVER 0.4


WEATHER CONDITIONS
 THE FOLLOWING WEATHER WAS RECORDED YESTERDAY.
  NO SIGNIFICANT WEATHER WAS OBSERVED.


RELATIVE HUMIDITY (PERCENT)
 HIGHEST    87           600 AM
 LOWEST     44           300 PM
 AVERAGE    66

..........................................................


THE CHATTANOOGA  ASOS CLIMATE NORMALS FOR TODAY
                         NORMAL    RECORD    YEAR
 MAXIMUM TEMPERATURE (F)   90       106      1952
 MINIMUM TEMPERATURE (F)   70        56      1911


SUNRISE AND SUNSET
JULY 28 2016..........SUNRISE   648 AM EDT   SUNSET   847 PM EDT
JULY 29 2016..........SUNRISE   648 AM EDT   SUNSET   846 PM EDT


-  INDICATES NEGATIVE NUMBERS.
R  INDICATES RECORD WAS SET OR TIED.
MM INDICATES DATA IS MISSING.
T  INDICATES TRACE AMOUNT.




$$
