000
CDUS44 KMRX 280832
CLICHA


CLIMATE REPORT
NATIONAL WEATHER SERVICE MORRISTOWN TN
432 AM EDT FRI AUG 28 2015


...................................

...THE CHATTANOOGA  ASOS CLIMATE SUMMARY FOR AUGUST 27 2015...

CLIMATE NORMAL PERIOD 1981 TO 2010
CLIMATE RECORD PERIOD 1879 TO 2015


WEATHER ITEM   OBSERVED TIME   RECORD YEAR NORMAL DEPARTURE LAST
                VALUE   (LST)  VALUE       VALUE  FROM      YEAR
                                                  NORMAL
..................................................................
TEMPERATURE (F)
 YESTERDAY
  MAXIMUM         85    449 PM 102    1936  89     -4       91
  MINIMUM         66    657 AM  53    1942  68     -2       67
  AVERAGE         76                        78     -2       79

PRECIPITATION (IN)
  YESTERDAY        0.00          1.98 1882   0.10  -0.10     0.00
  MONTH TO DATE    7.09                      3.07   4.02     2.89
  SINCE JUN 1     17.48                     12.03   5.45    10.45
  SINCE JAN 1     40.68                     34.85   5.83    27.74

DEGREE DAYS
 COOLING
  YESTERDAY       11                        13     -2       14
  MONTH TO DATE  368                       395    -27      388
  SINCE JUN 1   1324                      1203    121     1184
  SINCE JAN 1   1600                      1399    201     1442
..................................................................


WIND (MPH)
  HIGHEST WIND SPEED    15   HIGHEST WIND DIRECTION     N (20)
  HIGHEST GUST SPEED    19   HIGHEST GUST DIRECTION     N (10)
  AVERAGE WIND SPEED     8.0


SKY COVER
  POSSIBLE SUNSHINE  MM
  AVERAGE SKY COVER 0.4


WEATHER CONDITIONS
 THE FOLLOWING WEATHER WAS RECORDED YESTERDAY.
  NO SIGNIFICANT WEATHER WAS OBSERVED.


RELATIVE HUMIDITY (PERCENT)
 HIGHEST    73           100 AM
 LOWEST     44           500 PM
 AVERAGE    59

..........................................................


THE CHATTANOOGA  ASOS CLIMATE NORMALS FOR TODAY
                         NORMAL    RECORD    YEAR
 MAXIMUM TEMPERATURE (F)   88       100      1990
                                             1924
 MINIMUM TEMPERATURE (F)   68        56      1927


SUNRISE AND SUNSET
AUGUST 28 2015........SUNRISE   710 AM EDT   SUNSET   813 PM EDT
AUGUST 29 2015........SUNRISE   711 AM EDT   SUNSET   812 PM EDT


-  INDICATES NEGATIVE NUMBERS.
R  INDICATES RECORD WAS SET OR TIED.
MM INDICATES DATA IS MISSING.
T  INDICATES TRACE AMOUNT.




$$
