000
CDUS44 KMRX 040826
CLICHA


CLIMATE REPORT
NATIONAL WEATHER SERVICE MORRISTOWN TN
426 AM EDT WED MAY 4 2016


...................................

...THE CHATTANOOGA  ASOS CLIMATE SUMMARY FOR MAY 3 2016...

CLIMATE NORMAL PERIOD 1981 TO 2010
CLIMATE RECORD PERIOD 1879 TO 2016


WEATHER ITEM   OBSERVED TIME   RECORD YEAR NORMAL DEPARTURE LAST
                VALUE   (LST)  VALUE       VALUE  FROM      YEAR
                                                  NORMAL
..................................................................
TEMPERATURE (F)
 YESTERDAY
  MAXIMUM         76    224 PM  91    1899  77     -1       80
  MINIMUM         60   1159 PM  38    1971  53      7       50
  AVERAGE         68                        65      3       65

PRECIPITATION (IN)
  YESTERDAY        0.14          1.87 1893   0.14   0.00     0.00
  MONTH TO DATE    0.40                      0.43  -0.03     0.00
  SINCE MAR 1      5.47                      9.40  -3.93    13.48
  SINCE JAN 1     16.21                     19.15  -2.94    20.47

DEGREE DAYS
 COOLING
  YESTERDAY        3                         3      0        0
  MONTH TO DATE   17                         7     10        0
  SINCE MAR 1     96                        53     43       47
  SINCE JAN 1     96                        53     43       47
..................................................................


WIND (MPH)
  HIGHEST WIND SPEED    16   HIGHEST WIND DIRECTION    NW (320)
  HIGHEST GUST SPEED    20   HIGHEST GUST DIRECTION    NW (310)
  AVERAGE WIND SPEED     6.9


SKY COVER
  POSSIBLE SUNSHINE  MM
  AVERAGE SKY COVER 0.7


WEATHER CONDITIONS
 THE FOLLOWING WEATHER WAS RECORDED YESTERDAY.
  HEAVY RAIN
  RAIN
  LIGHT RAIN
  FOG


RELATIVE HUMIDITY (PERCENT)
 HIGHEST    93           100 AM
 LOWEST     38           500 PM
 AVERAGE    66

..........................................................


THE CHATTANOOGA  ASOS CLIMATE NORMALS FOR TODAY
                         NORMAL    RECORD    YEAR
 MAXIMUM TEMPERATURE (F)   77        92      1902
 MINIMUM TEMPERATURE (F)   54        34      1971


SUNRISE AND SUNSET
MAY  4 2016...........SUNRISE   646 AM EDT   SUNSET   829 PM EDT
MAY  5 2016...........SUNRISE   645 AM EDT   SUNSET   830 PM EDT


-  INDICATES NEGATIVE NUMBERS.
R  INDICATES RECORD WAS SET OR TIED.
MM INDICATES DATA IS MISSING.
T  INDICATES TRACE AMOUNT.




$$
