000
CDUS44 KMRX 210924
CLICHA

CLIMATE REPORT
NATIONAL WEATHER SERVICE MORRISTOWN TN
422 AM EST SUN DEC 21 2014


...................................

...THE CHATTANOOGA  ASOS CLIMATE SUMMARY FOR DECEMBER 20 2014...

CLIMATE NORMAL PERIOD 1981 TO 2010
CLIMATE RECORD PERIOD 1879 TO 2014


WEATHER ITEM   OBSERVED TIME   RECORD YEAR NORMAL DEPARTURE LAST
                VALUE   (LST)  VALUE       VALUE  FROM      YEAR
                                                  NORMAL
..................................................................
TEMPERATURE (F)
 YESTERDAY
  MAXIMUM         50    420 PM  74    1978  51     -1       63
  MINIMUM         33   1154 PM   8    1901  32      1       36
  AVERAGE         42                        42      0       50

PRECIPITATION (IN)
  YESTERDAY        T             2.66 1951   0.14  -0.14      T
  MONTH TO DATE    1.25                      3.28  -2.03     4.33
  SINCE DEC 1      1.25                      3.28  -2.03     4.33
  SINCE JAN 1     42.13                     50.86  -8.73    65.12

SNOWFALL (IN)
  YESTERDAY        0.0                       0.0    0.0      0.0
  MONTH TO DATE    0.0                       0.1   -0.1      0.0
  SINCE DEC 1      0.0                       0.1   -0.1      0.0
  SINCE JUL 1      T                         0.1   -0.1       T
  SNOW DEPTH       0

DEGREE DAYS
 HEATING
  YESTERDAY       23                        23      0       15
  MONTH TO DATE  376                       430    -54      383
  SINCE DEC 1    376                       430    -54      383
  SINCE JUL 1   1052                      1019     33     1014

 COOLING
  YESTERDAY        0                         0      0        0
  MONTH TO DATE    0                         0      0        4
  SINCE DEC 1      0                         0      0        4
  SINCE JAN 1   1910                      1741    169     1756
..................................................................


WIND (MPH)
  HIGHEST WIND SPEED     8   HIGHEST WIND DIRECTION    NE (30)
  HIGHEST GUST SPEED    10   HIGHEST GUST DIRECTION     N (20)
  AVERAGE WIND SPEED     2.5


SKY COVER
  POSSIBLE SUNSHINE  MM
  AVERAGE SKY COVER  MM


WEATHER CONDITIONS
 THE FOLLOWING WEATHER WAS RECORDED YESTERDAY.
  NO SIGNIFICANT WEATHER WAS OBSERVED.


RELATIVE HUMIDITY (PERCENT)
 HIGHEST    92          1000 PM
 LOWEST     54           200 PM
 AVERAGE    73

..........................................................


THE CHATTANOOGA  ASOS CLIMATE NORMALS FOR TODAY
                         NORMAL    RECORD    YEAR
 MAXIMUM TEMPERATURE (F)   51        72      1967
 MINIMUM TEMPERATURE (F)   32         5      1901


SUNRISE AND SUNSET
DECEMBER 21 2014......SUNRISE   745 AM EST   SUNSET   533 PM EST
DECEMBER 22 2014......SUNRISE   745 AM EST   SUNSET   533 PM EST


-  INDICATES NEGATIVE NUMBERS.
R  INDICATES RECORD WAS SET OR TIED.
MM INDICATES DATA IS MISSING.
T  INDICATES TRACE AMOUNT.


$$
