000
CDUS44 KMRX 160836
CLICHA

MEMCLICHA 000
TTAA00 KMRX 160834


CLIMATE REPORT
NATIONAL WEATHER SERVICE MORRISTOWN TN
434 AM EDT TUE SEP 16 2014


...................................

...THE CHATTANOOGA CLIMATE SUMMARY FOR SEPTEMBER 15 2014...

CLIMATE NORMAL PERIOD 1981 TO 2010
CLIMATE RECORD PERIOD 1879 TO 2014


WEATHER ITEM   OBSERVED TIME   RECORD YEAR NORMAL DEPARTURE LAST
                VALUE   (LST)  VALUE       VALUE  FROM      YEAR
                                                  NORMAL
..................................................................
TEMPERATURE (F)
 YESTERDAY
  MAXIMUM         79    552 PM  97    1991  84     -5       85
                                      1927
  MINIMUM         67    733 AM  46    1985  62      5       58
  AVERAGE         73                        73      0       72

PRECIPITATION (IN)
  YESTERDAY        0.78          2.06 1977   0.14   0.64     0.00
  MONTH TO DATE    2.31                      1.96   0.35     0.31
  SINCE SEP 1      2.31                      1.96   0.35     0.31
  SINCE JAN 1     30.96                     37.22  -6.26    54.51

SNOWFALL (IN)
  YESTERDAY        0.0                       0.0    0.0      0.0
  MONTH TO DATE    0.0                       0.0    0.0      0.0
  SINCE SEP 1      0.0                       0.0    0.0      0.0
  SINCE JUL 1      0.0                       0.0    0.0      0.0
  SNOW DEPTH       0

DEGREE DAYS
 HEATING
  YESTERDAY        0                         0      0        0
  MONTH TO DATE    0                         0      0        0
  SINCE SEP 1      0                         0      0        0
  SINCE JUL 1      0                         0      0        0

 COOLING
  YESTERDAY        8                         8      0        7
  MONTH TO DATE  214                       153     61      193
  SINCE SEP 1    214                       153     61      193
  SINCE JAN 1   1715                      1603    112     1585
..................................................................


WIND (MPH)
  HIGHEST WIND SPEED    13   HIGHEST WIND DIRECTION     N (10)
  HIGHEST GUST SPEED    15   HIGHEST GUST DIRECTION     N (360)
  AVERAGE WIND SPEED     3.5


SKY COVER
  POSSIBLE SUNSHINE  MM
  AVERAGE SKY COVER  MM


WEATHER CONDITIONS
 THE FOLLOWING WEATHER WAS RECORDED YESTERDAY.
  THUNDERSTORM
  HEAVY RAIN
  RAIN
  LIGHT RAIN
  FOG
  HAZE


RELATIVE HUMIDITY (PERCENT)
 HIGHEST    93           500 AM
 LOWEST     69           300 PM
 AVERAGE    81

..........................................................


THE CHATTANOOGA CLIMATE NORMALS FOR TODAY
                         NORMAL    RECORD    YEAR
 MAXIMUM TEMPERATURE (F)   83        96      1991
                                             1927
                                             1897
 MINIMUM TEMPERATURE (F)   62        47      1904


SUNRISE AND SUNSET
SEPTEMBER 16 2014.....SUNRISE   724 AM EDT   SUNSET   746 PM EDT
SEPTEMBER 17 2014.....SUNRISE   725 AM EDT   SUNSET   745 PM EDT


-  INDICATES NEGATIVE NUMBERS.
R  INDICATES RECORD WAS SET OR TIED.
MM INDICATES DATA IS MISSING.
T  INDICATES TRACE AMOUNT.




$$
